000
CXUS53 KICT 010854
CLMCNU
CLIMATE REPORT
NATIONAL WEATHER SERVICE WICHITA KANSAS
354 AM CDT FRI SEP 01 2023
...................................
...THE CHANUTE KS CLIMATE SUMMARY FOR THE MONTH OF AUGUST 2023...
CLIMATE NORMAL PERIOD 1991 TO 2020
CLIMATE RECORD PERIOD 1894 TO 2023
WEATHER OBSERVED NORMAL DEPART LAST YEAR`S
VALUE DATE(S) VALUE FROM VALUE DATE(S)
NORMAL
................................................................
TEMPERATURE (F)
RECORD
HIGH 113 08/09/1936
LOW 45 08/29/1988
08/29/1911
08/27/1910
HIGHEST 106 08/02 106 08/03
LOWEST 59 08/15 55 08/23
08/16
08/28
AVG. MAXIMUM 93.4 91.3 2.1 97.5
AVG. MINIMUM 69.5 67.9 1.6 68.9
MEAN 81.5 79.6 1.9 83.2
DAYS MAX >= 90 21 17.0 4.0 30
DAYS MAX <= 32 0 0.0 0.0 0
DAYS MIN <= 32 0 0.0 0.0 0
DAYS MIN <= 0 0 0.0 0.0 0
PRECIPITATION (INCHES)
RECORD
MAXIMUM 11.44 2005
MINIMUM 0.00 2000
TOTALS 7.12 3.79 3.33 0.87
DAILY AVG. 0.23 0.12 0.11 0.03
DAYS >= .01 6 8.1 -2.1 MM
DAYS >= .10 6 5.0 1.0 MM
DAYS >= .50 4 2.3 1.7 MM
DAYS >= 1.00 2 1.2 0.8 MM
GREATEST
24 HR. TOTAL 2.92 08/13 TO 08/14
DEGREE DAYS
HEATING TOTAL 0 1 -1 0
SINCE 7/1 0 0 0 MM
COOLING TOTAL 520 453 67 572
................................................................
WIND (MPH)
AVERAGE WIND SPEED 6.8
HIGHEST WIND SPEED/DIRECTION 39/300 DATE 08/06
HIGHEST GUST SPEED/DIRECTION 58/290 DATE 08/06
SKY COVER
POSSIBLE SUNSHINE (PERCENT) MM
AVERAGE SKY COVER 0.09
NUMBER OF DAYS FAIR 29
NUMBER OF DAYS PC 2
NUMBER OF DAYS CLOUDY 0
AVERAGE RH (PERCENT) 68
WEATHER CONDITIONS. NUMBER OF DAYS WITH
THUNDERSTORM 9 MIXED PRECIP 0
HEAVY RAIN 6 RAIN 6
LIGHT RAIN 6 FREEZING RAIN 0
LT FREEZING RAIN 0 HAIL 0
HEAVY SNOW 0 SNOW 0
LIGHT SNOW 0 SLEET 0
FOG 11 FOG W/VIS <= 1/4 MILE 2
HAZE 1
- INDICATES NEGATIVE NUMBERS.
R INDICATES RECORD WAS SET OR TIED.
MM INDICATES DATA IS MISSING.
T INDICATES TRACE AMOUNT.
$$