000
CXUS51 KGYX 021512
CF6CON
PRELIMINARY LOCAL CLIMATOLOGICAL DATA (WS FORM: F-6)
STATION: CONCORD NH
MONTH: MAY
YEAR: 2022
LATITUDE: 43 12 N
LONGITUDE: 71 30 W
TEMPERATURE IN F: :PCPN: SNOW: WIND :SUNSHINE: SKY :PK WND
================================================================================
1 2 3 4 5 6A 6B 7 8 9 10 11 12 13 14 15 16 17 18
12Z AVG MX 2MIN
DY MAX MIN AVG DEP HDD CDD WTR SNW DPTH SPD SPD DIR MIN PSBL S-S WX SPD DR
================================================================================
1 71 30 51 -1 14 0 0.00 0.0 0 3.6 13 320 M M 0 16 320
2 59 38 49 -3 16 0 0.44 0.0 0 4.5 12 160 M M 8 1 17 130
3 58 45 52 -1 13 0 0.11 0.0 0 3.4 10 200 M M 9 18 14 200
4 51 45 48 -5 17 0 0.46 0.0 0 2.5 8 320 M M 10 1 14 90
5 69 39 54 1 11 0 0.00 0.0 0 7.7 20 320 M M 1 12 26 290
6 67 40 54 0 11 0 0.00 0.0 0 2.9 12 240 M M 2 15 260
7 55 39 47 -7 18 0 0.00 0.0 0 8.5 18 100 M M 0 25 90
8 60 36 48 -6 17 0 0.00 0.0 0 6.5 17 90 M M 0 24 80
9 69 28 49 -6 16 0 0.00 0.0 0 7.0 21 60 M M 0 27 80
10 70 30 50 -5 15 0 0.00 0.0 0 4.7 16 80 M M 0 22 80
11 78 30 54 -1 11 0 0.00 0.0 0 4.1 12 80 M M 0 18 20
12 83 39 61 5 4 0 0.00 0.0 0 3.8 14 150 M M 0 18 100
13 89 51 70 14 0 5 0.00 0.0 0 5.4 16 190 M M 2 12 21 260
14 91 59 75 19 0 10 T 0.0 0 5.2 18 180 M M 1 26 170
15 80 64 72 16 0 7 0.71 0.0 0 5.2 16 240 M M 8 1 19 240
16 79 59 69 12 0 4 0.54 0.0 0 5.1 25 230 M M 8 13 33 230
17 71 53 62 5 3 0 0.00 0.0 0 13.8 30 260 M M 5 40 260
18 69 45 57 0 8 0 T 0.0 0 10.1 25 320 M M 1 33 310
19 56 45 51 -7 14 0 0.40 0.0 0 3.5 14 170 M M 10 1 19 170
20 69 50 60 2 5 0 0.00 0.0 0 6.1 17 90 M M 7 1 21 130
21 86 54 70 12 0 5 T 0.0 0 3.7 13 160 M M 5 1 17 160
22 93 59 76 17 0 11 0.07 0.0 0 5.5 24 290 M M 2 13 35 290
23 71 49 60 1 5 0 0.00 0.0 0 10.4 20 310 M M 2 29 340
24 70 43 57 -2 8 0 0.00 0.0 0 4.4 13 120 M M 1 19 130
25 76 43 60 1 5 0 0.00 0.0 0 4.1 13 140 M M 1 19 180
26 75 53 64 4 1 0 0.00 0.0 0 9.2 22 180 M M 1 28 180
27 83 61 72 12 0 7 0.00 0.0 0 10.7 20 190 M M 6 26 180
28 77 52 65 5 0 0 0.26 0.0 0 6.6 23 280 M M 6 13 31 290
29 79 46 63 2 2 0 0.00 0.0 0 2.1 13 150 M M 0 16 150
30 88 49 69 8 0 4 0.00 0.0 0 4.2 17 300 M M 0 23 300
31 80 55 68 7 0 3 0.00 0.0 0 6.6 15 150 M M 2 21 290
================================================================================
SM 2272 1429 214 56 2.99 0.0 181.1 M 98
================================================================================
AV 73.3 46.1 5.8 FASTST M M 3 MAX(MPH)
MISC ----> 30 260 40 260
================================================================================
NOTES:
# LAST OF SEVERAL OCCURRENCES
COLUMN 17 PEAK WIND IN M.P.H.
PRELIMINARY LOCAL CLIMATOLOGICAL DATA (WS FORM: F-6) , PAGE 2
STATION: CONCORD NH
MONTH: MAY
YEAR: 2022
LATITUDE: 43 12 N
LONGITUDE: 71 30 W
[TEMPERATURE DATA] [PRECIPITATION DATA] SYMBOLS USED IN COLUMN 16
AVERAGE MONTHLY: 59.7 TOTAL FOR MONTH: 2.99 1 = FOG OR MIST
DPTR FM NORMAL: 3.0 DPTR FM NORMAL: -0.48 2 = FOG REDUCING VISIBILITY
HIGHEST: 93 ON 22 GRTST 24HR 0.94 ON 15-16 TO 1/4 MILE OR LESS
LOWEST: 28 ON 9 3 = THUNDER
SNOW, ICE PELLETS, HAIL 4 = ICE PELLETS
TOTAL MONTH: 0.0 INCH 5 = HAIL
GRTST 24HR 0.0 6 = FREEZING RAIN OR DRIZZLE
GRTST DEPTH: 0 7 = DUSTSTORM OR SANDSTORM:
VSBY 1/2 MILE OR LESS
8 = SMOKE OR HAZE
[NO. OF DAYS WITH] [WEATHER - DAYS WITH] 9 = BLOWING SNOW
X = TORNADO
MAX 32 OR BELOW: 0 0.01 INCH OR MORE: 8
MAX 90 OR ABOVE: 2 0.10 INCH OR MORE: 7
MIN 32 OR BELOW: 4 0.50 INCH OR MORE: 2
MIN 0 OR BELOW: 0 1.00 INCH OR MORE: 0
[HDD (BASE 65) ]
TOTAL THIS MO. 214 CLEAR (SCALE 0-3) 20
DPTR FM NORMAL -64 PTCLDY (SCALE 4-7) 8
TOTAL FM JUL 1 6396 CLOUDY (SCALE 8-10) 3
DPTR FM NORMAL -513
[CDD (BASE 65) ]
TOTAL THIS MO. 56
DPTR FM NORMAL 36 [PRESSURE DATA]
TOTAL FM JAN 1 56 HIGHEST SLP 30.50 ON 10
DPTR FM NORMAL 34 LOWEST SLP 29.48 ON 16
[REMARKS]
#FINAL-05-22#