000
CXUS54 KCRP 020100
CF6COT
PRELIMINARY LOCAL CLIMATOLOGICAL DATA (WS FORM: F-6)
STATION: COTULLA
MONTH: FEBRUARY
YEAR: 2022
LATITUDE: 28 27 N
LONGITUDE: 99 13 W
TEMPERATURE IN F: :PCPN: SNOW: WIND :SUNSHINE: SKY :PK WND
================================================================================
1 2 3 4 5 6A 6B 7 8 9 10 11 12 13 14 15 16 17 18
12Z AVG MX 2MIN
DY MAX MIN AVG DEP HDD CDD WTR SNW DPTH SPD SPD DIR MIN PSBL S-S WX SPD DR
================================================================================
1 81 53 67 9 0 2 0.00 0.0 0 3.9 13 150 M M 4 15 150
2 81 45 63 5 2 0 0.02 0.0 0 10.2 23 20 M M 8 18 30 50
3 45 31 38 -20 27 0 0.15 0.0 0 15.0 23 340 M M 9 18 28 340
4 50 30 40 -19 25 0 0.00 0.0 0 13.4 23 340 M M 5 28 340
5 56 24 40 -19 25 0 0.00 0.0 0 4.7 10 150 M M 0 13 180
6 68 30 49 -10 16 0 0.00 0.0 0 5.0 10 170 M M 0 15 170
7 69 46 58 -1 7 0 0.00 0.0 0 8.3 17 350 M M 1 21 350
8 72 34 53 -7 12 0 0.00 0.0 0 3.5 12 140 M M 0 15 210
9 76 37 57 -3 8 0 0.00 0.0 0 4.8 14 130 M M 0 16 130
10 76 43 60 0 5 0 0.00 0.0 0 4.0 13 130 M M 0 20 120
11 83 43 63 3 2 0 0.00 0.0 0 6.4 14 180 M M 0 20 180
12 67 44 56 -4 9 0 0.00 0.0 0 11.7 29 40 M M 4 18 36 30
13 68 28 48 -13 17 0 0.00 0.0 0 3.3 9 260 M M 0 14 290
14 75 34 55 -6 10 0 0.00 0.0 0 9.1 18 140 M M 0 25 120
15 81 47 64 3 1 0 0.00 0.0 0 11.2 24 150 M M 0 29 130
16 90 60 75 14 0 10 0.00 0.0 0 12.9 23 150 M M 1 31 150
17 85 47 66 4 0 1 0.00 0.0 0 12.7 26 30 M M 1 18 36 40
18 65 40 53 -9 12 0 0.00 0.0 0 9.2 22 360 M M 0 28 360
19 69 45 57 -5 8 0 0.00 0.0 0 8.7 15 130 M M 1 20 110
20 81 48 65 3 0 0 0.00 0.0 0 7.1 22 150 M M 0 27 150
21 91 67 79 17 0 14 0.00 0.0 0 12.3 26 140 M M 3 35 140
22 95 64 80 17 0 15 0.00 0.0 0 8.8 23 90 M M 0 30 90
23 73 36 55 -8 10 0 T 0.0 0 12.1 22 50 M M 10 18 28 40
24 49 36 43 -20 22 0 T 0.0 0 6.7 15 50 M M 10 18 19 60
25 46 38 42 -21 23 0 0.00 0.0 0 8.2 14 30 M M 10 18 360
26 47 38 43 -21 22 0 T 0.0 0 6.4 13 60 M M 10 18 15 60
27 67 43 55 -9 10 0 0.01 0.0 0 7.9 15 10 M M 6 18 22 20
28 74 32 53 -11 12 0 0.00 0.0 0 3.7 14 130 M M 0 16 130
================================================================================
SM 1980 1163 285 42 0.18 0.0 231.2 M 83
================================================================================
AV 70.7 41.5 8.3 FASTST M M 3 MAX(MPH)
MISC ----> 29 40 # 36 30
================================================================================
NOTES:
# LAST OF SEVERAL OCCURRENCES
COLUMN 17 PEAK WIND IN M.P.H.
PRELIMINARY LOCAL CLIMATOLOGICAL DATA (WS FORM: F-6) , PAGE 2
STATION: COTULLA
MONTH: FEBRUARY
YEAR: 2022
LATITUDE: 28 27 N
LONGITUDE: 99 13 W
[TEMPERATURE DATA] [PRECIPITATION DATA] SYMBOLS USED IN COLUMN 16
AVERAGE MONTHLY: 56.1 TOTAL FOR MONTH: 0.18 1 = FOG OR MIST
DPTR FM NORMAL: -4.8 DPTR FM NORMAL: -1.08 2 = FOG REDUCING VISIBILITY
HIGHEST: 95 ON 22 GRTST 24HR 0.17 ON 2- 3 TO 1/4 MILE OR LESS
LOWEST: 24 ON 5 3 = THUNDER
SNOW, ICE PELLETS, HAIL 4 = ICE PELLETS
TOTAL MONTH: 0.0 INCH 5 = HAIL
GRTST 24HR 0.0 6 = FREEZING RAIN OR DRIZZLE
GRTST DEPTH: 0 7 = DUSTSTORM OR SANDSTORM:
VSBY 1/2 MILE OR LESS
8 = SMOKE OR HAZE
[NO. OF DAYS WITH] [WEATHER - DAYS WITH] 9 = BLOWING SNOW
X = TORNADO
MAX 32 OR BELOW: 0 0.01 INCH OR MORE: 3
MAX 90 OR ABOVE: 3 0.10 INCH OR MORE: 1
MIN 32 OR BELOW: 6 0.50 INCH OR MORE: 0
MIN 0 OR BELOW: 0 1.00 INCH OR MORE: 0
[HDD (BASE 65) ]
TOTAL THIS MO. 285 CLEAR (SCALE 0-3) 17
DPTR FM NORMAL 111 PTCLDY (SCALE 4-7) 6
TOTAL FM JUL 1 677 CLOUDY (SCALE 8-10) 5
DPTR FM NORMAL -233
[CDD (BASE 65) ]
TOTAL THIS MO. 42
DPTR FM NORMAL -19 [PRESSURE DATA]
TOTAL FM JAN 1 63 HIGHEST SLP 30.69 ON 4
DPTR FM NORMAL -20 LOWEST SLP 29.65 ON 17
[REMARKS]
#FINAL-02-22#