000
CXUS53 KLSX 011911
CF6COU
PRELIMINARY LOCAL CLIMATOLOGICAL DATA (WS FORM: F-6)
STATION: COLUMBIA ASOS
MONTH: MARCH
YEAR: 2023
LATITUDE: 38 49 N
LONGITUDE: 92 13 W
TEMPERATURE IN F: :PCPN: SNOW: WIND :SUNSHINE: SKY :PK WND
================================================================================
1 2 3 4 5 6A 6B 7 8 9 10 11 12 13 14 15 16 17 18
12Z AVG MX 2MIN
DY MAX MIN AVG DEP HDD CDD WTR SNW DPTH SPD SPD DIR MIN PSBL S-S WX SPD DR
================================================================================
1 64 40 52 12 13 0 0.00 0.0 0 8.9 24 350 M M 0 33 340
2 52 30 41 0 24 0 0.01 0.0 0 12.0 18 80 M M 4 29 70
3 48 37 43 2 22 0 0.41 0.0 0 12.6 26 360 M M 8 1 35 10
4 61 32 47 5 18 0 0.00 0.0 0 6.8 17 240 M M 3 12 24 240
5 69 39 54 12 11 0 0.00 0.0 0 12.8 25 160 M M 2 35 150
6 72 41 57 15 8 0 0.00 0.0 0 12.1 21 10 M M 1 29 10
7 51 39 45 2 20 0 0.20 0.0 0 11.6 22 60 M M 7 28 70
8 44 40 42 -1 23 0 0.64 0.0 0 12.3 21 110 M M 10 1 32 110
9 45 38 42 -1 23 0 0.13 0.0 0 8.6 21 320 M M 10 1 30 300
10 45 34 40 -4 25 0 0.00 0.0 0 9.9 23 310 M M 8 30 310
11 41 32 37 -7 28 0 0.24 0.0 0 10.8 20 120 M M 7 1 28 120
12 46 31 39 -5 26 0 0.00 0.0 0 12.6 24 310 M M 9 1 32 330
13 33 28 31 -14 34 0 0.00 0.0 0 12.7 22 310 M M 10 30 330
14 46 29 38 -7 27 0 0.00 0.0 0 6.0 12 10 M M 5 15 10
15 62 31 47 1 18 0 0.00 0.0 0 14.3 23 160 M M 1 31 150
16 63 34 49 3 16 0 0.28 0.0 0 17.6 29 320 M M 9 1 38 300
17 43 26 35 -11 30 0 0.02 0.3 T 15.3 32 310 M M 3 1 45 320
18 31 18 25 -22 40 0 T T 0 14.8 32 310 M M 5 43 310
19 42 17 30 -17 35 0 0.00 0.0 0 8.6 14 220 M M 0 22 300
20 63 24 44 -3 21 0 0.00 0.0 0 13.8 26 190 M M 0 39 180
21 48 41 45 -3 20 0 0.21 0.0 0 13.1 22 180 M M 10 1 29 170
22 73 43 58 10 7 0 0.02 0.0 0 10.1 18 170 M M 9 13 24 170
23 61 42 52 4 13 0 0.03 0.0 0 10.9 18 20 M M 8 1 24 40
24 46 41 44 -5 21 0 0.45 0.0 0 10.5 20 70 M M 10 1 26 70
25 61 39 50 1 15 0 0.02 0.0 0 9.5 21 300 M M 4 1 28 290
26 61 39 50 0 15 0 0.04 0.0 0 10.5 21 250 M M 3 1 28 260
27 56 37 47 -3 18 0 0.00 0.0 0 7.5 16 360 M M 4 20 10
28 49 35 42 -8 23 0 0.07 0.0 0 8.1 16 300 M M 7 21 340
29 61 30 46 -5 19 0 0.00 0.0 0 7.2 15 190 M M 0 18 210
30 73 40 57 6 8 0 0.02 0.0 0 15.0 37 180 M M 5 56 180
31 82 55 69 18 0 4 0.03 0.0 0 21.7 43 270 M M 5 13 59 270
================================================================================
SM 1692 1082 621 4 2.82 0.3 358.2 M 167
================================================================================
AV 54.6 34.9 11.6 FASTST M M 5 MAX(MPH)
MISC ----> 43 270 59 270
================================================================================
NOTES:
# LAST OF SEVERAL OCCURRENCES
COLUMN 17 PEAK WIND IN M.P.H.
PRELIMINARY LOCAL CLIMATOLOGICAL DATA (WS FORM: F-6) , PAGE 2
STATION: COLUMBIA ASOS
MONTH: MARCH
YEAR: 2023
LATITUDE: 38 49 N
LONGITUDE: 92 13 W
[TEMPERATURE DATA] [PRECIPITATION DATA] SYMBOLS USED IN COLUMN 16
AVERAGE MONTHLY: 44.7 TOTAL FOR MONTH: 2.82 1 = FOG OR MIST
DPTR FM NORMAL: -1.3 DPTR FM NORMAL: -0.15 2 = FOG REDUCING VISIBILITY
HIGHEST: 82 ON 31 GRTST 24HR 0.84 ON 7-8 TO 1/4 MILE OR LESS
LOWEST: 17 ON 19 3 = THUNDER
SNOW, ICE PELLETS, HAIL 4 = ICE PELLETS
TOTAL MONTH: 0.3 INCH 5 = HAIL
GRTST 24HR 0.3 ON 17 6 = FREEZING RAIN OR DRIZZLE
GRTST DEPTH: T 7 = DUSTSTORM OR SANDSTORM:
VSBY 1/2 MILE OR LESS
8 = SMOKE OR HAZE
[NO. OF DAYS WITH] [WEATHER - DAYS WITH] 9 = BLOWING SNOW
X = TORNADO
MAX 32 OR BELOW: 1 0.01 INCH OR MORE: 17
MAX 90 OR ABOVE: 0 0.10 INCH OR MORE: 8
MIN 32 OR BELOW: 12 0.50 INCH OR MORE: 1
MIN 0 OR BELOW: 0 1.00 INCH OR MORE: 0
[HDD (BASE 65) ]
TOTAL THIS MO. 621 CLEAR (SCALE 0-3) 10
DPTR FM NORMAL 25 PTCLDY (SCALE 4-7) 10
TOTAL FM JUL 1 3892 CLOUDY (SCALE 8-10) 11
DPTR FM NORMAL -409
[CDD (BASE 65) ]
TOTAL THIS MO. 4
DPTR FM NORMAL -1 [PRESSURE DATA]
TOTAL FM JAN 1 4 HIGHEST SLP 30.51 ON 19
DPTR FM NORMAL -1 LOWEST SLP 29.33 ON 31
[REMARKS]
#FINAL-03-23#