000
CXUS55 KRIW 011110
CF6CPR
PRELIMINARY LOCAL CLIMATOLOGICAL DATA (WS FORM: F-6)
STATION: CASPER WY
MONTH: NOVEMBER
YEAR: 2021
LATITUDE: 42 55 N
LONGITUDE: 106 28 W
TEMPERATURE IN F: :PCPN: SNOW: WIND :SUNSHINE: SKY :PK WND
================================================================================
1 2 3 4 5 6A 6B 7 8 9 10 11 12 13 14 15 16 17 18
12Z AVG MX 2MIN
DY MAX MIN AVG DEP HDD CDD WTR SNW DPTH SPD SPD DIR MIN PSBL S-S WX SPD DR
================================================================================
1 35 27 31 -8 34 0 T 0.1 T 5.1 13 50 M M 10 1 16 40
2 53 27 40 1 25 0 0.00 0.0 0 4.9 13 230 M M 2 12 17 250
3 56 31 44 5 21 0 0.00 0.0 0 9.0 21 210 M M 2 28 200
4 63 39 51 13 14 0 0.00 0.0 0 19.6 36 220 M M 0 48 210
5 61 36 49 11 16 0 0.00 0.0 0 14.8 30 250 M M 0 39 240
6 65 38 52 14 13 0 0.00 0.0 0 15.2 30 220 M M 0 37 230
7 63 32 48 11 17 0 0.02 0.0 0 11.6 23 260 M M 3 33 260
8 54 33 44 7 21 0 0.15 0.0 0 7.1 16 230 M M 6 1 21 230
9 58 24 41 4 24 0 T 0.0 0 11.4 29 230 M M 3 12 40 230
10 43 26 35 -1 30 0 0.13 0.3 T 6.3 18 350 M M 8 1 24 360
11 43 21 32 -4 33 0 0.00 0.0 0 8.8 18 340 M M 6 24 310
12 50 18 34 -2 31 0 0.00 0.0 0 9.1 24 220 M M 3 30 210
13 61 27 44 9 21 0 T 0.0 0 13.8 26 230 M M 4 35 240
14 57 25 41 6 24 0 0.00 0.0 0 20.0 32 240 M M 1 46 230
15 63 46 55 21 10 0 0.00 0.0 0 19.4 37 210 M M 0 49 210
16 59 23 41 7 24 0 0.00 0.0 0 17.8 32 290 M M 3 48 260
17 35 12 24 -10 41 0 0.00 0.0 0 10.6 21 300 M M 3 30 270
18 48 16 32 -1 33 0 0.00 0.0 0 18.9 36 220 M M 0 47 220
19 55 38 47 14 18 0 0.00 0.0 0 19.3 38 240 M M 5 50 230
20 49 23 36 4 29 0 T 0.0 0 5.5 21 220 M M 5 27 210
21 48 20 34 2 31 0 0.00 0.0 0 13.8 29 220 M M 1 36 220
22 55 37 46 15 19 0 0.00 0.0 0 21.0 33 210 M M 0 47 210
23 58 36 47 16 18 0 0.00 0.0 0 20.9 45 220 M M 1 60 220
24 37 17 27 -4 38 0 0.12 2.2 1 6.4 21 260 M M 8 12 27 270
25 46 17 32 2 33 0 0.00 0.0 1 21.2 32 230 M M 1 44 210
26 49 24 37 7 28 0 0.00 0.0 0 19.0 35 200 M M 1 45 210
27 47 23 35 6 30 0 0.00 0.0 0 5.3 14 230 M M 1 18 220
28 60 31 46 17 19 0 0.00 0.0 0 18.2 33 220 M M 1 43 220
29 61 37 49 21 16 0 0.01 0.0 0 16.3 29 210 M M 1 37 230
30 49 30 40 12 25 0 0.05 0.0 0 15.2 30 240 M M 3 40 210
================================================================================
SM 1581 834 736 0 0.48 2.6 405.5 M 82
================================================================================
AV 52.7 27.8 13.5 FASTST M M 3 MAX(MPH)
MISC ----> 45 220 60 220
================================================================================
NOTES:
# LAST OF SEVERAL OCCURRENCES
COLUMN 17 PEAK WIND IN M.P.H.
PRELIMINARY LOCAL CLIMATOLOGICAL DATA (WS FORM: F-6) , PAGE 2
STATION: CASPER WY
MONTH: NOVEMBER
YEAR: 2021
LATITUDE: 42 55 N
LONGITUDE: 106 28 W
[TEMPERATURE DATA] [PRECIPITATION DATA] SYMBOLS USED IN COLUMN 16
AVERAGE MONTHLY: 40.3 TOTAL FOR MONTH: 0.48 1 = FOG OR MIST
DPTR FM NORMAL: 6.3 DPTR FM NORMAL: -0.16 2 = FOG REDUCING VISIBILITY
HIGHEST: 65 ON 6 GRTST 24HR 0.17 ON 7- 8 TO 1/4 MILE OR LESS
LOWEST: 12 ON 17 3 = THUNDER
SNOW, ICE PELLETS, HAIL 4 = ICE PELLETS
TOTAL MONTH: 3.1 INCHES 5 = HAIL
GRTST 24HR 2.2 ON 24-24 6 = FREEZING RAIN OR DRIZZLE
GRTST DEPTH: 1 ON 25,24 7 = DUSTSTORM OR SANDSTORM:
VSBY 1/2 MILE OR LESS
8 = SMOKE OR HAZE
[NO. OF DAYS WITH] [WEATHER - DAYS WITH] 9 = BLOWING SNOW
X = TORNADO
MAX 32 OR BELOW: 0 0.01 INCH OR MORE: 6
MAX 90 OR ABOVE: 0 0.10 INCH OR MORE: 3
MIN 32 OR BELOW: 21 0.50 INCH OR MORE: 0
MIN 0 OR BELOW: 0 1.00 INCH OR MORE: 0
[HDD (BASE 65) ]
TOTAL THIS MO. 736 CLEAR (SCALE 0-3) 21
DPTR FM NORMAL -196 PTCLDY (SCALE 4-7) 8
TOTAL FM JUL 1 1423 CLOUDY (SCALE 8-10) 1
DPTR FM NORMAL -379
[CDD (BASE 65) ]
TOTAL THIS MO. 0
DPTR FM NORMAL 0 [PRESSURE DATA]
TOTAL FM JAN 1 554 HIGHEST SLP 30.50 ON 24
DPTR FM NORMAL 111 LOWEST SLP 29.56 ON 23
[REMARKS]
#FINAL-11-21#