000
CXUS56 KLOX 011655
CF6CQT
PRELIMINARY LOCAL CLIMATOLOGICAL DATA (WS FORM: F-6)
STATION: DOWNTOWN LOS ANGELES (USC) CA
MONTH: MARCH
YEAR: 2020
LATITUDE: 34 1 N
LONGITUDE: 118 17 W
TEMPERATURE IN F: :PCPN: SNOW: WIND :SUNSHINE: SKY :PK WND
================================================================================
1 2 3 4 5 6A 6B 7 8 9 10 11 12 13 14 15 16 17 18
12Z AVG MX 2MIN
DY MAX MIN AVG DEP HDD CDD WTR SNW DPTH SPD SPD DIR MIN PSBL S-S WX SPD DR
================================================================================
1 63 54 59 -1 6 0 0.01 0.0 0 2.6 12 260 M M 8 8 19 270
2 74 50 62 2 3 0 T 0.0 0 3.0 12 10 M M 1 20 30
3 82 56 69 9 0 4 0.00 0.0 0 1.2 7 260 M M 0 12 270
4 75 58 67 7 0 2 0.00 0.0 0 1.3 9 260 M M 2 8 17 270
5 75 58 67 7 0 2 0.00 0.0 0 1.4 9 270 M M 4 8 14 280
6 72 57 65 5 0 0 0.00 0.0 0 1.5 9 260 M M 4 18 15 260
7 67 57 62 2 3 0 T 0.0 0 1.6 12 260 M M 9 19 260
8 67 52 60 0 5 0 0.01 0.0 M 1.8 9 270 M M 1 15 260
9 75 53 64 4 1 0 0.04 0.0 0 2.5 12 160 M M 1 22 160
10 67 59 63 3 2 0 0.25 0.0 0 4.8 15 80 M M 9 8 22 80
11 73 60 67 7 0 2 0.00 0.0 0 2.3 9 270 M M 4 14 270
12 64 56 60 0 5 0 1.30 0.0 0 1.4 10 350 M M 6 1 17 350
13 60 55 58 -2 7 0 0.50 0.0 0 0.9 7 100 M M 10 18 9 90
14 61 57 59 -1 6 0 0.26 0.0 0 1.0 7 270 M M 10 18 10 260
15 65 54 60 0 5 0 0.05 0.0 0 2.3 10 270 M M 9 1 16 260
16 65 52 59 -2 6 0 0.38 0.0 0 2.9 13 140 M M 9 23 140
17 63 47 55 -6 10 0 T M 0 1.6 10 270 M M 4 14 270
18 65 48 57 -4 8 0 0.00 0.0 0 1.9 10 260 M M 0 20 270
19 64 51 58 -3 7 0 T 0.0 0 2.5 10 270 M M 7 19 280
20 66 54 60 -1 5 0 T 0.0 0 2.8 8 100 M M 5 12 110
21 69 55 62 1 3 0 0.01 0.0 0 1.8 10 270 M M 5 17 260
22 74 53 64 3 1 0 1.51 0.0 0 1.5 12 100 M M 5 1 16 90
23 67 55 61 0 4 0 0.03 0.0 0 2.3 12 260 M M 3 1 17 260
24 66 52 59 -2 6 0 T 0.0 0 2.6 10 260 M M 4 8 18 280
25 66 54 60 -1 5 0 0.00 0.0 0 2.7 12 270 M M 6 19 250
26 64 49 57 -4 8 0 0.00 0.0 0 3.5 16 270 M M 0 26 270
27 67 50 59 -2 6 0 0.00 0.0 0 2.9 12 260 M M 0 20 280
28 68 54 61 0 4 0 0.00 0.0 0 2.7 9 260 M M 1 15 280
29 69 54 62 1 3 0 0.00 0.0 0 3.3 13 270 M M 1 21 260
30 75 54 65 4 0 0 0.00 0.0 0 1.9 10 260 M M 0 17 260
31 78 56 67 5 0 2 0.00 0.0 0 1.6 9 270 M M 0 13 280
================================================================================
SM 2126 1674 119 12 4.35 0.0 68.1 M 128
================================================================================
AV 68.6 54.0 2.2 FASTST M M 4 MAX(MPH)
MISC ----> # 16 270 # 26 270
================================================================================
NOTES:
# LAST OF SEVERAL OCCURRENCES
COLUMN 17 PEAK WIND IN M.P.H.
PRELIMINARY LOCAL CLIMATOLOGICAL DATA (WS FORM: F-6) , PAGE 2
STATION: DOWNTOWN LOS ANGELES (USC) CA
MONTH: MARCH
YEAR: 2020
LATITUDE: 34 1 N
LONGITUDE: 118 17 W
[TEMPERATURE DATA] [PRECIPITATION DATA] SYMBOLS USED IN COLUMN 16
AVERAGE MONTHLY: 61.3 TOTAL FOR MONTH: 4.35 1 = FOG OR MIST
DPTR FM NORMAL: 0.7 DPTR FM NORMAL: 1.92 2 = FOG REDUCING VISIBILITY
HIGHEST: 82 ON 3 GRTST 24HR 1.51 ON 22-22 TO 1/4 MILE OR LESS
LOWEST: 47 ON 17 3 = THUNDER
SNOW, ICE PELLETS, HAIL 4 = ICE PELLETS
TOTAL MONTH: 0.0 INCH 5 = HAIL
GRTST 24HR 0.0 6 = FREEZING RAIN OR DRIZZLE
GRTST DEPTH: 0 7 = DUSTSTORM OR SANDSTORM:
VSBY 1/2 MILE OR LESS
8 = SMOKE OR HAZE
[NO. OF DAYS WITH] [WEATHER - DAYS WITH] 9 = BLOWING SNOW
X = TORNADO
MAX 32 OR BELOW: 0 0.01 INCH OR MORE: 12
MAX 90 OR ABOVE: 0 0.10 INCH OR MORE: 6
MIN 32 OR BELOW: 0 0.50 INCH OR MORE: 3
MIN 0 OR BELOW: 0 1.00 INCH OR MORE: 2
[HDD (BASE 65) ]
TOTAL THIS MO. 119 CLEAR (SCALE 0-3) 12
DPTR FM NORMAL -38 PTCLDY (SCALE 4-7) 13
TOTAL FM JUL 1 584 CLOUDY (SCALE 8-10) 6
DPTR FM NORMAL -348
[CDD (BASE 65) ]
TOTAL THIS MO. 12
DPTR FM NORMAL -8 [PRESSURE DATA]
TOTAL FM JAN 1 59 HIGHEST SLP 30.24 ON 30
DPTR FM NORMAL 16 LOWEST SLP 29.74 ON 18
[REMARKS]
#FINAL-03-20#