000
CXUS52 KILM 011851
CLMCRE
CLIMATE REPORT
NATIONAL WEATHER SERVICE WILMINGTON NC
251 PM EDT MON MAY 01 2023
...................................
...THE N.MYRTLE BEACH SOUTH CAROLINA CLIMATE SUMMARY FOR THE MONTH OF APRIL 2023...
CLIMATE NORMAL PERIOD 1991 TO 2020
CLIMATE RECORD PERIOD 1931 TO 2023
WEATHER OBSERVED NORMAL DEPART LAST YEAR`S
VALUE DATE(S) VALUE FROM VALUE DATE(S)
NORMAL
................................................................
TEMPERATURE (F)
RECORD
HIGH 92 04/22/2002
04/21/2002
04/26/1990
LOW 28 04/16/1950
HIGHEST 81 04/20 MM MM 78 04/01
04/28
04/06
LOWEST 41 04/11 MM MM 38 04/10
AVG. MAXIMUM 73.2 71.8 1.4 72.0
AVG. MINIMUM 54.7 53.3 1.4 52.2
MEAN 63.9 62.5 1.4 62.1
DAYS MAX >= 90 0 0.2 -0.2 0
DAYS MAX <= 32 0 0.0 0.0 0
DAYS MIN <= 32 0 0.1 -0.1 0
DAYS MIN <= 0 0 0.0 0.0 0
PRECIPITATION (INCHES)
RECORD
MAXIMUM 7.32 1961
MINIMUM 0.12 1995
TOTALS 4.80 2.77 2.03 3.01
DAILY AVG. 0.16 0.09 0.07
DAYS >= .01 13 8.4 4.6
DAYS >= .10 7 4.5 2.5
DAYS >= .50 4 2.2 1.8
DAYS >= 1.00 1 0.8 0.2
GREATEST
24 HR. TOTAL 1.58 04/08 TO 04/09
DEGREE DAYS
HEATING TOTAL 85 123 -38 115
SINCE 7/1 1921 2323 -402
COOLING TOTAL 62 50 12 36
SINCE 1/1 105 60 45
FREEZE DATES
RECORD
EARLIEST MM
LATEST MM
EARLIEST 01/01
LATEST 03/29
................................................................
WIND (MPH)
AVERAGE WIND SPEED 8.8
RESULTANT WIND SPEED/DIRECTION 2/170
HIGHEST WIND SPEED/DIRECTION 35/200 DATE 04/30
HIGHEST GUST SPEED/DIRECTION 46/240 DATE 04/30
SKY COVER
AVERAGE SKY COVER 0.30
AVERAGE RH (PERCENT) 73
WEATHER CONDITIONS. NUMBER OF DAYS WITH
THUNDERSTORM 4 MIXED PRECIP MM
HEAVY RAIN 5 RAIN 9
LIGHT RAIN 15 FREEZING RAIN 0
LT FREEZING RAIN 0 HAIL MM
HEAVY SNOW 0 SNOW 0
LIGHT SNOW 0 SLEET MM
FOG 18 FOG W/VIS <= 1/4 MILE 4
HAZE 0
- INDICATES NEGATIVE NUMBERS.
R INDICATES RECORD WAS SET OR TIED.
MM INDICATES DATA IS MISSING.
T INDICATES TRACE AMOUNT.
$$