000
CXUS54 KFWD 010730
CF6CRS
PRELIMINARY LOCAL CLIMATOLOGICAL DATA (WS FORM: F-6)
STATION: CORSICANA
MONTH: MAY
YEAR: 2022
LATITUDE: 32 1 N
LONGITUDE: 96 24 W
TEMPERATURE IN F: :PCPN: SNOW: WIND :SUNSHINE: SKY :PK WND
================================================================================
1 2 3 4 5 6A 6B 7 8 9 10 11 12 13 14 15 16 17 18
12Z AVG MX 2MIN
DY MAX MIN AVG DEP HDD CDD WTR SNW DPTH SPD SPD DIR MIN PSBL S-S WX SPD DR
================================================================================
1 85 64 75 5 0 10 0.00 M M 8.1 17 170 M M 3 22 160
2 87 73 80 10 0 15 0.00 M M 15.9 25 190 M M 6 37 180
3 76 62 69 -1 0 4 0.15 M M 9.1 22 170 M M 10 1 29 180
4 88 62 75 5 0 10 0.00 M M 11.7 22 160 M M 6 128 30 150
5 77 60 69 -2 0 4 0.30 M M 6.5 23 250 M M 5 123 33 260
6 84 55 70 -1 0 5 0.00 M M 4.1 10 130 M M 0 12 16 140
7 90 69 80 9 0 15 T M M 10.8 18 150 M M 4 18 25 150
8 92 75 84 12 0 19 0.00 M M 15.0 24 170 M M 3 18 32 160
9 91 76 84 12 0 19 0.00 M M 15.9 24 160 M M 5 8 31 160
10 91 74 83 11 0 18 0.00 M M 12.5 21 160 M M 4 1 32 160
11 89 71 80 7 0 15 0.00 M M 8.8 17 160 M M 2 1 22 130
12 90 68 79 6 0 14 0.00 M M 11.1 20 160 M M 1 1 25 160
13 89 66 78 5 0 13 0.00 M M 10.5 18 170 M M 1 24 150
14 90 70 80 6 0 15 0.00 M M 8.2 24 210 M M 1 38 210
15 91 69 80 6 0 15 T M M 11.4 26 10 M M 0 8 42 30
16 90 67 79 5 0 14 0.00 M M 6.7 20 80 M M 1 3 29 80
17 92 70 81 7 0 16 0.00 M M 11.4 21 180 M M 0 28 170
18 94 72 83 8 0 18 0.00 M M 15.7 24 170 M M 1 33 180
19 92 73 83 8 0 18 0.00 M M 17.3 28 170 M M 2 36 160
20 94 74 84 9 0 19 0.00 M M 17.7 28 170 M M 4 8 38 170
21 94 61 78 2 0 13 0.28 M M 13.3 31 260 M M 8 138 43 260
22 71 60 66 -10 0 1 0.02 M M 8.8 22 260 M M 9 31 250
23 82 63 73 -3 0 8 0.00 M M 7.3 20 110 M M 6 1 26 110
24 85 62 74 -3 0 9 0.62 M M 10.4 41 300 M M 6 13 53 300
25 76 58 67 -10 0 2 0.46 M M 11.9 24 280 M M 4 13 32 310
26 91 56 74 -3 0 9 0.00 M M 9.2 25 290 M M 0 35 300
27 91 60 76 -1 0 11 0.00 M M 3.8 10 120 M M 0 15 110
28 92 63 78 0 0 13 0.00 M M 12.3 22 170 M M 0 28 170
29 92 70 81 3 0 16 0.00 M M 16.2 25 150 M M 2 34 180
30 92 74 83 5 0 18 0.00 M M 17.9 26 170 M M 4 35 160
31 93 75 84 6 0 19 0.00 M M 12.7 22 170 M M 4 29 170
================================================================================
SM 2731 2072 0 395 1.83 M 352.2 M 102
================================================================================
AV 88.1 66.8 11.4 FASTST M M 3 MAX(MPH)
MISC ----> 41 300 53 300
================================================================================
NOTES:
# LAST OF SEVERAL OCCURRENCES
COLUMN 17 PEAK WIND IN M.P.H.
PRELIMINARY LOCAL CLIMATOLOGICAL DATA (WS FORM: F-6) , PAGE 2
STATION: CORSICANA
MONTH: MAY
YEAR: 2022
LATITUDE: 32 1 N
LONGITUDE: 96 24 W
[TEMPERATURE DATA] [PRECIPITATION DATA] SYMBOLS USED IN COLUMN 16
AVERAGE MONTHLY: 77.5 TOTAL FOR MONTH: 1.83 1 = FOG OR MIST
DPTR FM NORMAL: 3.4 DPTR FM NORMAL: -2.59 2 = FOG REDUCING VISIBILITY
HIGHEST: 94 ON 21,20 GRTST 24HR 1.08 ON 24-25 TO 1/4 MILE OR LESS
LOWEST: 55 ON 6 3 = THUNDER
SNOW, ICE PELLETS, HAIL 4 = ICE PELLETS
TOTAL MONTH: M 5 = HAIL
GRTST 24HR M ON M 6 = FREEZING RAIN OR DRIZZLE
GRTST DEPTH: M ON M 7 = DUSTSTORM OR SANDSTORM:
VSBY 1/2 MILE OR LESS
8 = SMOKE OR HAZE
[NO. OF DAYS WITH] [WEATHER - DAYS WITH] 9 = BLOWING SNOW
X = TORNADO
MAX 32 OR BELOW: 0 0.01 INCH OR MORE: 6
MAX 90 OR ABOVE: 19 0.10 INCH OR MORE: 5
MIN 32 OR BELOW: 0 0.50 INCH OR MORE: 1
MIN 0 OR BELOW: 0 1.00 INCH OR MORE: 0
[HDD (BASE 65) ]
TOTAL THIS MO. 0 CLEAR (SCALE 0-3) 14
DPTR FM NORMAL -7 PTCLDY (SCALE 4-7) 15
TOTAL FM JUL 1 1723 CLOUDY (SCALE 8-10) 2
DPTR FM NORMAL -296
[CDD (BASE 65) ]
TOTAL THIS MO. 395
DPTR FM NORMAL 106 [PRESSURE DATA]
TOTAL FM JAN 1 586 HIGHEST SLP M ON M
DPTR FM NORMAL 137 LOWEST SLP 29.59 ON 20
[REMARKS]
#FINAL-05-22#