000
CXUS51 KRLX 010938
CF6CRW
PRELIMINARY LOCAL CLIMATOLOGICAL DATA (WS FORM: F-6)
STATION: CHARLESTON WV
MONTH: NOVEMBER
YEAR: 2022
LATITUDE: 38 22 N
LONGITUDE: 81 36 W
TEMPERATURE IN F: :PCPN: SNOW: WIND :SUNSHINE: SKY :PK WND
================================================================================
1 2 3 4 5 6A 6B 7 8 9 10 11 12 13 14 15 16 17 18
12Z AVG MX 2MIN
DY MAX MIN AVG DEP HDD CDD WTR SNW DPTH SPD SPD DIR MIN PSBL S-S WX SPD DR
================================================================================
1 65 51 58 7 7 0 T 0.0 0 3.3 9 310 M M 8 14 320
2 65 46 56 5 9 0 0.00 0.0 0 1.1 6 70 M M 7 12 8 30
3 75 44 60 10 5 0 0.00 0.0 0 0.9 9 140 M M 2 1 12 150
4 77 50 64 14 1 0 0.00 0.0 0 5.0 15 150 M M 1 21 140
5 83 52 68 18 0 3 0.06 0.0 0 6.5 24 200 M M 5 31 180
6 79 60 70 21 0 5 T 0.0 0 3.6 18 220 M M 7 24 280
7 75 50 63 14 2 0 0.01 0.0 0 3.9 14 330 M M 4 17 330
8 65 43 54 5 11 0 0.00 0.0 0 5.8 13 20 M M 2 17 30
9 72 33 53 5 12 0 0.00 0.0 0 2.8 15 180 M M 0 20 180
10 71 41 56 8 9 0 T 0.0 0 4.3 20 150 M M 4 26 160
11 63 56 60 12 5 0 1.34 0.0 0 5.6 18 250 M M 10 12 25 310
12 57 35 46 -1 19 0 0.13 0.0 0 5.6 15 300 M M 10 1 23 300
13 37 29 33 -14 32 0 0.01 T 0 5.1 13 280 M M 9 14 20 280
14 46 26 36 -11 29 0 T T 0 2.3 15 80 M M 3 12 21 80
15 43 30 37 -9 28 0 0.62 0.0 0 2.3 10 250 M M 8 1 14 240
16 44 34 39 -7 26 0 0.03 T 0 8.4 17 240 M M 10 14 27 290
17 35 28 32 -14 33 0 0.02 0.2 T 8.0 15 240 M M 8 12 22 260
18 36 25 31 -15 34 0 T T 0 7.1 16 250 M M 7 18 24 240
19 39 24 32 -13 33 0 0.00 0.0 0 7.6 17 240 M M 2 24 240
20 36 22 29 -16 36 0 T T 0 5.8 18 320 M M 2 28 310
21 50 17 34 -11 31 0 0.00 0.0 0 2.9 15 250 M M 0 21 230
22 56 21 39 -5 26 0 0.00 0.0 0 1.4 10 210 M M 0 14 250
23 60 23 42 -2 23 0 0.00 0.0 0 0.5 7 210 M M 0 9 220
24 67 27 47 3 18 0 0.00 0.0 0 1.3 10 240 M M 2 14 250
25 56 35 46 2 19 0 0.07 0.0 0 4.6 12 330 M M 7 1 17 320
26 58 28 43 0 22 0 0.00 0.0 0 0.3 6 30 M M 6 12 6 70
27 71 41 56 13 9 0 0.21 0.0 0 8.8 28 230 M M 8 1 41 200
28 53 41 47 4 18 0 0.02 0.0 0 4.0 21 260 M M 10 1 32 250
29 63 32 48 6 17 0 0.00 0.0 0 4.5 16 150 M M 7 1 23 160
30 61 34 48 6 17 0 0.37 0.0 0 11.9 29 280 M M 6 1 49 290
================================================================================
SM 1758 1078 531 8 2.89 0.2 135.2 M 155
================================================================================
AV 58.6 35.9 4.5 FASTST M M 5 MAX(MPH)
MISC ----> 29 280 49 290
================================================================================
NOTES:
# LAST OF SEVERAL OCCURRENCES
COLUMN 17 PEAK WIND IN M.P.H.
PRELIMINARY LOCAL CLIMATOLOGICAL DATA (WS FORM: F-6) , PAGE 2
STATION: CHARLESTON WV
MONTH: NOVEMBER
YEAR: 2022
LATITUDE: 38 22 N
LONGITUDE: 81 36 W
[TEMPERATURE DATA] [PRECIPITATION DATA] SYMBOLS USED IN COLUMN 16
AVERAGE MONTHLY: 47.3 TOTAL FOR MONTH: 2.89 1 = FOG OR MIST
DPTR FM NORMAL: 0.9 DPTR FM NORMAL: -0.31 2 = FOG REDUCING VISIBILITY
HIGHEST: 83 ON 5 GRTST 24HR 1.34 ON 11-11 TO 1/4 MILE OR LESS
LOWEST: 17 ON 21 3 = THUNDER
SNOW, ICE PELLETS, HAIL 4 = ICE PELLETS
TOTAL MONTH: 0.2 INCH 5 = HAIL
GRTST 24HR 0.2 ON 17-17 6 = FREEZING RAIN OR DRIZZLE
GRTST DEPTH: T 7 = DUSTSTORM OR SANDSTORM:
VSBY 1/2 MILE OR LESS
8 = SMOKE OR HAZE
[NO. OF DAYS WITH] [WEATHER - DAYS WITH] 9 = BLOWING SNOW
X = TORNADO
MAX 32 OR BELOW: 0 0.01 INCH OR MORE: 12
MAX 90 OR ABOVE: 0 0.10 INCH OR MORE: 5
MIN 32 OR BELOW: 13 0.50 INCH OR MORE: 2
MIN 0 OR BELOW: 0 1.00 INCH OR MORE: 1
[HDD (BASE 65) ]
TOTAL THIS MO. 531 CLEAR (SCALE 0-3) 11
DPTR FM NORMAL -27 PTCLDY (SCALE 4-7) 13
TOTAL FM JUL 1 955 CLOUDY (SCALE 8-10) 6
DPTR FM NORMAL 79
[CDD (BASE 65) ]
TOTAL THIS MO. 8
DPTR FM NORMAL 6 [PRESSURE DATA]
TOTAL FM JAN 1 1157 HIGHEST SLP 30.57 ON 8
DPTR FM NORMAL -3 LOWEST SLP 29.41 ON 27
[REMARKS]
#FINAL-11-22#