000
CXUS55 KOHX 061336
CF6CSV
PRELIMINARY LOCAL CLIMATOLOGICAL DATA (WS FORM: F-6)
STATION: CROSSVILLE
MONTH: JANUARY
YEAR: 2023
LATITUDE: 35 57 N
LONGITUDE: 85 5 W
TEMPERATURE IN F: :PCPN: SNOW: WIND :SUNSHINE: SKY :PK WND
================================================================================
1 2 3 4 5 6A 6B 7 8 9 10 11 12 13 14 15 16 17 18
12Z AVG MX 2MIN
DY MAX MIN AVG DEP HDD CDD WTR SNW DPTH SPD SPD DIR MIN PSBL S-S WX SPD DR
================================================================================
1 62 44 53 17 12 0 0.01 M M 4.2 15 260 M M 5 12 22 260
2 65 52 59 23 6 0 0.00 M M 6.7 16 180 M M 8 8 28 180
3 66 56 61 25 4 0 0.78 M M 9.3 30 280 M M 9 138 42 290
4 59 54 57 21 8 0 0.44 M M 8.0 21 270 M M 4 38 30 240
5 49 30 40 4 25 0 0.00 M M 7.8 25 270 M M 2 32 270
6 45 27 36 0 29 0 0.00 M M 4.0 15 280 M M 0 21 270
7 45 34 40 5 25 0 0.06 M M 2.7 7 180 M M 9 1 13 150
8 50 40 45 10 20 0 0.04 M M 6.7 15 280 M M 10 13 22 270
9 49 29 39 4 26 0 0.00 M M 4.6 12 40 M M 5 1 16 330
10 54 27 41 6 24 0 0.00 M M 3.0 15 260 M M 0 1 22 270
11 57 40 49 14 16 0 0.00 M M 6.1 14 180 M M 8 18 23 170
12 60 38 49 14 16 0 0.95 M M 9.2 29 310 M M 8 13 45 310
13 38 28 33 -2 32 0 0.02 M M 11.4 21 320 M M 10 1 31 330
14 30 20 25 -10 40 0 T M M 7.9 17 350 M M 7 1 26 340
15 47 19 33 -2 32 0 0.00 M M 2.7 9 110 M M 0 15 110
16 51 26 39 4 26 0 0.22 M M 5.1 13 200 M M 4 1 22 170
17 59 45 52 17 13 0 0.49 M M 5.7 15 260 M M 7 1 25 270
18 61 37 49 14 16 0 0.00 M M 7.0 17 180 M M 9 12 32 200
19 63 39 51 16 14 0 0.44 M M 13.1 28 260 M M 4 1 41 240
20 45 28 37 2 28 0 0.00 M M 8.5 20 270 M M 4 26 260
21 50 23 37 2 28 0 0.00 M M 3.6 10 180 M M 1 1 19 190
22 44 34 39 4 26 0 0.26 M M 6.1 14 180 M M 10 1 23 160
23 39 25 32 -3 33 0 T M M 7.0 17 300 M M 6 18 26 290
24 48 21 35 0 30 0 T M M 3.6 14 110 M M 2 24 100
25 53 33 43 8 22 0 0.92 M M 12.3 22 270 M M 9 1 37 160
26 34 28 31 -4 34 0 0.02 M M 10.8 20 280 M M 10 18 30 290
27 45 22 34 -2 31 0 0.00 M M 6.2 20 260 M M 2 29 260
28 53 30 42 6 23 0 T M M 6.0 14 180 M M 2 25 200
29 47 38 43 7 22 0 0.98 M M 6.1 14 180 M M 10 1 25 180
30 58 45 52 16 13 0 0.12 M M 3.4 13 270 M M 9 12 17 270
31 47 32 40 4 25 0 0.38 M M 4.6 12 20 M M 10 12 16 340
================================================================================
SM 1573 1044 699 0 6.13 M 203.4 M 184
================================================================================
AV 50.7 33.7 6.6 FASTST M M 6 MAX(MPH)
MISC ----> 30 280 45 310
================================================================================
NOTES:
# LAST OF SEVERAL OCCURRENCES
COLUMN 17 PEAK WIND IN M.P.H.
PRELIMINARY LOCAL CLIMATOLOGICAL DATA (WS FORM: F-6) , PAGE 2
STATION: CROSSVILLE
MONTH: JANUARY
YEAR: 2023
LATITUDE: 35 57 N
LONGITUDE: 85 5 W
[TEMPERATURE DATA] [PRECIPITATION DATA] SYMBOLS USED IN COLUMN 16
AVERAGE MONTHLY: 42.2 TOTAL FOR MONTH: 6.13 1 = FOG OR MIST
DPTR FM NORMAL: 6.9 DPTR FM NORMAL: 1.18 2 = FOG REDUCING VISIBILITY
HIGHEST: 66 ON 3 GRTST 24HR 2.07 ON 2- 3 TO 1/4 MILE OR LESS
LOWEST: 19 ON 15 3 = THUNDER
SNOW, ICE PELLETS, HAIL 4 = ICE PELLETS
TOTAL MONTH: M 5 = HAIL
GRTST 24HR M ON M 6 = FREEZING RAIN OR DRIZZLE
GRTST DEPTH: M ON M 7 = DUSTSTORM OR SANDSTORM:
VSBY 1/2 MILE OR LESS
8 = SMOKE OR HAZE
[NO. OF DAYS WITH] [WEATHER - DAYS WITH] 9 = BLOWING SNOW
X = TORNADO
MAX 32 OR BELOW: 1 0.01 INCH OR MORE: 16
MAX 90 OR ABOVE: 0 0.10 INCH OR MORE: 11
MIN 32 OR BELOW: 16 0.50 INCH OR MORE: 4
MIN 0 OR BELOW: 0 1.00 INCH OR MORE: 0
[HDD (BASE 65) ]
TOTAL THIS MO. 699 CLEAR (SCALE 0-3) 8
DPTR FM NORMAL -220 PTCLDY (SCALE 4-7) 11
TOTAL FM JUL 1 2468 CLOUDY (SCALE 8-10) 12
DPTR FM NORMAL -173
[CDD (BASE 65) ]
TOTAL THIS MO. 0
DPTR FM NORMAL 0 [PRESSURE DATA]
TOTAL FM JAN 1 0 HIGHEST SLP 30.38 ON 28
DPTR FM NORMAL 0 LOWEST SLP 29.60 ON 25
[REMARKS]
#FINAL-01-23#