694
CXUS56 KTFX 011534
CF6CTB
PRELIMINARY LOCAL CLIMATOLOGICAL DATA (WS FORM: F-6)
STATION: CUT BANK MT
MONTH: DECEMBER
YEAR: 2020
LATITUDE: 48 37 N
LONGITUDE: 112 23 W
TEMPERATURE IN F: :PCPN: SNOW: WIND :SUNSHINE: SKY :PK WND
================================================================================
1 2 3 4 5 6A 6B 7 8 9 10 11 12 13 14 15 16 17 18
12Z AVG MX 2MIN
DY MAX MIN AVG DEP HDD CDD WTR SNW DPTH SPD SPD DIR MIN PSBL S-S WX SPD DR
================================================================================
1 37 17 27 2 38 0 0.00 M 0 7.1 22 10 M M 5 29 20
2 50 16 33 9 32 0 0.00 M 0 4.0 9 280 M M 0 8 10 260
3 57 23 40 16 25 0 0.00 M 0 10.1 35 260 M M 0 40 260
4 53 23 38 14 27 0 0.00 M 0 13.4 33 260 M M 0 39 260
5 52 21 37 13 28 0 0.00 M 0 3.9 10 140 M M 0 12 140
6 53 20 37 14 28 0 0.00 M 0 19.4 36 260 M M 0 43 260
7 50 38 44 21 21 0 0.00 M 0 26.0 47 270 M M 0 57 270
8 59 42 51 28 14 0 0.00 M 0 16.5 43 240 M M 0 54 240
9 53 27 40 17 25 0 0.03 M 0 13.2 32 250 M M 6 1 41 250
10 32 12 22 -1 43 0 0.00 M 1 3.0 10 270 M M 4 12 11 280
11 22 14 18 -4 47 0 0.01 M T 4.4 13 350 M M 10 12 15 350
12 25 9 17 -5 48 0 T M 2 8.7 22 350 M M 8 12 27 320
13 17 6 12 -10 53 0 0.00 M 2 8.4 15 150 M M 10 1 18 150
14 31 9 20 -2 45 0 0.00 M 2 10.7 23 260 M M 6 12 29 250
15 34 24 29 7 36 0 0.00 M 2 24.3 44 250 M M 2 52 250
16 40 26 33 11 32 0 0.00 M T 17.2 32 250 M M 0 39 260
17 41 27 34 12 31 0 0.00 M T 21.3 49 250 M M 1 1 59 250
18 41 20 31 9 34 0 0.00 M 0 20.7 45 230 M M 3 1 56 240
19 45 33 39 17 26 0 0.00 M 0 24.6 45 230 M M 0 56 230
20 44 28 36 15 29 0 0.00 M 0 26.7 53 250 M M 1 63 250
21 38 26 32 11 33 0 0.12 M 0 9.9 22 160 M M 8 12 25 150
22 39 8 24 3 41 0 0.04 M 1 22.5 40 330 M M 6 129 46 330
23 29 -6 12 -9 53 0 0.00 M 1 21.5 39 260 M M 1 9 46 260
24 45 29 37 16 28 0 0.00 M 1 25.1 44 260 M M 0 55 250
25 43 32 38 17 27 0 0.00 M 1 14.3 31 260 M M 2 39 260
26 37 20 29 8 36 0 0.00 M T 9.8 24 260 M M 4 1 28 260
27 27 7 17 -4 48 0 0.00 M T 4.9 14 350 M M 6 12 16 350
28 29 2 16 -5 49 0 T M T 3.5 15 250 M M 5 12 17 250
29 32 11 22 1 43 0 0.00 M T 11.4 22 260 M M 1 28 250
30 37 26 32 11 33 0 0.00 M T 25.7 37 250 M M 5 44 250
31 39 28 34 13 31 0 0.00 M T 19.2 29 260 M M 3 34 260
================================================================================
SM 1231 618 1084 0 0.20 M 451.4 M 97
================================================================================
AV 39.7 19.9 14.6 FASTST M M 3 MAX(MPH)
MISC ----> 53 250 63 250
================================================================================
NOTES:
# LAST OF SEVERAL OCCURRENCES
COLUMN 17 PEAK WIND IN M.P.H.
PRELIMINARY LOCAL CLIMATOLOGICAL DATA (WS FORM: F-6) , PAGE 2
STATION: CUT BANK MT
MONTH: DECEMBER
YEAR: 2020
LATITUDE: 48 37 N
LONGITUDE: 112 23 W
[TEMPERATURE DATA] [PRECIPITATION DATA] SYMBOLS USED IN COLUMN 16
AVERAGE MONTHLY: 29.8 TOTAL FOR MONTH: 0.20 1 = FOG OR MIST
DPTR FM NORMAL: 7.6 DPTR FM NORMAL: -0.02 2 = FOG REDUCING VISIBILITY
HIGHEST: 59 ON 8 GRTST 24HR 0.15 ON 21-22 TO 1/4 MILE OR LESS
LOWEST: -6 ON 23 3 = THUNDER
SNOW, ICE PELLETS, HAIL 4 = ICE PELLETS
TOTAL MONTH: M 5 = HAIL
GRTST 24HR M ON M 6 = FREEZING RAIN OR DRIZZLE
GRTST DEPTH: 2 ON 15,14 7 = DUSTSTORM OR SANDSTORM:
VSBY 1/2 MILE OR LESS
8 = SMOKE OR HAZE
[NO. OF DAYS WITH] [WEATHER - DAYS WITH] 9 = BLOWING SNOW
X = TORNADO
MAX 32 OR BELOW: 9 0.01 INCH OR MORE: 4
MAX 90 OR ABOVE: 0 0.10 INCH OR MORE: 1
MIN 32 OR BELOW: 28 0.50 INCH OR MORE: 0
MIN 0 OR BELOW: 1 1.00 INCH OR MORE: 0
[HDD (BASE 65) ]
TOTAL THIS MO. 1084 CLEAR (SCALE 0-3) 18
DPTR FM NORMAL -243 PTCLDY (SCALE 4-7) 11
TOTAL FM JUL 1 3238 CLOUDY (SCALE 8-10) 2
DPTR FM NORMAL -355
[CDD (BASE 65) ]
TOTAL THIS MO. 0
DPTR FM NORMAL 0 [PRESSURE DATA]
TOTAL FM JAN 1 185 HIGHEST SLP 30.56 ON 2
DPTR FM NORMAL 23 LOWEST SLP 29.31 ON 22
[REMARKS]
#FINAL-12-20#