000
CXUS55 KCYS 011013
CF6CYS
PRELIMINARY LOCAL CLIMATOLOGICAL DATA (WS FORM: F-6) ...CORRECTED...
STATION: CHEYENNE WYOMING AIRPORT
MONTH: APRIL
YEAR: 2020
LATITUDE: 41 9 N
LONGITUDE: 104 49 W
TEMPERATURE IN F: :PCPN: SNOW: WIND :SUNSHINE: SKY :PK WND
================================================================================
1 2 3 4 5 6A 6B 7 8 9 10 11 12 13 14 15 16 17 18
12Z AVG MX 2MIN
DY MAX MIN AVG DEP HDD CDD WTR SNW DPTH SPD SPD DIR MIN PSBL S-S WX SPD DR
================================================================================
1 63 23 43 4 22 0 T T 0 9.9 23 30 M M 6 16 37 40
2 23 8 16 -23 49 0 0.01 0.1 0 12.0 23 360 M M 8 16 32 10
3 38 10 24 -16 41 0 0.00 0.0 0 9.2 24 210 M M 5 1 30 200
4 55 18 37 -3 28 0 0.00 0.0 0 12.1 24 190 M M 0 33 190
5 64 27 46 6 19 0 0.00 0.0 0 8.5 28 220 M M 2 34 180
6 70 30 50 10 15 0 0.00 0.0 0 11.3 28 210 M M 0 35 210
7 66 32 49 9 16 0 0.00 0.0 0 14.6 37 270 M M 0 49 260
8 58 32 45 4 20 0 0.00 0.0 0 9.8 22 10 M M 0 32 10
9 54 26 40 -1 25 0 0.00 0.0 0 7.3 17 170 M M 0 22 130
10 70 32 51 10 14 0 0.00 0.0 0 14.0 30 270 M M 1 39 270
11 58 19 39 -2 26 0 0.01 0.9 1 16.1 28 10 M M 5 18 42 20
12 23 13 18 -24 47 0 0.07 1.3 2 14.6 25 360 M M 10 18 35 10
13 24 5 15 -27 50 0 0.07 1.4 1 5.6 13 280 M M 9 18 20 260
14 40 7 24 -18 41 0 T T 1 17.0 32 300 M M 3 46 280
15 41 25 33 -9 32 0 0.18 2.0 0 11.1 22 20 M M 7 1 31 20
16 27 7 17 -26 48 0 0.43 6.7 5 10.2 20 40 M M 9 128 30 30
17 40 5 23 -20 42 0 0.00 0.0 5 12.5 28 270 M M 0 36 270
18 53 29 41 -2 24 0 0.00 0.0 T 11.6 22 210 M M 2 30 260
19 58 30 44 0 21 0 0.00 0.0 0 10.8 32 280 M M 3 44 270
20 60 29 45 1 20 0 0.00 0.0 0 10.8 25 290 M M 3 35 270
21 67 30 49 5 16 0 0.00 0.0 0 5.7 20 170 M M 2 27 170
22 63 40 52 7 13 0 0.02 0.0 0 10.9 29 280 M M 4 3 39 270
23 62 37 50 5 15 0 0.07 T 0 15.2 32 320 M M 6 4 45 310
24 52 33 43 -2 22 0 0.03 T 0 13.3 30 310 M M 5 47 310
25 61 32 47 1 18 0 T T 0 8.3 21 310 M M 5 30 310
26 67 39 53 7 12 0 T 0.0 0 13.1 32 340 M M 2 3 49 320
27 74 38 56 10 9 0 0.00 0.0 0 15.2 31 310 M M 1 47 310
28 59 37 48 1 17 0 0.00 0.0 0 16.3 32 310 M M 2 8 47 290
29 72 32 52 5 13 0 0.00 0.0 0 8.0 17 190 M M 0 26 290
30 84 44 64 17 1 0 T 0.0 0 12.0 30 310 M M 1 49 310
================================================================================
SM 1646 769 736 0 0.89 12.4 347.0 M 101
================================================================================
AV 54.9 25.6 11.6 FASTST M M 3 MAX(MPH)
MISC ----> # 37 270 # 49 260
================================================================================
NOTES:
# LAST OF SEVERAL OCCURRENCES
COLUMN 17 PEAK WIND IN M.P.H.
PRELIMINARY LOCAL CLIMATOLOGICAL DATA (WS FORM: F-6) , PAGE 2
STATION: CHEYENNE WYOMING AIRPORT
MONTH: APRIL
YEAR: 2020
LATITUDE: 41 9 N
LONGITUDE: 104 49 W
[TEMPERATURE DATA] [PRECIPITATION DATA] SYMBOLS USED IN COLUMN 16
AVERAGE MONTHLY: 40.3 TOTAL FOR MONTH: 0.89 1 = FOG OR MIST
DPTR FM NORMAL: -2.5 DPTR FM NORMAL: -0.89 2 = FOG REDUCING VISIBILITY
HIGHEST: 84 ON 30 GRTST 24HR 0.43 ON 16-16 TO 1/4 MILE OR LESS
LOWEST: 5 ON 17,13 3 = THUNDER
SNOW, ICE PELLETS, HAIL 4 = ICE PELLETS
TOTAL MONTH: 12.4 INCHES 5 = HAIL
GRTST 24HR 6.7 ON 16-16 6 = FREEZING RAIN OR DRIZZLE
GRTST DEPTH: 5 ON 17,16 7 = DUSTSTORM OR SANDSTORM:
VSBY 1/2 MILE OR LESS
8 = SMOKE OR HAZE
[NO. OF DAYS WITH] [WEATHER - DAYS WITH] 9 = BLOWING SNOW
X = TORNADO
MAX 32 OR BELOW: 4 0.01 INCH OR MORE: 9
MAX 90 OR ABOVE: 0 0.10 INCH OR MORE: 2
MIN 32 OR BELOW: 23 0.50 INCH OR MORE: 0
MIN 0 OR BELOW: 0 1.00 INCH OR MORE: 0
[HDD (BASE 65) ]
TOTAL THIS MO. 736 CLEAR (SCALE 0-3) 18
DPTR FM NORMAL 71 PTCLDY (SCALE 4-7) 9
TOTAL FM JUL 1 6555 CLOUDY (SCALE 8-10) 3
DPTR FM NORMAL -30
[CDD (BASE 65) ]
TOTAL THIS MO. 0
DPTR FM NORMAL 0 [PRESSURE DATA]
TOTAL FM JAN 1 0 HIGHEST SLP 30.39 ON 16
DPTR FM NORMAL 0 LOWEST SLP 29.43 ON 11
[REMARKS]
APRIL 12TH...LOW HIGH TEMP 23 DEGREES (PREVIOUS 24 DEGREES IN 1997).
APRIL 16TH...RECORD SNOW 6.7 INCHES (PREVIOUS 5.4 INCHES IN 2013).
APRIL 17TH...RECORD LOW 5 DEGREES (PREVIOUS 8 DEGREES IN 1901).
APRIL 30TH...RECORD HIGH 84 DEGREES (PREVIOUS 83 IN 1992).
#FINAL-04-20#