000
CXUS53 KUNR 190930
CF6D07
PRELIMINARY LOCAL CLIMATOLOGICAL DATA (WS FORM: F-6)
STATION: FAITH SD
MONTH: APRIL
YEAR: 2024
LATITUDE: 45 1 N
LONGITUDE: 102 1 W
TEMPERATURE IN F: :PCPN: SNOW: WIND :SUNSHINE: SKY :PK WND
================================================================================
1 2 3 4 5 6A 6B 7 8 9 10 11 12 13 14 15 16 17 18
12Z AVG MX 2MIN
DY MAX MIN AVG DEP HDD CDD WTR SNW DPTH SPD SPD DIR MIN PSBL S-S WX SPD DR
================================================================================
1 33 26 30 -9 35 0 0.03 M M 7.6 15 90 M M 0 18 80
2 52 26 39 -1 26 0 0.00 M M 9.9 29 360 M M M 42 330
3 57 28 43 3 22 0 0.00 M M 5.2 17 130 M M M 23 140
4 61 30 46 6 19 0 0.00 M M 18.4 23 130 M M M 33 120
5 59 38 49 8 16 0 0.00 M M 25.8 33 130 M M M 47 120
6 57 38 48 7 17 0 0.15 M M 23.2 35 130 M M M 44 130
7 42 33 38 -3 27 0 0.36 M M 12.4 25 20 M M M 31 40
8 47 31 39 -3 26 0 0.33 M M 12.4 21 290 M M M 27 290
9 61 36 49 7 16 0 0.01 M M 12.6 25 280 M M M 36 270
10 54 34 44 2 21 0 0.00 M M 23.9 41 310 M M M 55 310
11 57 30 44 1 21 0 0.00 M M 15.2 26 330 M M M 36 320
12 70 28 49 6 16 0 0.00 M M 16.0 28 350 M M M 38 360
13 86 43 65 22 0 0 0.00 M M 12.6 25 330 M M M 32 330
14 73 38 56 12 9 0 0.00 M M 15.7 25 130 M M M 36 120
15 73 49 61 17 4 0 0.46 M M 21.5 38 140 M M M 55 120
16 51 41 46 2 19 0 0.30 M M 19.0 33 340 M M M 42 340
17 51 31 41 -4 24 0 0.00 M M 19.6 32 310 M M M 39 290
18 46 26 36 -9 29 0 0.00 M M 22.0 37 320 M M M 46 320
================================================================================
SM 1030 606 347 0 1.64 M 293.0 M 0
================================================================================
AV 57.2 33.7 16.3 FASTST M M 0 MAX(MPH)
MISC ----> 41 310 # 55 310
================================================================================
NOTES:
# LAST OF SEVERAL OCCURRENCES
COLUMN 17 PEAK WIND IN M.P.H.
PRELIMINARY LOCAL CLIMATOLOGICAL DATA (WS FORM: F-6) , PAGE 2
STATION: FAITH SD
MONTH: APRIL
YEAR: 2024
LATITUDE: 45 1 N
LONGITUDE: 102 1 W
[TEMPERATURE DATA] [PRECIPITATION DATA] SYMBOLS USED IN COLUMN 16
AVERAGE MONTHLY: 45.4 TOTAL FOR MONTH: 1.64 1 = FOG OR MIST
DPTR FM NORMAL: 3.3 DPTR FM NORMAL: 0.79 2 = FOG REDUCING VISIBILITY
HIGHEST: 86 ON 13 GRTST 24HR 0.76 ON 15-16 TO 1/4 MILE OR LESS
LOWEST: 26 ON 18, 2 3 = THUNDER
SNOW, ICE PELLETS, HAIL 4 = ICE PELLETS
TOTAL MONTH: M 5 = HAIL
GRTST 24HR M ON M 6 = FREEZING RAIN OR DRIZZLE
GRTST DEPTH: M ON M 7 = DUSTSTORM OR SANDSTORM:
VSBY 1/2 MILE OR LESS
8 = SMOKE OR HAZE
[NO. OF DAYS WITH] [WEATHER - DAYS WITH] 9 = BLOWING SNOW
X = TORNADO
MAX 32 OR BELOW: 0 0.01 INCH OR MORE: 7
MAX 90 OR ABOVE: 0 0.10 INCH OR MORE: 5
MIN 32 OR BELOW: 9 0.50 INCH OR MORE: 0
MIN 0 OR BELOW: 0 1.00 INCH OR MORE: 0
[HDD (BASE 65) ]
TOTAL THIS MO. 347 CLEAR (SCALE 0-3) 1
DPTR FM NORMAL -64 PTCLDY (SCALE 4-7) 0
TOTAL FM JUL 1 5346 CLOUDY (SCALE 8-10) 17
DPTR FM NORMAL -1668
[CDD (BASE 65) ]
TOTAL THIS MO. 0
DPTR FM NORMAL 0 [PRESSURE DATA]
TOTAL FM JAN 1 0 HIGHEST SLP M ON M
DPTR FM NORMAL 0 LOWEST SLP 29.40 ON 16
[REMARKS]