000
CXUS53 KUNR 011525
CLMD07
CLIMATE REPORT
NATIONAL WEATHER SERVICE RAPID CITY SD
925 AM MDT WED NOV 01 2023
...................................
...THE FAITH SD CLIMATE SUMMARY FOR THE MONTH OF OCTOBER 2023...
CLIMATE NORMAL PERIOD 1991 TO 2020
CLIMATE RECORD PERIOD 9999 TO 9999
WEATHER OBSERVED NORMAL DEPART LAST YEAR`S
VALUE DATE(S) VALUE FROM VALUE DATE(S)
NORMAL
................................................................
TEMPERATURE (F)
HIGHEST 87 10/01 79 10/02
10/20
LOWEST 7R 10/27 22 10/18
AVG. MAXIMUM 58.3 59.0 -0.7 62.1
AVG. MINIMUM 37.1 34.6 2.5 36.9
MEAN 47.7 46.8 0.9 49.5
DAYS MAX >= 90 0 0
DAYS MAX <= 32 3 0
DAYS MIN <= 32 6 11
DAYS MIN <= 0 0 0
PRECIPITATION (INCHES)
TOTALS 0.78 1.36 -0.58 0.75
DAILY AVG. 0.03 0.04 -0.01 0.02
DAYS >= .01 10 4
DAYS >= .10 3 4
DAYS >= .50 0 0
DAYS >= 1.00 0 0
GREATEST
24 HR. TOTAL 0.50 10/02 TO 10/03 0.27
DEGREE DAYS
HEATING TOTAL 482 568 -86 471
SINCE 7/1 595 763 -168 MM
COOLING TOTAL 6 4 2 0
SINCE 1/1 670 656 14 MM
................................................................
WIND (MPH)
AVERAGE WIND SPEED 12.1
HIGHEST WIND SPEED/DIRECTION 46/340 DATE 10/17
HIGHEST GUST SPEED/DIRECTION 60/340 DATE 10/17
AVERAGE RH (PERCENT) 71
- INDICATES NEGATIVE NUMBERS.
R INDICATES RECORD WAS SET OR TIED.
MM INDICATES DATA IS MISSING.
T INDICATES TRACE AMOUNT.
$$