000
CXUS54 KFWD 072147
CF6DAL
PRELIMINARY LOCAL CLIMATOLOGICAL DATA (WS FORM: F-6)
STATION: DALLAS LOVE FIELD
MONTH: JUNE
YEAR: 2022
LATITUDE: 32 50 N
LONGITUDE: 96 51 W
TEMPERATURE IN F: :PCPN: SNOW: WIND :SUNSHINE: SKY :PK WND
================================================================================
1 2 3 4 5 6A 6B 7 8 9 10 11 12 13 14 15 16 17 18
12Z AVG MX 2MIN
DY MAX MIN AVG DEP HDD CDD WTR SNW DPTH SPD SPD DIR MIN PSBL S-S WX SPD DR
================================================================================
1 89 75 82 2 0 17 0.84 0.0 0 6.6 18 160 M M 8 13 26 150
2 85 65 75 -6 0 10 0.80 0.0 0 9.3 36 340 M M 6 38 52 340
3 84 71 78 -3 0 13 0.14 0.0 0 5.1 12 70 M M 8 13 29 90
4 86 69 78 -3 0 13 0.00 0.0 0 7.2 14 160 M M 8 18 170
5 92 73 83 2 0 18 0.00 0.0 0 12.7 23 140 M M 5 30 150
6 94 76 85 3 0 20 0.00 0.0 0 12.7 22 180 M M 5 33 170
7 93 77 85 3 0 20 0.00 0.0 0 12.1 20 170 M M 5 33 100
8 89 77 83 1 0 18 0.00 0.0 0 10.7 23 320 M M 7 40 110
9 94 74 84 2 0 19 0.00 0.0 0 6.7 14 160 M M 6 28 140
10 99 79 89 7 0 24 0.00 0.0 0 7.1 18 20 M M 6 26 20
11 103 80 92 9 0 27 0.00 0.0 0 8.9 17 160 M M 3 27 160
12 101 81 91 8 0 26 0.00 0.0 0 11.6 20 160 M M 2 31 170
13 98 79 89 6 0 24 0.00 0.0 0 13.2 23 170 M M 0 34 160
14 96 79 88 5 0 23 0.00 0.0 0 16.7 26 160 M M 5 47 160
15 94 80 87 4 0 22 0.00 0.0 0 14.3 22 170 M M 8 36 160
16 100 79 90 6 0 25 0.00 0.0 0 7.5 14 240 M M 3 22 160
17 99 78 89 5 0 24 T 0.0 0 5.9 23 160 M M 3 3 35 160
18 97 78 88 4 0 23 0.00 0.0 0 6.8 16 150 M M 2 22 140
19 99 80 90 6 0 25 0.00 0.0 0 7.1 23 120 M M 3 3 34 130
20 100 77 89 5 0 24 0.00 0.0 0 8.6 16 140 M M 2 25 160
21 99 82 91 7 0 26 0.00 0.0 0 8.0 15 160 M M 1 22 160
22 99 80 90 6 0 25 0.00 0.0 0 5.8 14 130 M M 2 19 180
23 102 81 92 8 0 27 0.00 0.0 0 5.5 18 120 M M 3 25 110
24 102 83 93 8 0 28 0.00 0.0 0 8.9 17 140 M M 2 26 170
25 101 82 92 7 0 27 0.00 0.0 0 8.2 14 160 M M 2 20 160
26 102 82 92 7 0 27 0.00 0.0 0 7.6 18 20 M M 4 3 30 30
27 94 74 84 -1 0 19 0.00 0.0 0 7.5 16 40 M M 5 37 70
28 93 76 85 0 0 20 0.00 0.0 0 8.1 15 350 M M 7 20 50
29 95 75 85 0 0 20 0.00 0.0 0 6.6 13 120 M M 2 19 100
30 98 76 87 1 0 22 0.00 0.0 0 7.3 17 150 M M 2 25 150
================================================================================
SM 2877 2318 0 656 1.78 0.0 264.3 M 125
================================================================================
AV 95.9 77.3 8.8 FASTST M M 4 MAX(MPH)
MISC ----> 36 340 52 340
================================================================================
NOTES:
# LAST OF SEVERAL OCCURRENCES
COLUMN 17 PEAK WIND IN M.P.H.
PRELIMINARY LOCAL CLIMATOLOGICAL DATA (WS FORM: F-6) , PAGE 2
STATION: DALLAS LOVE FIELD
MONTH: JUNE
YEAR: 2022
LATITUDE: 32 50 N
LONGITUDE: 96 51 W
[TEMPERATURE DATA] [PRECIPITATION DATA] SYMBOLS USED IN COLUMN 16
AVERAGE MONTHLY: 86.6 TOTAL FOR MONTH: 1.78 1 = FOG OR MIST
DPTR FM NORMAL: 3.3 DPTR FM NORMAL: -2.05 2 = FOG REDUCING VISIBILITY
HIGHEST: 103 ON 11 GRTST 24HR 1.64 ON 1- 2 TO 1/4 MILE OR LESS
LOWEST: 65 ON 2 3 = THUNDER
SNOW, ICE PELLETS, HAIL 4 = ICE PELLETS
TOTAL MONTH: 0.0 INCH 5 = HAIL
GRTST 24HR 0.0 6 = FREEZING RAIN OR DRIZZLE
GRTST DEPTH: 0 7 = DUSTSTORM OR SANDSTORM:
VSBY 1/2 MILE OR LESS
8 = SMOKE OR HAZE
[NO. OF DAYS WITH] [WEATHER - DAYS WITH] 9 = BLOWING SNOW
X = TORNADO
MAX 32 OR BELOW: 0 0.01 INCH OR MORE: 3
MAX 90 OR ABOVE: 25 0.10 INCH OR MORE: 3
MIN 32 OR BELOW: 0 0.50 INCH OR MORE: 2
MIN 0 OR BELOW: 0 1.00 INCH OR MORE: 0
[HDD (BASE 65) ]
TOTAL THIS MO. 0 CLEAR (SCALE 0-3) 12
DPTR FM NORMAL 0 PTCLDY (SCALE 4-7) 16
TOTAL FM JUL 1 1836 CLOUDY (SCALE 8-10) 2
DPTR FM NORMAL -156
[CDD (BASE 65) ]
TOTAL THIS MO. 656
DPTR FM NORMAL 108 [PRESSURE DATA]
TOTAL FM JAN 1 1259 HIGHEST SLP 30.18 ON 28
DPTR FM NORMAL 191 LOWEST SLP 29.60 ON 6
[REMARKS]
#FINAL-06-22#