000
CXUS55 KDVN 011000
CF6DBQ
PRELIMINARY LOCAL CLIMATOLOGICAL DATA (WS FORM: F-6)
STATION: DUBUQUE IA
MONTH: SEPTEMBER
YEAR: 2023
LATITUDE: 42 24 N
LONGITUDE: 90 42 W
TEMPERATURE IN F: :PCPN: SNOW: WIND :SUNSHINE: SKY :PK WND
================================================================================
1 2 3 4 5 6A 6B 7 8 9 10 11 12 13 14 15 16 17 18
12Z AVG MX 2MIN
DY MAX MIN AVG DEP HDD CDD WTR SNW DPTH SPD SPD DIR MIN PSBL S-S WX SPD DR
================================================================================
1 81 51 66 -1 0 1 0.00 0.0 0 8.8 15 190 M M 0 22 160
2 89 53 71 4 0 6 0.00 0.0 0 10.9 21 200 M M 0 8 27 210
3 93 61 77 10 0 12 0.00 0.0 0 11.7 20 190 M M 0 25 200
4 92 64 78 12 0 13 0.00 0.0 0 9.5 17 180 M M 1 1 23 190
5 83 69 76 10 0 11 0.10 0.0 0 12.6 23 180 M M 1 38 30 180
6 75 63 69 3 0 4 T 0.0 0 11.4 21 290 M M 9 138 27 280
7 69 60 65 -1 0 0 0.00 0.0 0 8.2 15 10 M M 9 22 10
8 70 55 63 -2 2 0 0.00 0.0 0 5.6 14 20 M M 6 18 20
9 77 50 64 -1 1 0 0.00 0.0 0 2.8 8 110 M M 4 12 10 30
10 78 58 68 4 0 3 0.01 0.0 0 7.7 15 340 M M 5 19 350
11 68 54 61 -3 4 0 0.29 0.0 0 5.8 12 20 M M 7 1 16 30
12 71 49 60 -4 5 0 0.29 T 0 5.8 24 340 M M 2 135 38 340
13 66 48 57 -7 8 0 0.00 0.0 0 6.9 16 20 M M 4 128 20 30
14 74 48 61 -2 4 0 0.00 0.0 0 7.0 12 160 M M 1 17 190
15 77 50 64 1 1 0 0.00 0.0 0 8.0 17 210 M M 6 24 220
16 72 52 62 0 3 0 0.19 0.0 0 4.9 23 330 M M 4 13 29 350
17 72 50 61 -1 4 0 0.00 0.0 0 6.6 15 50 M M 3 1 22 40
18 74 47 61 -1 4 0 T 0.0 0 4.9 17 160 M M 2 24 150
19 72 57 65 4 0 0 0.30 0.0 0 10.8 20 170 M M 6 1 27 150
20 74 59 67 6 0 2 0.07 0.0 0 5.4 13 160 M M 2 1 17 160
21 75 54 65 5 0 0 0.01 0.0 0 6.9 18 90 M M 7 12 27 100
22 69 63 66 6 0 1 0.18 0.0 0 11.3 20 150 M M 8 13 28 140
23 82 64 73 13 0 8 0.00 0.0 0 13.6 25 140 M M 3 32 150
24 78 61 70 11 0 5 0.26 0.0 0 10.5 20 280 M M 7 13 29 150
25 76 56 66 7 0 1 0.22 0.0 0 5.5 14 120 M M 6 13 20 120
26 68 56 62 4 3 0 0.45 0.0 M 7.3 16 70 M M 8 13 22 80
27 72 56 64 6 1 0 0.00 0.0 0 7.5 15 90 M M 6 12 20 80
28 69 59 64 6 1 0 0.00 0.0 0 7.2 13 90 M M 7 1 15 120
29 79 58 69 12 0 4 0.00 0.0 0 10.4 17 150 M M 2 1 25 150
30 87 60 74 17 0 9 0.00 0.0 0 9.8 17 150 M M 0 24 160
================================================================================
SM 2282 1685 41 80 2.37 T 245.3 M 126
================================================================================
AV 76.1 56.2 8.2 FASTST M M 4 MAX(MPH)
MISC ----> 25 140 38 340
================================================================================
NOTES:
# LAST OF SEVERAL OCCURRENCES
COLUMN 17 PEAK WIND IN M.P.H.
PRELIMINARY LOCAL CLIMATOLOGICAL DATA (WS FORM: F-6) , PAGE 2
STATION: DUBUQUE IA
MONTH: SEPTEMBER
YEAR: 2023
LATITUDE: 42 24 N
LONGITUDE: 90 42 W
[TEMPERATURE DATA] [PRECIPITATION DATA] SYMBOLS USED IN COLUMN 16
AVERAGE MONTHLY: 66.1 TOTAL FOR MONTH: 2.37 1 = FOG OR MIST
DPTR FM NORMAL: 3.8 DPTR FM NORMAL: -1.45 2 = FOG REDUCING VISIBILITY
HIGHEST: 93 ON 3 GRTST 24HR 0.64 ON 25-26 TO 1/4 MILE OR LESS
LOWEST: 47 ON 18 3 = THUNDER
SNOW, ICE PELLETS, HAIL 4 = ICE PELLETS
TOTAL MONTH: T 5 = HAIL
GRTST 24HR T ON 12-12 6 = FREEZING RAIN OR DRIZZLE
GRTST DEPTH: 0 7 = DUSTSTORM OR SANDSTORM:
VSBY 1/2 MILE OR LESS
8 = SMOKE OR HAZE
[NO. OF DAYS WITH] [WEATHER - DAYS WITH] 9 = BLOWING SNOW
X = TORNADO
MAX 32 OR BELOW: 0 0.01 INCH OR MORE: 12
MAX 90 OR ABOVE: 2 0.10 INCH OR MORE: 9
MIN 32 OR BELOW: 0 0.50 INCH OR MORE: 0
MIN 0 OR BELOW: 0 1.00 INCH OR MORE: 0
[HDD (BASE 65) ]
TOTAL THIS MO. 41 CLEAR (SCALE 0-3) 12
DPTR FM NORMAL -101 PTCLDY (SCALE 4-7) 15
TOTAL FM JUL 1 49 CLOUDY (SCALE 8-10) 3
DPTR FM NORMAL -120
[CDD (BASE 65) ]
TOTAL THIS MO. 80
DPTR FM NORMAL 17 [PRESSURE DATA]
TOTAL FM JAN 1 749 HIGHEST SLP 30.26 ON 9
DPTR FM NORMAL 119 LOWEST SLP 29.70 ON 6
[REMARKS]
#FINAL-09-23#