000
CXUS54 KHUN 021544
CF6DCU
PRELIMINARY LOCAL CLIMATOLOGICAL DATA (WS FORM: F-6)
STATION: DECATUR
MONTH: MAY
YEAR: 2023
LATITUDE: 34 39 N
LONGITUDE: 86 56 W
TEMPERATURE IN F: :PCPN: SNOW: WIND :SUNSHINE: SKY :PK WND
================================================================================
1 2 3 4 5 6A 6B 7 8 9 10 11 12 13 14 15 16 17 18
12Z AVG MX 2MIN
DY MAX MIN AVG DEP HDD CDD WTR SNW DPTH SPD SPD DIR MIN PSBL S-S WX SPD DR
================================================================================
1 69 49 59 -7 6 0 0.00 0.0 0 10.8 24 280 M M 0 35 280
2 72 46 59 -7 6 0 0.00 0.0 0 10.4 31 290 M M 0 46 310
3 73 41 57 -9 8 0 0.00 0.0 0 6.5 17 340 M M 0 26 340
4 75 40 58 -9 7 0 0.00 0.0 0 2.6 12 280 M M 0 18 240
5 62 56 59 -8 6 0 0.07 0.0 0 5.6 14 90 M M 9 1 19 70
6 83 57 70 3 0 5 0.00 0.0 0 8.2 16 160 M M 5 21 190
7 88 62 75 7 0 10 0.00 0.0 0 8.0 18 190 M M 2 24 170
8 84 65 75 7 0 10 0.08 0.0 0 7.5 22 170 M M 5 13 29 200
9 89 67 78 10 0 13 0.00 0.0 0 6.2 14 290 M M 2 18 18 260
10 87 62 75 7 0 10 0.95 0.0 0 5.5 37 210 M M 4 13 47 210
11 81 65 73 4 0 8 0.10 0.0 0 8.4 22 250 M M 6 38 29 250
12 76 64 70 1 0 5 0.45 0.0 0 5.4 23 190 M M 6 1 30 200
13 84 60 72 3 0 7 0.00 0.0 0 3.3 10 270 M M 1 1 16 330
14 89 64 77 8 0 12 0.00 0.0 0 2.6 15 40 M M 2 1 22 40
15 91 66 79 9 0 14 0.04 0.0 0 4.0 25 300 M M 1 39 320
16 88 65 77 7 0 12 0.11 0.0 0 5.9 22 280 M M 3 13 35 280
17 80 66 73 3 0 8 0.01 0.0 0 4.6 15 360 M M 8 1 20 20
18 86 60 73 3 0 8 0.03 0.0 0 6.9 17 130 M M 6 3 24 130
19 73 63 68 -3 0 3 0.00 0.0 0 7.4 16 140 M M 10 20 140
20 77 62 70 -1 0 5 0.78 0.0 0 9.3 20 350 M M 9 18 25 320
21 80 56 68 -3 0 3 0.00 0.0 0 6.7 14 10 M M 0 1 22 10
22 83 61 72 0 0 7 0.00 0.0 0 6.8 14 140 M M 3 19 140
23 77 58 68 -4 0 3 0.05 0.0 0 6.4 17 140 M M 5 18 25 140
24 84 56 70 -2 0 5 0.00 0.0 0 5.5 M M M M 2 1 M M
25 84 56 70 -2 0 5 0.00 0.0 0 4.7 12 20 M M 2 16 80
26 84 59 72 -1 0 7 0.00 0.0 0 3.9 16 10 M M 3 20 360
27 79 61 70 -3 0 5 0.00 0.0 0 5.2 13 330 M M 5 3 18 50
28 83 57 70 -3 0 5 0.00 0.0 0 7.5 20 340 M M 1 27 340
29 76 54 65 -8 0 0 0.00 0.0 0 4.2 14 350 M M 3 20 320
30 85 55 70 -4 0 5 0.00 0.0 0 2.0 9 160 M M 3 16 20
31 85 65 75 1 0 10 0.02 0.0 0 6.1 17 160 M M 4 1 24 160
================================================================================
SM 2507 1818 33 185 2.69 0.0 188.1 M 110
================================================================================
AV 80.9 58.6 6.1 FASTST M M 4 MAX(MPH)
MISC ----> 37 210 47 210
================================================================================
NOTES:
# LAST OF SEVERAL OCCURRENCES
COLUMN 17 PEAK WIND IN M.P.H.
PRELIMINARY LOCAL CLIMATOLOGICAL DATA (WS FORM: F-6) , PAGE 2
STATION: DECATUR
MONTH: MAY
YEAR: 2023
LATITUDE: 34 39 N
LONGITUDE: 86 56 W
[TEMPERATURE DATA] [PRECIPITATION DATA] SYMBOLS USED IN COLUMN 16
AVERAGE MONTHLY: 69.8 TOTAL FOR MONTH: 2.69 1 = FOG OR MIST
DPTR FM NORMAL: -0.1 DPTR FM NORMAL: -1.46 2 = FOG REDUCING VISIBILITY
HIGHEST: 91 ON 15 GRTST 24HR 0.95 ON 10-10 TO 1/4 MILE OR LESS
LOWEST: 40 ON 4 3 = THUNDER
SNOW, ICE PELLETS, HAIL 4 = ICE PELLETS
TOTAL MONTH: 0.0 INCH 5 = HAIL
GRTST 24HR 0.0 6 = FREEZING RAIN OR DRIZZLE
GRTST DEPTH: 0 7 = DUSTSTORM OR SANDSTORM:
VSBY 1/2 MILE OR LESS
8 = SMOKE OR HAZE
[NO. OF DAYS WITH] [WEATHER - DAYS WITH] 9 = BLOWING SNOW
X = TORNADO
MAX 32 OR BELOW: 0 0.01 INCH OR MORE: 12
MAX 90 OR ABOVE: 1 0.10 INCH OR MORE: 5
MIN 32 OR BELOW: 0 0.50 INCH OR MORE: 2
MIN 0 OR BELOW: 0 1.00 INCH OR MORE: 0
[HDD (BASE 65) ]
TOTAL THIS MO. 33 CLEAR (SCALE 0-3) 17
DPTR FM NORMAL 1 PTCLDY (SCALE 4-7) 11
TOTAL FM JUL 1 1996 CLOUDY (SCALE 8-10) 3
DPTR FM NORMAL -1120
[CDD (BASE 65) ]
TOTAL THIS MO. 185
DPTR FM NORMAL 0 [PRESSURE DATA]
TOTAL FM JAN 1 228 HIGHEST SLP 30.19 ON 14
DPTR FM NORMAL -23 LOWEST SLP 29.72 ON 1
[REMARKS]
#FINAL-05-23#