000
CXUS54 KHUN 012021 CCA
CF6DCU
PRELIMINARY LOCAL CLIMATOLOGICAL DATA (WS FORM: F-6)
STATION: DECATUR
MONTH: JANUARY
YEAR: 2023
LATITUDE: 34 39 N
LONGITUDE: 86 56 W
TEMPERATURE IN F: :PCPN: SNOW: WIND :SUNSHINE: SKY :PK WND
================================================================================
1 2 3 4 5 6A 6B 7 8 9 10 11 12 13 14 15 16 17 18
12Z AVG MX 2MIN
DY MAX MIN AVG DEP HDD CDD WTR SNW DPTH SPD SPD DIR MIN PSBL S-S WX SPD DR
================================================================================
1 72 50 61 19 4 0 0.00 0.0 0 5.8 13 190 M M 4 1 16 190
2 74 54 64 22 1 0 T 0.0 0 9.7 22 170 M M 9 31 170
3 73 58 66 24 0 1 0.87 0.0 0 13.7 30 290 M M 9 13 45 280
4 66 M M M M M 0.25 0.0 0 9.3 28 180 M M 3 13 37 180
5 57 M M M M M 0.00 0.0 0 7.9 25 270 M M 0 34 270
6 57 34 46 5 19 0 0.00 0.0 0 3.1 9 260 M M 0 12 320
7 65 35 50 9 15 0 T 0.0 0 4.8 10 10 M M 8 14 120
8 59 44 52 11 13 0 T 0.0 0 7.4 16 310 M M 8 18 21 310
9 54 32 43 2 22 0 0.00 0.0 0 3.3 13 10 M M 1 18 16 10
10 67 28 48 7 17 0 0.00 0.0 0 5.0 14 210 M M 0 18 20 200
11 67 48 58 17 7 0 0.00 0.0 0 8.9 17 190 M M 9 8 21 200
12 74 45 60 19 5 0 0.83 0.0 0 14.8 30 280 M M 8 38 43 280
13 45 36 41 0 24 0 T T 0 13.9 24 330 M M 10 8 33 330
14 47 30 39 -2 26 0 0.00 0.0 0 8.7 20 350 M M 5 26 350
15 58 25 42 1 23 0 0.00 0.0 0 2.2 8 100 M M 0 8 11 130
16 66 35 51 10 14 0 T 0.0 0 11.4 29 190 M M 6 37 180
17 73 51 62 21 3 0 0.23 0.0 0 5.9 23 190 M M 6 1 30 190
18 73 51 62 21 3 0 0.00 0.0 0 12.7 29 160 M M 9 128 39 170
19 71 45 58 17 7 0 0.43 0.0 0 14.1 29 230 M M 3 1 45 230
20 55 35 45 4 20 0 0.00 0.0 0 6.9 14 300 M M 0 20 300
21 56 35 46 5 19 0 0.15 0.0 0 5.4 17 160 M M 3 24 160
22 50 45 48 7 17 0 0.27 0.0 0 5.8 18 130 M M 10 18 27 130
23 51 31 41 0 24 0 0.00 0.0 0 6.0 14 330 M M 4 18 310
24 55 26 41 0 24 0 0.32 0.0 0 4.2 16 110 M M 2 138 28 110
25 57 40 49 7 16 0 0.45 0.0 0 13.6 28 180 M M 10 1 36 160
26 48 28 38 -4 27 0 T T 0 9.8 18 280 M M 7 26 250
27 58 26 42 0 23 0 0.00 0.0 0 7.8 17 220 M M 0 26 250
28 64 29 47 5 18 0 T 0.0 0 8.5 18 150 M M 4 26 170
29 56 47 52 10 13 0 0.54 0.0 0 5.9 17 130 M M 10 18 23 160
30 64 53 59 17 6 0 0.02 0.0 0 5.5 14 140 M M 9 18 18 110
31 54 38 46 4 19 0 0.40 0.0 0 7.2 16 360 M M 10 18 20 330
================================================================================
SM 1886 1134 429 1 4.76 T 249.2 M 167
================================================================================
AV 60.8 39.1 8.0 FASTST M M 5 MAX(MPH)
MISC ----> # 30 290 # 45 280
================================================================================
NOTES:
# LAST OF SEVERAL OCCURRENCES
COLUMN 17 PEAK WIND IN M.P.H.
PRELIMINARY LOCAL CLIMATOLOGICAL DATA (WS FORM: F-6) , PAGE 2
STATION: DECATUR
MONTH: JANUARY
YEAR: 2023
LATITUDE: 34 39 N
LONGITUDE: 86 56 W
[TEMPERATURE DATA] [PRECIPITATION DATA] SYMBOLS USED IN COLUMN 16
AVERAGE MONTHLY: 50.0 TOTAL FOR MONTH: 4.76 1 = FOG OR MIST
DPTR FM NORMAL: 8.6 DPTR FM NORMAL: 0.12 2 = FOG REDUCING VISIBILITY
HIGHEST: 74 ON 12, 2 GRTST 24HR 1.28 ON 3- 4 TO 1/4 MILE OR LESS
LOWEST: 25 ON 15 3 = THUNDER
SNOW, ICE PELLETS, HAIL 4 = ICE PELLETS
TOTAL MONTH: T 5 = HAIL
GRTST 24HR T ON 13-13 6 = FREEZING RAIN OR DRIZZLE
GRTST DEPTH: 0 7 = DUSTSTORM OR SANDSTORM:
VSBY 1/2 MILE OR LESS
8 = SMOKE OR HAZE
[NO. OF DAYS WITH] [WEATHER - DAYS WITH] 9 = BLOWING SNOW
X = TORNADO
MAX 32 OR BELOW: 0 0.01 INCH OR MORE: 12
MAX 90 OR ABOVE: 0 0.10 INCH OR MORE: 11
MIN 32 OR BELOW: 9 0.50 INCH OR MORE: 3
MIN 0 OR BELOW: 0 1.00 INCH OR MORE: 0
[HDD (BASE 65) ]
TOTAL THIS MO. 429 CLEAR (SCALE 0-3) 11
DPTR FM NORMAL -304 PTCLDY (SCALE 4-7) 8
TOTAL FM JUL 1 1702 CLOUDY (SCALE 8-10) 12
DPTR FM NORMAL -285
[CDD (BASE 65) ]
TOTAL THIS MO. 1
DPTR FM NORMAL 1 [PRESSURE DATA]
TOTAL FM JAN 1 1 HIGHEST SLP 30.39 ON 28
DPTR FM NORMAL 1 LOWEST SLP 29.58 ON 25
[REMARKS] MAX TEMPERATURE DATA FOR JANUARY 4TH AND 5TH WERE TAKEN
FROM THE BELLE MINA COOPERATIVE OBSERVER (GHCND: USC00010655,
BLMA1), WHICH IS LOCATED APPROXIMATELY 4.1 MILES NORTHEAST OF THE
DECATUR ASOS (KDCU).
#FINAL-01-23#