000
CXUS54 KHUN 010810
CF6DCU
PRELIMINARY LOCAL CLIMATOLOGICAL DATA (WS FORM: F-6)
STATION: DECATUR
MONTH: OCTOBER
YEAR: 2023
LATITUDE: 34 39 N
LONGITUDE: 86 56 W
TEMPERATURE IN F: :PCPN: SNOW: WIND :SUNSHINE: SKY :PK WND
================================================================================
1 2 3 4 5 6A 6B 7 8 9 10 11 12 13 14 15 16 17 18
12Z AVG MX 2MIN
DY MAX MIN AVG DEP HDD CDD WTR SNW DPTH SPD SPD DIR MIN PSBL S-S WX SPD DR
================================================================================
1 89 60 75 7 0 10 0.00 0.0 0 2.7 9 260 M M 5 13 170
2 89 58 74 6 0 9 0.00 0.0 0 2.0 9 270 M M 2 18 15 110
3 88 56 72 5 0 7 0.00 0.0 0 3.7 14 150 M M 0 21 160
4 86 54 70 3 0 5 0.00 0.0 0 4.6 17 180 M M 0 22 180
5 82 66 74 7 0 9 0.00 0.0 0 6.4 15 320 M M 3 8 20 170
6 77 58 68 2 0 3 0.30 0.0 0 5.4 14 360 M M 7 1 18 350
7 68 42 55 -11 10 0 0.00 0.0 0 8.1 18 340 M M 0 27 340
8 69 37 53 -12 12 0 0.00 0.0 0 3.6 15 310 M M 0 20 230
9 80 41 61 -4 4 0 0.00 0.0 0 7.7 20 220 M M 1 27 220
10 83 49 66 2 0 1 0.00 0.0 0 4.1 14 280 M M 0 19 300
11 73 55 64 0 1 0 0.04 0.0 0 4.1 12 150 M M 4 16 170
12 78 58 68 4 0 3 0.00 0.0 0 6.2 18 120 M M 8 1 30 120
13 72 55 64 1 1 0 0.00 0.0 0 6.4 15 150 M M 8 20 140
14 71 57 64 1 1 0 0.00 0.0 0 12.3 21 270 M M 6 31 290
15 60 46 53 -9 12 0 0.04 0.0 0 10.4 21 340 M M 9 18 27 360
16 61 45 53 -9 12 0 0.00 0.0 0 8.8 21 360 M M 8 28 330
17 65 40 53 -9 12 0 0.00 0.0 0 2.4 12 10 M M 6 1 16 340
18 74 37 56 -5 9 0 0.00 0.0 0 4.1 14 170 M M 0 1 19 190
19 75 44 60 -1 5 0 0.00 0.0 0 9.1 20 210 M M 3 24 180
20 80 48 64 4 1 0 0.00 0.0 0 8.3 23 290 M M 1 34 300
21 85 42 64 4 1 0 0.00 0.0 0 4.5 18 270 M M 0 26 290
22 78 48 63 3 2 0 0.00 0.0 0 4.7 13 350 M M 0 19 340
23 81 43 62 3 3 0 0.00 0.0 0 4.3 12 100 M M M 17 110
24 79 58 69 10 0 4 0.00 0.0 0 7.8 17 140 M M 0 22 160
25 81 58 70 12 0 5 0.00 0.0 0 8.9 17 140 M M 1 22 150
26 84 59 72 14 0 7 0.00 0.0 0 8.2 20 160 M M 3 26 160
27 83 61 72 15 0 7 0.00 0.0 0 5.7 13 230 M M 3 8 18 190
28 86 56 71 14 0 6 0.00 0.0 0 5.3 13 160 M M 2 17 160
29 85 57 71 14 0 6 0.00 0.0 0 5.1 14 180 M M 1 21 220
30 72 44 58 2 7 0 0.03 0.0 0 11.9 21 330 M M 10 18 27 330
31 56 37 47 -9 18 0 0.00 0.0 0 11.5 24 350 M M 2 38 350
================================================================================
SM 2390 1569 111 82 0.41 0.0 198.3 M 93
================================================================================
AV 77.1 50.6 6.4 FASTST M M 3 MAX(MPH)
MISC ----> 24 350 38 350
================================================================================
NOTES:
# LAST OF SEVERAL OCCURRENCES
COLUMN 17 PEAK WIND IN M.P.H.
PRELIMINARY LOCAL CLIMATOLOGICAL DATA (WS FORM: F-6) , PAGE 2
STATION: DECATUR
MONTH: OCTOBER
YEAR: 2023
LATITUDE: 34 39 N
LONGITUDE: 86 56 W
[TEMPERATURE DATA] [PRECIPITATION DATA] SYMBOLS USED IN COLUMN 16
AVERAGE MONTHLY: 63.9 TOTAL FOR MONTH: 0.41 1 = FOG OR MIST
DPTR FM NORMAL: 1.9 DPTR FM NORMAL: -2.82 2 = FOG REDUCING VISIBILITY
HIGHEST: 89 ON 2, 1 GRTST 24HR 0.30 ON 6- 6 TO 1/4 MILE OR LESS
LOWEST: 37 ON 31,18 3 = THUNDER
SNOW, ICE PELLETS, HAIL 4 = ICE PELLETS
TOTAL MONTH: 0.0 INCH 5 = HAIL
GRTST 24HR 0.0 6 = FREEZING RAIN OR DRIZZLE
GRTST DEPTH: 0 7 = DUSTSTORM OR SANDSTORM:
VSBY 1/2 MILE OR LESS
8 = SMOKE OR HAZE
[NO. OF DAYS WITH] [WEATHER - DAYS WITH] 9 = BLOWING SNOW
X = TORNADO
MAX 32 OR BELOW: 0 0.01 INCH OR MORE: 4
MAX 90 OR ABOVE: 0 0.10 INCH OR MORE: 1
MIN 32 OR BELOW: 0 0.50 INCH OR MORE: 0
MIN 0 OR BELOW: 0 1.00 INCH OR MORE: 0
[HDD (BASE 65) ]
TOTAL THIS MO. 111 CLEAR (SCALE 0-3) 17
DPTR FM NORMAL -45 PTCLDY (SCALE 4-7) 9
TOTAL FM JUL 1 111 CLOUDY (SCALE 8-10) 5
DPTR FM NORMAL -60
[CDD (BASE 65) ]
TOTAL THIS MO. 82
DPTR FM NORMAL 19 [PRESSURE DATA]
TOTAL FM JAN 1 1853 HIGHEST SLP M ON M
DPTR FM NORMAL 32 LOWEST SLP 29.71 ON 20
[REMARKS]
#FINAL-10-23#