000
CXUS56 KOTX 010910
CF6DEW
PRELIMINARY LOCAL CLIMATOLOGICAL DATA (WS FORM: F-6)
STATION: DEER_PARK WA AIRPORT
MONTH: APRIL
YEAR: 2023
LATITUDE: 47 58 N
LONGITUDE: 117 25 W
TEMPERATURE IN F: :PCPN: SNOW: WIND :SUNSHINE: SKY :PK WND
================================================================================
1 2 3 4 5 6A 6B 7 8 9 10 11 12 13 14 15 16 17 18
12Z AVG MX 2MIN
DY MAX MIN AVG DEP HDD CDD WTR SNW DPTH SPD SPD DIR MIN PSBL S-S WX SPD DR
================================================================================
1 49 30 40 -2 25 0 0.23 M M 12.5 28 220 M M 7 1 35 230
2 44 26 35 -7 30 0 T M M 5.5 18 170 M M 5 1 21 170
3 47 26 37 -5 28 0 0.00 M M 4.7 15 180 M M 4 20 310
4 46 23 35 -7 30 0 T M M 3.0 12 230 M M 6 17 240
5 50 19 35 -7 30 0 0.00 M M 6.2 20 230 M M 3 26 190
6 56 20 38 -4 27 0 0.00 M M 4.7 16 180 M M 7 22 150
7 52 42 47 4 18 0 0.44 M M 4.9 15 160 M M 10 1 22 60
8 55 35 45 2 20 0 0.00 M M 8.0 20 270 M M 8 26 310
9 62 35 49 6 16 0 0.22 M M 6.7 20 190 M M 10 1 24 200
10 55 47 51 8 14 0 0.45 M M 3.8 14 220 M M 10 1 18 210
11 53 27 40 -3 25 0 0.15 M M 12.9 31 230 M M 7 1 39 240
12 49 21 35 -9 30 0 0.00 M M 3.6 23 350 M M 2 8 28 360
13 50 22 36 -8 29 0 0.00 M M 5.4 17 240 M M 6 20 240
14 51 26 39 -5 26 0 T M M 2.9 17 310 M M 5 22 320
15 60 26 43 -1 22 0 0.00 M M 5.6 16 220 M M 4 21 230
16 59 39 49 4 16 0 0.01 M M 9.3 23 270 M M 7 30 280
17 53 33 43 -2 22 0 0.00 M M 6.5 15 190 M M 1 21 190
18 50 26 38 -7 27 0 0.05 M M 7.9 24 250 M M 6 1 32 270
19 51 20 36 -9 29 0 T M M 4.8 21 170 M M 3 25 190
20 49 28 39 -7 26 0 0.02 M M 7.4 16 210 M M 6 21 210
21 51 31 41 -5 24 0 0.06 M M 3.0 14 230 M M 9 12 18 220
22 58 28 43 -3 22 0 0.00 M M 2.8 12 200 M M 6 1 16 210
23 58 36 47 1 18 0 0.31 M M 4.8 16 170 M M 9 1 19 160
24 55 41 48 1 17 0 0.05 M M 7.4 21 190 M M 9 1 26 190
25 61 30 46 -1 19 0 0.00 M M 6.2 18 230 M M 3 12 33 200
26 70 30 50 3 15 0 0.00 M M 8.1 21 230 M M 2 28 200
27 68 35 52 4 13 0 0.00 M M 6.5 20 320 M M 0 24 310
28 75 30 53 5 12 0 0.00 M M 2.4 8 210 M M 0 8 11 230
29 81 36 59 11 6 0 0.00 M M 2.7 8 190 M M 0 18 11 170
30 83 47 65 16 0 0 0.00 M M 5.9 15 230 M M 0 19 230
================================================================================
SM 1701 915 636 0 1.99 M 176.1 M 155
================================================================================
AV 56.7 30.5 5.9 FASTST M M 5 MAX(MPH)
MISC ----> 31 230 39 240
================================================================================
NOTES:
# LAST OF SEVERAL OCCURRENCES
COLUMN 17 PEAK WIND IN M.P.H.
PRELIMINARY LOCAL CLIMATOLOGICAL DATA (WS FORM: F-6) , PAGE 2
STATION: DEER_PARK WA AIRPORT
MONTH: APRIL
YEAR: 2023
LATITUDE: 47 58 N
LONGITUDE: 117 25 W
[TEMPERATURE DATA] [PRECIPITATION DATA] SYMBOLS USED IN COLUMN 16
AVERAGE MONTHLY: 43.6 TOTAL FOR MONTH: 1.99 1 = FOG OR MIST
DPTR FM NORMAL: -1.1 DPTR FM NORMAL: 0.08 2 = FOG REDUCING VISIBILITY
HIGHEST: 83 ON 30 GRTST 24HR 0.49 ON 10-11 TO 1/4 MILE OR LESS
LOWEST: 19 ON 5 3 = THUNDER
SNOW, ICE PELLETS, HAIL 4 = ICE PELLETS
TOTAL MONTH: M 5 = HAIL
GRTST 24HR M ON M 6 = FREEZING RAIN OR DRIZZLE
GRTST DEPTH: M ON M 7 = DUSTSTORM OR SANDSTORM:
VSBY 1/2 MILE OR LESS
8 = SMOKE OR HAZE
[NO. OF DAYS WITH] [WEATHER - DAYS WITH] 9 = BLOWING SNOW
X = TORNADO
MAX 32 OR BELOW: 0 0.01 INCH OR MORE: 11
MAX 90 OR ABOVE: 0 0.10 INCH OR MORE: 6
MIN 32 OR BELOW: 19 0.50 INCH OR MORE: 0
MIN 0 OR BELOW: 0 1.00 INCH OR MORE: 0
[HDD (BASE 65) ]
TOTAL THIS MO. 636 CLEAR (SCALE 0-3) 9
DPTR FM NORMAL 27 PTCLDY (SCALE 4-7) 15
TOTAL FM JUL 1 6638 CLOUDY (SCALE 8-10) 6
DPTR FM NORMAL -69
[CDD (BASE 65) ]
TOTAL THIS MO. 0
DPTR FM NORMAL 0 [PRESSURE DATA]
TOTAL FM JAN 1 0 HIGHEST SLP M ON M
DPTR FM NORMAL 0 LOWEST SLP 29.61 ON 18
[REMARKS]
#FINAL-04-23#