000
CXUS53 KIWX 010910
CF6DFI
PRELIMINARY LOCAL CLIMATOLOGICAL DATA (WS FORM: F-6)
STATION: DEFIANCE MEMORIAL
MONTH: NOVEMBER
YEAR: 2021
LATITUDE: 41 20 N
LONGITUDE: 84 26 W
TEMPERATURE IN F: :PCPN: SNOW: WIND :SUNSHINE: SKY :PK WND
================================================================================
1 2 3 4 5 6A 6B 7 8 9 10 11 12 13 14 15 16 17 18
12Z AVG MX 2MIN
DY MAX MIN AVG DEP HDD CDD WTR SNW DPTH SPD SPD DIR MIN PSBL S-S WX SPD DR
================================================================================
1 52 37 45 -1 20 0 0.00 M M 5.1 14 300 M M 2 24 300
2 48 32 40 -6 25 0 0.00 M M 5.0 16 310 M M 5 23 300
3 49 27 38 -8 27 0 0.00 M M 1.6 7 230 M M 2 1 10 230
4 50 28 39 -6 26 0 0.00 0.0 0 1.9 9 300 M M 3 18 14 300
5 52 26 39 -6 26 0 0.00 M M 2.3 10 200 M M 0 14 200
6 56 27 42 -2 23 0 0.00 M M 3.3 14 200 M M 0 18 18 200
7 66 33 50 6 15 0 0.00 0.0 M 4.5 12 230 M M 0 17 220
8 69 40 55 11 10 0 0.00 M M 6.6 17 220 M M 0 26 230
9 62 41 52 9 13 0 0.00 M M 2.9 12 360 M M 4 15 360
10 58 36 47 4 18 0 0.00 M M 5.3 15 110 M M 6 128 22 120
11 67 43 55 13 10 0 0.04 0.0 0 11.1 30 210 M M 3 1 47 200
12 51 36 44 2 21 0 T M M 10.8 24 220 M M 4 37 230
13 44 36 40 -2 25 0 0.01 M M 10.4 18 250 M M 10 1 32 240
14 38 34 36 -5 29 0 0.04 M M 11.3 22 300 M M 10 1 30 300
15 40 33 37 -4 28 0 0.00 M M 6.5 20 300 M M 6 27 290
16 48 32 40 0 25 0 T M M 4.6 13 100 M M 3 18 17 130
17 65 43 54 14 11 0 0.12 M M 12.9 24 210 M M 10 1 37 200
18 47 32 40 0 25 0 0.01 M M 9.8 18 250 M M 6 36 230
19 44 31 38 -1 27 0 0.00 M M 5.6 13 260 M M 6 22 250
20 46 29 38 -1 27 0 T M M 5.7 14 190 M M 3 20 210
21 47 32 40 2 25 0 0.11 M M 6.8 24 310 M M 5 1 33 320
22 40 29 35 -3 30 0 0.00 M M 7.3 21 300 M M 3 26 280
23 41 21 31 -7 34 0 0.00 M M 4.4 12 200 M M 0 15 200
24 52 32 42 5 23 0 T M M 10.3 18 200 M M 1 29 170
25 49 34 42 5 23 0 0.13 M M 8.7 21 310 M M 10 1 31 300
26 35 29 32 -4 33 0 T M M 10.4 22 330 M M 10 30 330
27 38 24 31 -5 34 0 0.01 M M 5.0 12 160 M M 8 17 160
28 41 31 36 0 29 0 T M M 7.9 23 300 M M 8 18 33 270
29 41 24 33 -2 32 0 0.01 M M 5.8 13 180 M M 4 19 190
30 51 31 41 6 24 0 0.00 M M 6.3 15 230 M M 4 26 290
================================================================================
SM 1487 963 718 0 0.48 0.0 200.1 M 136
================================================================================
AV 49.6 32.1 6.7 FASTST M M 5 MAX(MPH)
MISC ----> 30 210 47 200
================================================================================
NOTES:
# LAST OF SEVERAL OCCURRENCES
COLUMN 17 PEAK WIND IN M.P.H.
PRELIMINARY LOCAL CLIMATOLOGICAL DATA (WS FORM: F-6) , PAGE 2
STATION: DEFIANCE MEMORIAL
MONTH: NOVEMBER
YEAR: 2021
LATITUDE: 41 20 N
LONGITUDE: 84 26 W
[TEMPERATURE DATA] [PRECIPITATION DATA] SYMBOLS USED IN COLUMN 16
AVERAGE MONTHLY: 40.8 TOTAL FOR MONTH: 0.48 1 = FOG OR MIST
DPTR FM NORMAL: 0.2 DPTR FM NORMAL: -2.00 2 = FOG REDUCING VISIBILITY
HIGHEST: 69 ON 8 GRTST 24HR 0.13 ON 17-18 TO 1/4 MILE OR LESS
LOWEST: 21 ON 23 3 = THUNDER
SNOW, ICE PELLETS, HAIL 4 = ICE PELLETS
TOTAL MONTH: 0.0 INCH 5 = HAIL
GRTST 24HR 0.0 6 = FREEZING RAIN OR DRIZZLE
GRTST DEPTH: 0 7 = DUSTSTORM OR SANDSTORM:
VSBY 1/2 MILE OR LESS
8 = SMOKE OR HAZE
[NO. OF DAYS WITH] [WEATHER - DAYS WITH] 9 = BLOWING SNOW
X = TORNADO
MAX 32 OR BELOW: 0 0.01 INCH OR MORE: 9
MAX 90 OR ABOVE: 0 0.10 INCH OR MORE: 3
MIN 32 OR BELOW: 18 0.50 INCH OR MORE: 0
MIN 0 OR BELOW: 0 1.00 INCH OR MORE: 0
[HDD (BASE 65) ]
TOTAL THIS MO. 718 CLEAR (SCALE 0-3) 10
DPTR FM NORMAL -14 PTCLDY (SCALE 4-7) 14
TOTAL FM JUL 1 954 CLOUDY (SCALE 8-10) 6
DPTR FM NORMAL -306
[CDD (BASE 65) ]
TOTAL THIS MO. 0
DPTR FM NORMAL 0 [PRESSURE DATA]
TOTAL FM JAN 1 1164 HIGHEST SLP 30.55 ON 19
DPTR FM NORMAL 417 LOWEST SLP 29.64 ON 11
[REMARKS]
#FINAL-11-21#