000
CXUS54 KFWD 010733
CLMDFW
CLIMATE REPORT
NATIONAL WEATHER SERVICE FORT WORTH TX
233 AM CDT SUN OCT 01 2023
...................................
...THE DALLAS/FORT WORTH CLIMATE SUMMARY FOR THE MONTH OF SEPTEMBER 2023...
CLIMATE NORMAL PERIOD 1991 TO 2020
CLIMATE RECORD PERIOD 1898 TO 2023
WEATHER OBSERVED NORMAL DEPART LAST YEAR`S
VALUE DATE(S) VALUE FROM VALUE DATE(S)
NORMAL
................................................................
TEMPERATURE (F)
RECORD
HIGH 111 09/04/2000
LOW 40 09/27/1942
09/28/1908
HIGHEST 110 09/08 99 11 98 09/22
09/25
LOWEST 66 09/18 53 13 58 09/30
AVG. MAXIMUM 95.4 88.6 6.8 91.2
AVG. MINIMUM 73.7 68.5 5.2 69.9
MEAN 84.6 78.5 6.1 80.6
DAYS MAX >= 90 25 16.2 8.8 19
DAYS MAX <= 32 0 0.0 0.0 0
DAYS MAX >= 100 8 0
DAYS MIN <= 32 0 0.0 0.0 0
DAYS MIN <= 0 0 0.0 0.0 0
DAYS MIN >= 80 3 0
PRECIPITATION (INCHES)
RECORD
MAXIMUM 12.69 2018
MINIMUM T 2019
TOTALS 0.83 2.72 -1.89 0.33
DAILY AVG. 0.03 0.09 -0.06 0.01
DAYS >= .01 7 5.1 1.9 2
DAYS >= .10 3 3.7 -0.7 2
DAYS >= .50 0 1.7 -1.7 0
DAYS >= 1.00 0 0.8 -0.8 0
GREATEST
24 HR. TOTAL 0.29 09/19 TO 09/19 0.34
DEGREE DAYS
HEATING TOTAL 0 3 -3 0
SINCE 7/1 0 0 0 MM
COOLING TOTAL 595 410 185 473
SINCE 1/1 3310 2638 672 MM
................................................................
WIND (MPH)
AVERAGE WIND SPEED 8.7
HIGHEST WIND SPEED/DIRECTION 41/200 DATE 09/08
HIGHEST GUST SPEED/DIRECTION 54/280 DATE 09/08
SKY COVER
POSSIBLE SUNSHINE (PERCENT) MM
AVERAGE SKY COVER 0.43
NUMBER OF DAYS FAIR 12
NUMBER OF DAYS PC 13
NUMBER OF DAYS CLOUDY 5
AVERAGE RH (PERCENT) 57
WEATHER CONDITIONS. NUMBER OF DAYS WITH
THUNDERSTORM 7 MIXED PRECIP 0
HEAVY RAIN 1 RAIN 1
LIGHT RAIN 7 FREEZING RAIN 0
LT FREEZING RAIN 0 HAIL 0
HEAVY SNOW 0 SNOW 0
LIGHT SNOW 0 SLEET 0
FOG 3 FOG W/VIS <= 1/4 MILE 0
HAZE 7
- INDICATES NEGATIVE NUMBERS.
R INDICATES RECORD WAS SET OR TIED.
MM INDICATES DATA IS MISSING.
T INDICATES TRACE AMOUNT.
$$