000
CXUS55 KCYS 041710 CCA
CF6DGW
PRELIMINARY LOCAL CLIMATOLOGICAL DATA (WS FORM: F-6)...CORRECTED
STATION: CONVERSE CO (DOUGLAS) WY ARPT
MONTH: JULY
YEAR: 2022
LATITUDE: 42 46 N
LONGITUDE: 105 22 W
TEMPERATURE IN F: :PCPN: SNOW: WIND :SUNSHINE: SKY :PK WND
================================================================================
1 2 3 4 5 6A 6B 7 8 9 10 11 12 13 14 15 16 17 18
12Z AVG MX 2MIN
DY MAX MIN AVG DEP HDD CDD WTR SNW DPTH SPD SPD DIR MIN PSBL S-S WX SPD DR
================================================================================
1 87 54 71 2 0 6 0.00 M M 9.4 36 270 M M 0 3 49 270
2 91 46 69 0 0 4 T M M 7.0 38 360 M M 1 3 53 20
3 95 52 74 5 0 9 T M M 8.5 36 300 M M 1 3 45 310
4 95 59 77 7 0 12 T M M 10.1 40 230 M M 1 3 55 220
5 95 57 76 6 0 11 0.00 M M 12.1 24 110 M M 0 3 32 80
6 87 64 76 6 0 11 T M M 14.5 23 140 M M 3 33 130
7 93 55 74 4 0 9 M M M 8.2 33 350 M M 1 3 49 350
8 93 54 74 3 0 9 M M M 10.6 26 150 M M 0 34 140
9 101 57 79 8 0 14 0.00 M M 7.6 20 130 M M 0 27 120
10 95 60 78 7 0 13 M M M 11.2 39 10 M M 0 55 20
11 85 57 71 -1 0 6 0.00 M M 7.3 22 310 M M 2 37 300
12 93 53 73 1 0 8 0.00 M M 7.6 17 80 M M 0 23 50
13 100 57 79 7 0 14 T M M 5.9 29 300 M M 0 3 37 300
14 98 60 79 7 0 14 T M M 9.8 35 290 M M 1 3 50 280
15 90 60 75 3 0 10 0.07 M M 7.1 22 230 M M 3 3 30 230
16 95 59 77 5 0 12 T M M 8.1 25 290 M M 1 35 360
17 100 51 76 3 0 11 0.00 M M 4.6 16 140 M M 0 20 140
18 102 61 82 9 0 17 0.00 M M 15.9 36 280 M M 0 46 260
19 93 55 74 1 0 9 0.00 M M 9.6 24 290 M M 0 32 330
20 97 59 78 5 0 13 0.00 M M 7.5 24 290 M M 0 34 320
21 99 51 75 2 0 10 0.00 M M 7.4 22 310 M M 0 30 300
22 100 51 76 3 0 11 0.00 M M 6.7 21 290 M M 0 3 32 280
23 89 64 77 4 0 12 0.00 M M 9.2 22 330 M M 0 28 330
24 90 58 74 1 0 9 0.00 M M 13.7 26 80 M M 0 38 190
25 93 57 75 2 0 10 0.00 M M 9.5 25 290 M M 2 33 290
26 83 57 70 -3 0 5 0.00 M M 9.1 20 350 M M 1 26 10
27 89 56 73 0 0 8 0.04 M M 9.0 21 130 M M 2 3 28 30
28 86 58 72 -1 0 7 0.00 M M 8.8 21 170 M M 3 28 170
29 92 56 74 1 0 9 0.00 M M 5.4 24 130 M M 0 33 130
30 97 53 75 2 0 10 0.00 M M 4.9 21 250 M M 0 3 27 250
31 94 60 77 4 0 12 0.00 M M 8.4 24 200 M M 0 32 230
================================================================================
SM 2897 1751 0 315 0.11 M 274.7 M 22
================================================================================
AV 93.5 56.5 8.9 FASTST M M 1 MAX(MPH)
MISC ----> 40 230 # 55 220
================================================================================
NOTES:
# LAST OF SEVERAL OCCURRENCES
COLUMN 17 PEAK WIND IN M.P.H.
PRELIMINARY LOCAL CLIMATOLOGICAL DATA (WS FORM: F-6) , PAGE 2
STATION: CONVERSE CO (DOUGLAS) WY ARPT
MONTH: JULY
YEAR: 2022
LATITUDE: 42 46 N
LONGITUDE: 105 22 W
[TEMPERATURE DATA] [PRECIPITATION DATA] SYMBOLS USED IN COLUMN 16
AVERAGE MONTHLY: 75.0 TOTAL FOR MONTH: 0.11 1 = FOG OR MIST
DPTR FM NORMAL: 3.1 DPTR FM NORMAL: -0.74 2 = FOG REDUCING VISIBILITY
HIGHEST: 102 ON 18 GRTST 24HR 0.07 ON 15-16 TO 1/4 MILE OR LESS
LOWEST: 46 ON 2 3 = THUNDER
SNOW, ICE PELLETS, HAIL 4 = ICE PELLETS
TOTAL MONTH: M 5 = HAIL
GRTST 24HR M ON M 6 = FREEZING RAIN OR DRIZZLE
GRTST DEPTH: M ON M 7 = DUSTSTORM OR SANDSTORM:
VSBY 1/2 MILE OR LESS
8 = SMOKE OR HAZE
[NO. OF DAYS WITH] [WEATHER - DAYS WITH] 9 = BLOWING SNOW
X = TORNADO
MAX 32 OR BELOW: 0 0.01 INCH OR MORE: 2
MAX 90 OR ABOVE: 24 0.10 INCH OR MORE: 0
MIN 32 OR BELOW: 0 0.50 INCH OR MORE: 0
MIN 0 OR BELOW: 0 1.00 INCH OR MORE: 0
[HDD (BASE 65) ]
TOTAL THIS MO. 0 CLEAR (SCALE 0-3) 30
DPTR FM NORMAL -11 PTCLDY (SCALE 4-7) 1
TOTAL FM JUL 1 0 CLOUDY (SCALE 8-10) 0
DPTR FM NORMAL -6
[CDD (BASE 65) ]
TOTAL THIS MO. 315
DPTR FM NORMAL 90 [PRESSURE DATA]
TOTAL FM JAN 1 394 HIGHEST SLP 30.16 ON 11
DPTR FM NORMAL 95 LOWEST SLP 29.61 ON 4
[REMARKS]
JULY 7, 8 AND 10...PRECIPITATION MISSING.
#FINAL-07-22#