039
CXUS52 KTAE 010800
CF6DHN
PRELIMINARY LOCAL CLIMATOLOGICAL DATA (WS FORM: F-6)
STATION: DOTHAN
MONTH: JULY
YEAR: 2020
LATITUDE: 31 19 N
LONGITUDE: 85 27 W
TEMPERATURE IN F: :PCPN: SNOW: WIND :SUNSHINE: SKY :PK WND
================================================================================
1 2 3 4 5 6A 6B 7 8 9 10 11 12 13 14 15 16 17 18
12Z AVG MX 2MIN
DY MAX MIN AVG DEP HDD CDD WTR SNW DPTH SPD SPD DIR MIN PSBL S-S WX SPD DR
================================================================================
1 92 72 82 0 0 17 0.63 0.0 0 6.5 32 340 M M 2 13 39 340
2 91 72 82 0 0 17 0.00 0.0 0 5.9 14 310 M M 2 18 290
3 93 74 84 2 0 19 0.19 0.0 0 4.7 18 70 M M 3 13 23 70
4 90 73 82 0 0 17 0.21 0.0 0 4.2 24 80 M M 5 138 35 80
5 89 73 81 -1 0 16 0.30 0.0 0 3.3 21 240 M M 4 123 23 230
6 89 75 82 0 0 17 0.05 0.0 0 4.9 15 220 M M 7 13 17 220
7 85 74 80 -2 0 15 0.10 0.0 0 7.1 16 230 M M 7 138 19 240
8 91 75 83 1 0 18 0.01 0.0 0 8.6 16 270 M M 6 1 24 240
9 91 73 82 0 0 17 0.00 0.0 0 6.9 14 290 M M 2 17 290
10 95 77 86 4 0 21 T 0.0 0 7.2 15 330 M M 2 3 19 310
11 95 76 86 4 0 21 0.00 0.0 0 8.2 17 350 M M 1 1 22 330
12 96 70 83 1 0 18 0.83 0.0 0 7.0 33 310 M M 1 1 47 330
13 95 71 83 1 0 18 0.00 0.0 0 4.9 9 280 M M 1 M M
14 95 77 86 4 0 21 0.00 0.0 0 5.7 21 170 M M 4 123 25 160
15 93 73 83 1 0 18 T 0.0 0 5.6 28 250 M M 3 1238 37 260
16 94 71 83 1 0 18 0.00 0.0 0 3.5 10 210 M M 5 12 12 210
17 95 74 85 3 0 20 0.00 0.0 0 5.3 15 90 M M 0 18 100
18 96 75 86 4 0 21 0.00 0.0 0 4.6 13 80 M M 0 17 70
19 97 75 86 4 0 21 0.00 0.0 0 3.3 14 220 M M 1 18 210
20 100 77 89 7 0 24 0.06 0.0 0 4.7 25 180 M M 2 13 31 190
21 98 74 86 4 0 21 0.00 0.0 0 2.9 18 160 M M 1 3 24 160
22 96 72 84 2 0 19 0.09 0.0 0 5.5 36 130 M M 1 1 49 130
23 93 73 83 1 0 18 0.09 0.0 0 6.8 20 120 M M 4 13 27 130
24 91 73 82 0 0 17 0.00 0.0 0 5.9 14 120 M M 4 17 110
25 95 74 85 3 0 20 T 0.0 0 6.1 13 210 M M 2 3 20 170
26 95 72 84 2 0 19 0.06 0.0 0 4.7 15 330 M M 2 3 19 300
27 95 72 84 2 0 19 0.00 0.0 0 4.8 13 250 M M 1 22 180
28 93 74 84 2 0 19 0.44 0.0 0 6.8 22 250 M M 4 13 28 240
29 89 74 82 0 0 17 0.06 0.0 0 8.5 23 250 M M 6 1 34 250
30 93 76 85 3 0 20 T 0.0 0 9.2 17 250 M M 5 1 22 240
31 96 76 86 4 0 21 0.00 0.0 0 8.6 16 230 M M 2 21 230
================================================================================
SM 2896 2287 0 584 3.12 0.0 181.9 M 90
================================================================================
AV 93.4 73.8 5.9 FASTST M M 3 MAX(MPH)
MISC ----> # 36 130 # 49 130
================================================================================
NOTES:
# LAST OF SEVERAL OCCURRENCES
COLUMN 17 PEAK WIND IN M.P.H.
PRELIMINARY LOCAL CLIMATOLOGICAL DATA (WS FORM: F-6) , PAGE 2
STATION: DOTHAN
MONTH: JULY
YEAR: 2020
LATITUDE: 31 19 N
LONGITUDE: 85 27 W
[TEMPERATURE DATA] [PRECIPITATION DATA] SYMBOLS USED IN COLUMN 16
AVERAGE MONTHLY: 83.6 TOTAL FOR MONTH: 3.12 1 = FOG OR MIST
DPTR FM NORMAL: 1.7 DPTR FM NORMAL: -2.83 2 = FOG REDUCING VISIBILITY
HIGHEST: 100 ON 20 GRTST 24HR 0.83 ON 12-12 TO 1/4 MILE OR LESS
LOWEST: 70 ON 12 3 = THUNDER
SNOW, ICE PELLETS, HAIL 4 = ICE PELLETS
TOTAL MONTH: 0.0 INCH 5 = HAIL
GRTST 24HR 0.0 6 = FREEZING RAIN OR DRIZZLE
GRTST DEPTH: 0 7 = DUSTSTORM OR SANDSTORM:
VSBY 1/2 MILE OR LESS
8 = SMOKE OR HAZE
[NO. OF DAYS WITH] [WEATHER - DAYS WITH] 9 = BLOWING SNOW
X = TORNADO
MAX 32 OR BELOW: 0 0.01 INCH OR MORE: 14
MAX 90 OR ABOVE: 27 0.10 INCH OR MORE: 7
MIN 32 OR BELOW: 0 0.50 INCH OR MORE: 2
MIN 0 OR BELOW: 0 1.00 INCH OR MORE: 0
[HDD (BASE 65) ]
TOTAL THIS MO. 0 CLEAR (SCALE 0-3) 19
DPTR FM NORMAL 0 PTCLDY (SCALE 4-7) 12
TOTAL FM JUL 1 0 CLOUDY (SCALE 8-10) 0
DPTR FM NORMAL 0
[CDD (BASE 65) ]
TOTAL THIS MO. 584
DPTR FM NORMAL 60 [PRESSURE DATA]
TOTAL FM JAN 1 1746 HIGHEST SLP M ON M
DPTR FM NORMAL 365 LOWEST SLP 29.83 ON 12
[REMARKS]
#FINAL-07-20#