000
CXUS54 KAMA 010710
CF6DHT
PRELIMINARY LOCAL CLIMATOLOGICAL DATA (WS FORM: F-6)
STATION: DALHART
MONTH: JULY
YEAR: 2021
LATITUDE: 36 1 N
LONGITUDE: 102 33 W
TEMPERATURE IN F: :PCPN: SNOW: WIND :SUNSHINE: SKY :PK WND
================================================================================
1 2 3 4 5 6A 6B 7 8 9 10 11 12 13 14 15 16 17 18
12Z AVG MX 2MIN
DY MAX MIN AVG DEP HDD CDD WTR SNW DPTH SPD SPD DIR MIN PSBL S-S WX SPD DR
================================================================================
1 88 65 77 -1 0 12 0.55 0.0 0 11.2 31 40 M M 8 123 38 40
2 81 65 73 -5 0 8 0.00 0.0 0 7.7 14 120 M M 7 1 19 110
3 87 64 76 -2 0 11 0.00 0.0 0 9.8 17 160 M M 3 12 23 190
4 92 61 77 -1 0 12 1.85 T 0 13.1 33 90 M M 4 1238 55 190
5 85 61 73 -5 0 8 0.00 0.0 0 7.8 16 140 M M 1 1 21 90
6 84 64 74 -4 0 9 0.02 0.0 0 9.5 28 350 M M 4 123 40 360
7 86 63 75 -3 0 10 0.00 0.0 0 7.6 15 60 M M 1 1 20 40
8 90 62 76 -3 0 11 0.00 0.0 0 8.1 18 170 M M 0 18 25 170
9 94 61 78 -1 0 13 0.00 0.0 0 14.6 24 190 M M 0 32 170
10 88 62 75 -4 0 10 0.00 0.0 0 13.6 28 360 M M 0 36 360
11 82 63 73 -6 0 8 0.00 0.0 0 6.5 16 30 M M 4 22 30
12 89 59 74 -5 0 9 0.00 0.0 0 8.4 16 180 M M 1 1 21 180
13 91 63 77 -2 0 12 0.00 0.0 0 14.9 25 170 M M 0 33 170
14 93 66 80 1 0 15 0.43 0.0 0 17.3 31 290 M M 2 138 42 290
15 84 65 75 -4 0 10 0.01 0.0 0 6.8 24 170 M M 3 13 28 170
16 89 61 75 -4 0 10 0.00 0.0 0 6.9 14 140 M M 0 1 25 160
17 90 67 79 0 0 14 0.16 0.0 0 8.1 40 130 M M 1 13 52 120
18 88 65 77 -2 0 12 0.43 0.0 0 6.7 30 60 M M 2 13 39 60
19 84 62 73 -6 0 8 0.00 0.0 0 5.6 13 100 M M 2 12 17 90
20 84 62 73 -6 0 8 0.00 0.0 0 7.5 16 110 M M 2 18 22 100
21 84 60 72 -7 0 7 0.00 0.0 0 11.8 22 160 M M 2 29 180
22 88 57 73 -6 0 8 0.00 0.0 0 12.5 23 170 M M 0 32 180
23 91 59 75 -4 0 10 0.00 0.0 0 11.4 22 170 M M 0 29 170
24 93 63 78 -1 0 13 0.00 0.0 0 5.5 13 160 M M 0 18 17 170
25 95 65 80 1 0 15 0.31 0.0 0 8.2 23 160 M M 2 13 31 250
26 90 66 78 -1 0 13 0.01 0.0 0 9.5 36 150 M M 3 51 160
27 94 65 80 1 0 15 0.00 0.0 0 9.2 16 170 M M 0 23 210
28 97 63 80 1 0 15 0.00 0.0 0 11.8 28 140 M M 0 34 140
29 93 62 78 -1 0 13 0.00 0.0 0 9.7 20 160 M M 0 27 190
30 95 63 79 0 0 14 0.00 0.0 0 11.7 22 180 M M 0 29 180
31 95 62 79 0 0 14 0.14 0.0 0 8.3 26 20 M M 1 138 36 30
================================================================================
SM 2764 1946 0 347 3.91 T 301.3 M 53
================================================================================
AV 89.2 62.8 9.7 FASTST M M 2 MAX(MPH)
MISC ----> 40 130 55 190
================================================================================
NOTES:
# LAST OF SEVERAL OCCURRENCES
COLUMN 17 PEAK WIND IN M.P.H.
PRELIMINARY LOCAL CLIMATOLOGICAL DATA (WS FORM: F-6) , PAGE 2
STATION: DALHART
MONTH: JULY
YEAR: 2021
LATITUDE: 36 1 N
LONGITUDE: 102 33 W
[TEMPERATURE DATA] [PRECIPITATION DATA] SYMBOLS USED IN COLUMN 16
AVERAGE MONTHLY: 76.0 TOTAL FOR MONTH: 3.91 1 = FOG OR MIST
DPTR FM NORMAL: -2.7 DPTR FM NORMAL: 1.40 2 = FOG REDUCING VISIBILITY
HIGHEST: 97 ON 28 GRTST 24HR 1.85 ON 4- 4 TO 1/4 MILE OR LESS
LOWEST: 57 ON 22 3 = THUNDER
SNOW, ICE PELLETS, HAIL 4 = ICE PELLETS
TOTAL MONTH: T 5 = HAIL
GRTST 24HR T ON 4- 4 6 = FREEZING RAIN OR DRIZZLE
GRTST DEPTH: 0 7 = DUSTSTORM OR SANDSTORM:
VSBY 1/2 MILE OR LESS
8 = SMOKE OR HAZE
[NO. OF DAYS WITH] [WEATHER - DAYS WITH] 9 = BLOWING SNOW
X = TORNADO
MAX 32 OR BELOW: 0 0.01 INCH OR MORE: 10
MAX 90 OR ABOVE: 15 0.10 INCH OR MORE: 7
MIN 32 OR BELOW: 0 0.50 INCH OR MORE: 2
MIN 0 OR BELOW: 0 1.00 INCH OR MORE: 1
[HDD (BASE 65) ]
TOTAL THIS MO. 0 CLEAR (SCALE 0-3) 25
DPTR FM NORMAL 0 PTCLDY (SCALE 4-7) 6
TOTAL FM JUL 1 0 CLOUDY (SCALE 8-10) 0
DPTR FM NORMAL 0
[CDD (BASE 65) ]
TOTAL THIS MO. 347
DPTR FM NORMAL -80 [PRESSURE DATA]
TOTAL FM JAN 1 750 HIGHEST SLP M ON M
DPTR FM NORMAL -86 LOWEST SLP 29.73 ON 4
[REMARKS]
#FINAL-07-21#