000
CXUS51 KLWX 010815
CF6DMH
PRELIMINARY LOCAL CLIMATOLOGICAL DATA (WS FORM: F-6)
STATION: BALTIMORE INNER HARBOR
MONTH: MARCH
YEAR: 2023
LATITUDE: 39 16 N
LONGITUDE: 76 37 W
TEMPERATURE IN F: :PCPN: SNOW: WIND :SUNSHINE: SKY :PK WND
================================================================================
1 2 3 4 5 6A 6B 7 8 9 10 11 12 13 14 15 16 17 18
12Z AVG MX 2MIN
DY MAX MIN AVG DEP HDD CDD WTR SNW DPTH SPD SPD DIR MIN PSBL S-S WX SPD DR
================================================================================
1 54 37 46 4 19 0 0.00 M M M M M M M M M M
2 65 46 56 14 9 0 0.00 M M M M M M M M M M
3 53 40 47 5 18 0 0.67 M M M M M M M M M M
4 55 42 49 7 16 0 0.01 M M M M M M M M M M
5 63 37 50 7 15 0 0.00 M M M M M M M 0 M M
6 59 41 50 7 15 0 0.00 M M M M M M M 0 M M
7 54 40 47 4 18 0 0.00 M M M M M M M M M M
8 53 36 45 1 20 0 0.00 M M M M M M M M M M
9 55 37 46 2 19 0 0.00 M M M M M M M 0 M M
10 46 39 43 -1 22 0 0.18 M M M M M M M 0 M M
11 49 39 44 -1 21 0 0.00 M M M M M M M 0 M M
12 43 34 39 -6 26 0 0.01 M M M M M M M 0 M M
13 48 40 44 -1 21 0 M 0.0 0 M M M M M 0 M M
14 44 34 39 -7 26 0 M M M M M M M M 0 M M
15 52 34 43 -3 22 0 0.00 0.0 0 M M M M M 0 M M
16 66 38 52 6 13 0 0.00 M M M M M M M 0 M M
17 61 46 54 7 11 0 0.01 M M M M M M M 0 M M
18 54 41 48 1 17 0 0.00 M M M M M M M 0 M M
19 43 28 36 -11 29 0 0.00 M M M M M M M 0 M M
20 53 31 42 -6 23 0 0.00 M M M M M M M 0 M M
21 61 34 48 0 17 0 0.01 M M M M M M M 0 M M
22 67 45 56 8 9 0 0.00 M M M M M M M 0 M M
23 77 51 64 15 1 0 0.14 M M M M M M M 0 M M
24 64 47 56 7 9 0 0.30 M M M M M M M 0 M M
25 51 44 48 -1 17 0 0.24 M M M M M M M 0 M M
26 69 50 60 10 5 0 0.00 M M M M M M M 0 M M
27 63 47 55 5 10 0 0.08 M M M M M M M 0 M M
28 57 47 52 2 13 0 0.00 M M M M M M M 0 M M
29 60 44 52 1 13 0 0.00 M M M M M M M 0 M M
30 54 37 46 -5 19 0 0.00 M M M M M M M 0 M M
31 66 41 54 3 11 0 0.00 M M M M M M M 0 M M
================================================================================
SM 1759 1247 504 0 1.65 0.0 M M 0
================================================================================
AV 56.7 40.2 M FASTST M M 0 MAX(MPH)
MISC ----> M M M M
================================================================================
NOTES:
# LAST OF SEVERAL OCCURRENCES
COLUMN 17 PEAK WIND IN M.P.H.
PRELIMINARY LOCAL CLIMATOLOGICAL DATA (WS FORM: F-6) , PAGE 2
STATION: BALTIMORE INNER HARBOR
MONTH: MARCH
YEAR: 2023
LATITUDE: 39 16 N
LONGITUDE: 76 37 W
[TEMPERATURE DATA] [PRECIPITATION DATA] SYMBOLS USED IN COLUMN 16
AVERAGE MONTHLY: 48.5 TOTAL FOR MONTH: 1.65 1 = FOG OR MIST
DPTR FM NORMAL: 2.2 DPTR FM NORMAL: -2.21 2 = FOG REDUCING VISIBILITY
HIGHEST: 77 ON 23 GRTST 24HR 0.68 ON 3- 4 TO 1/4 MILE OR LESS
LOWEST: 28 ON 19 3 = THUNDER
SNOW, ICE PELLETS, HAIL 4 = ICE PELLETS
TOTAL MONTH: 0.0 INCH 5 = HAIL
GRTST 24HR 0.0 6 = FREEZING RAIN OR DRIZZLE
GRTST DEPTH: 0 7 = DUSTSTORM OR SANDSTORM:
VSBY 1/2 MILE OR LESS
8 = SMOKE OR HAZE
[NO. OF DAYS WITH] [WEATHER - DAYS WITH] 9 = BLOWING SNOW
X = TORNADO
MAX 32 OR BELOW: 0 0.01 INCH OR MORE: 10
MAX 90 OR ABOVE: 0 0.10 INCH OR MORE: 5
MIN 32 OR BELOW: 2 0.50 INCH OR MORE: 1
MIN 0 OR BELOW: 0 1.00 INCH OR MORE: 0
[HDD (BASE 65) ]
TOTAL THIS MO. 504 CLEAR (SCALE 0-3) 25
DPTR FM NORMAL -75 PTCLDY (SCALE 4-7) 0
TOTAL FM JUL 1 2612 CLOUDY (SCALE 8-10) 6
DPTR FM NORMAL -1053
[CDD (BASE 65) ]
TOTAL THIS MO. 0
DPTR FM NORMAL -1 [PRESSURE DATA]
TOTAL FM JAN 1 0 HIGHEST SLP 30.44 ON 21
DPTR FM NORMAL -1 LOWEST SLP 29.28 ON 4
[REMARKS]
#FINAL-03-23#