000
CXUS54 KEPZ 011030
CF6DMN
PRELIMINARY LOCAL CLIMATOLOGICAL DATA (WS FORM: F-6)
STATION: DEMING
MONTH: JULY
YEAR: 2021
LATITUDE: 32 15 N
LONGITUDE: 107 42 W
TEMPERATURE IN F: :PCPN: SNOW: WIND :SUNSHINE: SKY :PK WND
================================================================================
1 2 3 4 5 6A 6B 7 8 9 10 11 12 13 14 15 16 17 18
12Z AVG MX 2MIN
DY MAX MIN AVG DEP HDD CDD WTR SNW DPTH SPD SPD DIR MIN PSBL S-S WX SPD DR
================================================================================
1 84 66 75 -6 0 10 0.08 M M 5.1 14 230 M M 2 13 21 240
2 90 65 78 -3 0 13 T M M 5.0 22 90 M M 3 38 33 90
3 91 68 80 -1 0 15 0.03 M M 5.8 15 270 M M 3 20 260
4 96 65 81 -1 0 16 0.00 M M 7.5 21 310 M M 1 29 270
5 96 70 83 1 0 18 T M M 7.5 26 10 M M 2 3 40 360
6 94 71 83 1 0 18 T M M 8.2 23 330 M M 3 3 30 340
7 89 65 77 -5 0 12 0.34 M M 10.4 33 40 M M 3 13 43 40
8 92 66 79 -3 0 14 0.00 M M 6.1 16 110 M M 0 23 140
9 98 65 82 0 0 17 0.00 M M 4.7 14 90 M M 0 20 80
10 101 66 84 2 0 19 T M M 5.1 31 20 M M 0 42 30
11 98 68 83 1 0 18 0.03 M M 7.8 38 70 M M 1 38 55 80
12 91 63 77 -5 0 12 0.00 M M 6.5 15 120 M M 0 23 80
13 93 68 81 -1 0 16 0.00 M M 7.6 16 120 M M 0 25 110
14 95 67 81 -1 0 16 0.00 M M 5.2 15 280 M M 1 21 200
15 97 68 83 1 0 18 0.01 M M 8.9 25 330 M M 2 36 340
16 94 67 81 -1 0 16 0.00 M M 8.3 33 290 M M 1 8 45 280
17 96 64 80 -2 0 15 0.00 M M 6.4 17 100 M M 0 24 100
18 95 74 85 3 0 20 0.01 M M 7.5 26 130 M M 3 3 36 130
19 93 69 81 -1 0 16 0.00 M M 6.9 17 140 M M 5 25 80
20 95 70 83 2 0 18 0.00 M M 9.2 20 90 M M 1 29 90
21 93 69 81 0 0 16 0.00 M M 7.8 18 130 M M 1 28 110
22 96 66 81 0 0 16 0.00 M M 10.3 30 320 M M 1 8 42 340
23 92 68 80 -1 0 15 0.00 M M 12.2 25 270 M M 0 37 270
24 82 65 74 -7 0 9 T M M 7.5 24 270 M M 4 3 34 260
25 90 62 76 -5 0 11 T M M 4.8 21 260 M M 2 27 260
26 94 62 78 -3 0 13 0.01 M M 7.6 21 130 M M 2 3 31 140
27 95 69 82 1 0 17 0.00 M M 5.9 16 270 M M 2 27 210
28 97 68 83 2 0 18 0.00 M M 7.4 25 310 M M 2 3 35 320
29 92 68 80 -1 0 15 T M M 11.2 25 150 M M 3 38 140
30 92 65 79 -2 0 14 0.00 M M 9.5 18 190 M M 1 27 100
31 92 65 79 -2 0 14 0.01 M M 5.9 21 120 M M 2 27 120
================================================================================
SM 2893 2072 0 475 0.52 M 229.8 M 51
================================================================================
AV 93.3 66.8 7.4 FASTST M M 2 MAX(MPH)
MISC ----> 38 70 55 80
================================================================================
NOTES:
# LAST OF SEVERAL OCCURRENCES
COLUMN 17 PEAK WIND IN M.P.H.
PRELIMINARY LOCAL CLIMATOLOGICAL DATA (WS FORM: F-6) , PAGE 2
STATION: DEMING
MONTH: JULY
YEAR: 2021
LATITUDE: 32 15 N
LONGITUDE: 107 42 W
[TEMPERATURE DATA] [PRECIPITATION DATA] SYMBOLS USED IN COLUMN 16
AVERAGE MONTHLY: 80.1 TOTAL FOR MONTH: 0.52 1 = FOG OR MIST
DPTR FM NORMAL: -1.3 DPTR FM NORMAL: -1.39 2 = FOG REDUCING VISIBILITY
HIGHEST: 101 ON 10 GRTST 24HR 0.34 ON 6- 7 TO 1/4 MILE OR LESS
LOWEST: 62 ON 26,25 3 = THUNDER
SNOW, ICE PELLETS, HAIL 4 = ICE PELLETS
TOTAL MONTH: M 5 = HAIL
GRTST 24HR M ON M 6 = FREEZING RAIN OR DRIZZLE
GRTST DEPTH: M ON M 7 = DUSTSTORM OR SANDSTORM:
VSBY 1/2 MILE OR LESS
8 = SMOKE OR HAZE
[NO. OF DAYS WITH] [WEATHER - DAYS WITH] 9 = BLOWING SNOW
X = TORNADO
MAX 32 OR BELOW: 0 0.01 INCH OR MORE: 8
MAX 90 OR ABOVE: 28 0.10 INCH OR MORE: 1
MIN 32 OR BELOW: 0 0.50 INCH OR MORE: 0
MIN 0 OR BELOW: 0 1.00 INCH OR MORE: 0
[HDD (BASE 65) ]
TOTAL THIS MO. 0 CLEAR (SCALE 0-3) 28
DPTR FM NORMAL 0 PTCLDY (SCALE 4-7) 3
TOTAL FM JUL 1 0 CLOUDY (SCALE 8-10) 0
DPTR FM NORMAL 0
[CDD (BASE 65) ]
TOTAL THIS MO. 475
DPTR FM NORMAL -33 [PRESSURE DATA]
TOTAL FM JAN 1 1162 HIGHEST SLP 30.04 ON 19
DPTR FM NORMAL 82 LOWEST SLP 29.66 ON 11
[REMARKS]
#FINAL-07-21#