000
CXUS53 KEAX 011607 RRA
CLSDMO
STLCLSWS4 000
TTAA00 EAX 011604
CLIMATE REPORT
NATIONAL WEATHER SERVICE KANSAS CITY/PLEASANT HILL MO
1103 AM CDT FRI SEP 01 2023
...................................
...THE SEDALIA MO CLIMATE SUMMARY FOR THE SEASON, FROM
6/1/2023 TO 8/31/2023...
CLIMATE NORMAL PERIOD: 1991 TO 2020
CLIMATE RECORD PERIOD: 9999 TO 9999
WEATHER OBSERVED NORMAL DEPART LAST YEAR`S
VALUE DATE(S) VALUE FROM VALUE DATE(S)
NORMAL
................................................................
TEMPERATURE (F)
HIGHEST 102 06/30 98 4 100 07/23
LOWEST 51 06/12 49 2 54 06/03
AVG. MAXIMUM 88.7 85.7 3.0 88.5
AVG. MINIMUM 66.6 65.4 1.2 68.2
MEAN 77.6 75.5 2.1 78.3
DAYS MAX >= 90 41 32.8 8.2 42
DAYS MAX <= 32 0 0.0 0.0 0
DAYS MIN <= 32 0 0.0 0.0 0
DAYS MIN <= 0 0 0.0 0.0 0
PRECIPITATION (INCHES)
TOTALS 15.65 11.82 3.83 12.91
DAILY AVG. 0.17 0.13 0.04 0.14
DAYS >= .01 26 26.0 0.0 22
DAYS >= .10 16 16.2 -0.2 11
DAYS >= .50 7 7.9 -0.9 5
DAYS >= 1.00 4 3.3 0.7 3
GREATEST
24 HR. TOTAL 6.70 07/31 TO 08/01
DEGREE DAYS
HEATING TOTAL 2 12 -10 0
COOLING TOTAL 1187 982 205 1250
................................................................
WIND (MPH)
AVERAGE WIND SPEED 6.6
HIGHEST WIND SPEED/DIRECTION 39/040 DATE 07/12
HIGHEST GUST SPEED/DIRECTION 59/070 DATE 07/12
SKY COVER
POSSIBLE SUNSHINE (PERCENT) MM
AVERAGE SKY COVER 0.19
NUMBER OF DAYS FAIR 71
NUMBER OF DAYS PC 21
NUMBER OF DAYS CLOUDY 0
AVERAGE RH (PERCENT) 68
WEATHER CONDITIONS. NUMBER OF DAYS WITH
THUNDERSTORM 30 MIXED PRECIP 0
HEAVY RAIN 12 RAIN 13
LIGHT RAIN 30 FREEZING RAIN 0
LT FREEZING RAIN 0 HAIL 0
HEAVY SNOW 0 SNOW 0
LIGHT SNOW 0 SLEET 0
FOG 33 FOG W/VIS <= 1/4 MILE 4
HAZE 16
- INDICATES NEGATIVE NUMBERS.
R INDICATES RECORD WAS SET OR TIED.
MM INDICATES DATA IS MISSING.
T INDICATES TRACE AMOUNT.
$$