000
CXUS52 KCAE 011400
CF6DNL
PRELIMINARY LOCAL CLIMATOLOGICAL DATA (WS FORM: F-6)
STATION: AUGUSTA DANIEL FIELD GA
MONTH: AUGUST
YEAR: 2021
LATITUDE: 33 28 N
LONGITUDE: 82 2 W
TEMPERATURE IN F: :PCPN: SNOW: WIND :SUNSHINE: SKY :PK WND
================================================================================
1 2 3 4 5 6A 6B 7 8 9 10 11 12 13 14 15 16 17 18
12Z AVG MX 2MIN
DY MAX MIN AVG DEP HDD CDD WTR SNW DPTH SPD SPD DIR MIN PSBL S-S WX SPD DR
================================================================================
1 97 79 88 4 0 23 0.00 M M 6.9 18 310 M M 0 1 23 320
2 94 75 85 1 0 20 T M M 5.0 14 210 M M 2 19 190
3 84 74 79 -5 0 14 0.04 M M 6.2 15 40 M M 6 1 19 30
4 88 70 79 -5 0 14 0.00 M M 6.5 14 30 M M 6 17 30
5 90 70 80 -4 0 15 0.00 M M 6.7 14 60 M M 2 27 90
6 80 72 76 -8 0 11 0.23 M M 6.0 12 40 M M 8 18 15 40
7 91 75 83 -1 0 18 T M M 3.1 10 340 M M 6 1 15 300
8 95 72 84 1 0 19 0.00 M M 4.8 10 30 M M 0 14 50
9 93 75 84 1 0 19 T M M 4.6 10 180 M M 1 16 140
10 95 76 86 3 0 21 0.28 M M 3.4 18 330 M M 2 3 26 310
11 93 76 85 2 0 20 0.00 M M 4.0 16 170 M M 1 138 21 170
12 95 74 85 2 0 20 0.00 M M 2.8 10 220 M M 1 3 15 230
13 97 76 87 4 0 22 0.00 M M 4.6 14 160 M M 1 18 19 150
14 96 75 86 3 0 21 0.08 M M 5.8 21 320 M M 1 3 27 320
15 89 74 82 -1 0 17 0.23 M M 4.5 22 150 M M 3 13 30 150
16 88 73 81 -2 0 16 0.72 M M 6.4 24 120 M M 7 13 33 120
17 89 76 83 0 0 18 0.40 M M 9.7 20 150 M M 8 13 28 200
18 93 75 84 2 0 19 0.00 M M 2.2 8 210 M M 2 12 13 210
19 96 78 87 5 0 22 0.00 M M 4.2 18 310 M M 1 3 27 310
20 94 76 85 3 0 20 0.62 M M 4.9 15 20 M M 2 13 19 10
21 92 76 84 2 0 19 0.20 M M 2.9 15 300 M M 4 13 21 300
22 91 75 83 1 0 18 0.37 M M 4.7 17 350 M M 6 13 24 350
23 94 74 84 2 0 19 0.19 M M 2.5 22 90 M M 5 128 27 90
24 96 76 86 4 0 21 0.11 M M 2.6 24 360 M M 2 138 35 10
25 92 76 84 2 0 19 0.00 M M 4.8 16 170 M M 1 18 22 160
26 92 75 84 2 0 19 0.00 M M 5.0 10 150 M M 1 18 16 160
27 95 76 86 4 0 21 T M M 5.6 16 130 M M 1 18 21 140
28 92 76 84 3 0 19 0.00 M M 4.8 12 100 M M 3 3 15 90
29 91 74 83 2 0 18 0.00 M M 2.2 10 140 M M 1 18 14 140
30 92 75 84 3 0 19 0.00 M 0 4.6 12 180 M M 1 1 14 110
31 93 73 83 2 0 18 0.14 M M 9.6 22 170 M M 3 18 29 180
================================================================================
SM 2857 2317 0 579 3.61 M 151.6 M 88
================================================================================
AV 92.2 74.7 4.9 FASTST M M 3 MAX(MPH)
MISC ----> # 24 120 35 10
================================================================================
NOTES:
# LAST OF SEVERAL OCCURRENCES
COLUMN 17 PEAK WIND IN M.P.H.
PRELIMINARY LOCAL CLIMATOLOGICAL DATA (WS FORM: F-6) , PAGE 2
STATION: AUGUSTA DANIEL FIELD GA
MONTH: AUGUST
YEAR: 2021
LATITUDE: 33 28 N
LONGITUDE: 82 2 W
[TEMPERATURE DATA] [PRECIPITATION DATA] SYMBOLS USED IN COLUMN 16
AVERAGE MONTHLY: 83.5 TOTAL FOR MONTH: 3.61 1 = FOG OR MIST
DPTR FM NORMAL: 0.9 DPTR FM NORMAL: -1.41 2 = FOG REDUCING VISIBILITY
HIGHEST: 97 ON 13, 1 GRTST 24HR 0.98 ON 16-17 TO 1/4 MILE OR LESS
LOWEST: 70 ON 5, 4 3 = THUNDER
SNOW, ICE PELLETS, HAIL 4 = ICE PELLETS
TOTAL MONTH: M 5 = HAIL
GRTST 24HR M ON M 6 = FREEZING RAIN OR DRIZZLE
GRTST DEPTH: 0 7 = DUSTSTORM OR SANDSTORM:
VSBY 1/2 MILE OR LESS
8 = SMOKE OR HAZE
[NO. OF DAYS WITH] [WEATHER - DAYS WITH] 9 = BLOWING SNOW
X = TORNADO
MAX 32 OR BELOW: 0 0.01 INCH OR MORE: 13
MAX 90 OR ABOVE: 25 0.10 INCH OR MORE: 11
MIN 32 OR BELOW: 0 0.50 INCH OR MORE: 2
MIN 0 OR BELOW: 0 1.00 INCH OR MORE: 0
[HDD (BASE 65) ]
TOTAL THIS MO. 0 CLEAR (SCALE 0-3) 22
DPTR FM NORMAL 0 PTCLDY (SCALE 4-7) 9
TOTAL FM JUL 1 0 CLOUDY (SCALE 8-10) 0
DPTR FM NORMAL 0
[CDD (BASE 65) ]
TOTAL THIS MO. 579
DPTR FM NORMAL 33 [PRESSURE DATA]
TOTAL FM JAN 1 2094 HIGHEST SLP 30.21 ON 29
DPTR FM NORMAL -1 LOWEST SLP 29.72 ON 31
[REMARKS]
#FINAL-08-21#