000
CXUS55 KVEF 112214
CF6DRA
PRELIMINARY LOCAL CLIMATOLOGICAL DATA (WS FORM: F-6)
STATION: DESERT ROCK-MERCURY NV
MONTH: MARCH
YEAR: 2021
LATITUDE: 36 37 N
LONGITUDE: 116 1 W
TEMPERATURE IN F: :PCPN: SNOW: WIND :SUNSHINE: SKY :PK WND
================================================================================
1 2 3 4 5 6A 6B 7 8 9 10 11 12 13 14 15 16 17 18
12Z AVG MX 2MIN
DY MAX MIN AVG DEP HDD CDD WTR SNW DPTH SPD SPD DIR MIN PSBL S-S WX SPD DR
================================================================================
1 60 26 43 -7 22 0 0.00 0.0 0 7.7 16 130 M M 0 22 100
2 65 31 48 -2 17 0 0.00 0.0 0 5.3 13 140 M M 0 17 140
3 64 31 48 -3 17 0 0.00 0.0 0 9.1 22 240 M M 4 35 200
4 65 31 48 -3 17 0 0.00 0.0 0 4.5 10 220 M M 0 M M
5 73 36 55 4 10 0 0.00 0.0 0 5.0 13 160 M M 0 20 160
6 73 37 55 4 10 0 0.00 0.0 0 11.2 24 210 M M 0 44 220
7 69 37 53 2 12 0 0.00 0.0 0 3.7 9 210 M M 0 M M
8 69 45 57 5 8 0 0.00 0.0 0 15.4 31 210 M M 0 52 220
9 56 38 47 -5 18 0 0.00 0.0 0 11.9 17 210 M M 1 32 220
10 54 40 47 -5 18 0 0.00 0.0 0 16.1 28 200 M M 2 46 180
11 M M M M M M M M M M M M M M M M M
12 44 34 39 -13 26 0 0.19 T 0 4.8 12 340 M M 10 1 M M
13 59 29 44 -9 21 0 0.00 0.0 0 3.8 13 340 M M 3 12 21 340
14 64 27 46 -7 19 0 0.00 0.0 0 5.2 15 240 M M 0 M M
15 59 36 48 -5 17 0 T 0.0 0 16.2 35 190 M M 4 64 190
16 59 33 46 -7 19 0 0.05 M M 7.6 15 220 M M 3 1 23 230
17 65 34 50 -3 15 0 0.00 0.0 0 5.0 12 210 M M 0 22 230
18 71 45 58 4 7 0 0.00 0.0 0 3.8 14 230 M M 1 24 230
19 75 43 59 5 6 0 0.00 0.0 0 14.5 31 200 M M 1 48 230
20 68 47 58 4 7 0 0.00 0.0 0 20.5 30 200 M M 1 50 210
21 61 41 51 -3 14 0 0.00 0.0 0 13.2 22 360 M M 0 31 350
22 63 38 51 -3 14 0 0.00 0.0 0 10.2 18 30 M M 2 41 10
23 60 40 50 -4 15 0 T 0.0 0 16.7 30 20 M M 6 45 40
24 63 37 50 -5 15 0 0.00 0.0 0 7.5 15 40 M M 0 25 40
25 65 46 56 1 9 0 0.00 0.0 0 13.9 31 30 M M 3 44 30
26 64 41 53 -2 12 0 T 0.0 0 13.8 17 40 M M 2 35 10
27 71 42 57 2 8 0 0.00 0.0 0 10.1 21 20 M M 0 22 40
28 76 39 58 3 7 0 0.00 0.0 0 4.9 15 220 M M 0 22 220
29 79 41 60 4 5 0 0.00 0.0 0 8.0 16 30 M M 0 30 30
30 67 45 56 0 9 0 0.00 0.0 0 13.8 21 20 M M 0 30 60
31 71 44 58 2 7 0 0.00 0.0 0 12.9 20 100 M M 0 27 100
================================================================================
SM 1952 1134 401 0 0.24 T 296.3 M 43
================================================================================
AV 65.1 37.8 9.9 FASTST M M 1 MAX(MPH)
MISC ----> 35 190 64 190
================================================================================
NOTES:
# LAST OF SEVERAL OCCURRENCES
COLUMN 17 PEAK WIND IN M.P.H.
PRELIMINARY LOCAL CLIMATOLOGICAL DATA (WS FORM: F-6) , PAGE 2
STATION: DESERT ROCK-MERCURY NV
MONTH: MARCH
YEAR: 2021
LATITUDE: 36 37 N
LONGITUDE: 116 1 W
[TEMPERATURE DATA] [PRECIPITATION DATA] SYMBOLS USED IN COLUMN 16
AVERAGE MONTHLY: 51.4 TOTAL FOR MONTH: 0.24 1 = FOG OR MIST
DPTR FM NORMAL: -1.7 DPTR FM NORMAL: -0.41 2 = FOG REDUCING VISIBILITY
HIGHEST: 79 ON 29 GRTST 24HR 0.19 ON 12-12 TO 1/4 MILE OR LESS
LOWEST: 26 ON 1 3 = THUNDER
SNOW, ICE PELLETS, HAIL 4 = ICE PELLETS
TOTAL MONTH: T 5 = HAIL
GRTST 24HR T ON 12-12 6 = FREEZING RAIN OR DRIZZLE
GRTST DEPTH: 0 7 = DUSTSTORM OR SANDSTORM:
VSBY 1/2 MILE OR LESS
8 = SMOKE OR HAZE
[NO. OF DAYS WITH] [WEATHER - DAYS WITH] 9 = BLOWING SNOW
X = TORNADO
MAX 32 OR BELOW: 0 0.01 INCH OR MORE: 2
MAX 90 OR ABOVE: 0 0.10 INCH OR MORE: 1
MIN 32 OR BELOW: 6 0.50 INCH OR MORE: 0
MIN 0 OR BELOW: 0 1.00 INCH OR MORE: 0
[HDD (BASE 65) ]
TOTAL THIS MO. 401 CLEAR (SCALE 0-3) 24
DPTR FM NORMAL 30 PTCLDY (SCALE 4-7) 5
TOTAL FM JUL 1 2439 CLOUDY (SCALE 8-10) 2
DPTR FM NORMAL -315
[CDD (BASE 65) ]
TOTAL THIS MO. 0
DPTR FM NORMAL -2 [PRESSURE DATA]
TOTAL FM JAN 1 0 HIGHEST SLP M ON M
DPTR FM NORMAL -2 LOWEST SLP M ON M
[REMARKS]
#FINAL-03-21#