000
CXUS54 KEWX 161048
CF6DRT
PRELIMINARY LOCAL CLIMATOLOGICAL DATA (WS FORM: F-6)
STATION: DEL RIO
MONTH: JULY
YEAR: 2021
LATITUDE: 29 22 N
LONGITUDE: 100 55 W
TEMPERATURE IN F: :PCPN: SNOW: WIND :SUNSHINE: SKY :PK WND
================================================================================
1 2 3 4 5 6A 6B 7 8 9 10 11 12 13 14 15 16 17 18
12Z AVG MX 2MIN
DY MAX MIN AVG DEP HDD CDD WTR SNW DPTH SPD SPD DIR MIN PSBL S-S WX SPD DR
================================================================================
1 97 76 87 1 0 22 0.00 0.0 0 7.8 14 140 M M 2 21 160
2 102 79 91 5 0 26 0.00 0.0 0 8.9 16 160 M M 0 24 170
3 99 80 90 4 0 25 0.00 0.0 0 7.1 14 60 M M 0 20 110
4 102 81 92 6 0 27 0.00 0.0 0 10.5 24 90 M M 1 32 100
5 97 75 86 0 0 21 0.41 0.0 0 9.3 37 280 M M 5 13 50 270
6 97 76 87 1 0 22 0.03 0.0 0 4.4 8 340 M M 5 17 340
7 97 77 87 0 0 22 0.00 0.0 0 6.2 15 120 M M 3 20 70
8 98 75 87 0 0 22 0.00 0.0 M 4.8 18 130 M M 4 27 130
9 91 76 84 -3 0 19 0.79 0.0 M 4.9 24 60 M M 7 13 35 60
10 92 77 85 -2 0 20 0.33 0.0 0 10.7 22 100 M M 7 18 33 120
11 93 79 86 -1 0 21 T 0.0 0 10.7 18 140 M M 6 25 140
12 95 79 87 0 0 22 0.00 0.0 0 10.0 20 140 M M 2 27 150
13 95 79 87 0 0 22 0.00 0.0 M 11.5 29 120 M M 4 40 120
14 96 76 86 -1 0 21 0.00 0.0 M 12.0 23 150 M M 4 30 160
15 98 78 88 1 0 23 0.00 0.0 0 12.3 23 150 M M 3 32 100
16 99 78 89 2 0 24 0.00 0.0 0 12.1 20 140 M M 1 30 140
17 96 82 89 2 0 24 0.00 0.0 0 11.4 18 110 M M 5 27 110
18 98 79 89 2 0 24 0.00 0.0 0 11.3 21 150 M M 2 28 160
19 101 81 91 4 0 26 0.00 0.0 0 7.5 21 60 M M 1 32 50
20 96 74 85 -3 0 20 0.68 0.0 0 4.6 17 150 M M 4 13 26 10
21 94 74 84 -4 0 19 0.03 0.0 0 7.5 18 90 M M 0 25 80
22 94 74 84 -4 0 19 0.00 0.0 0 11.5 23 120 M M 1 38 130
23 99 78 89 1 0 24 0.00 0.0 0 11.8 20 140 M M 3 28 130
24 99 78 89 1 0 24 0.00 0.0 0 10.9 18 140 M M 2 28 170
25 101 77 89 1 0 24 0.00 0.0 0 9.8 17 140 M M 1 25 100
26 102 77 90 2 0 25 0.00 0.0 0 10.1 18 150 M M 0 28 140
27 102 78 90 2 0 25 0.00 0.0 0 10.1 18 150 M M 0 24 160
28 100 79 90 2 0 25 0.00 0.0 0 8.1 14 140 M M 0 20 150
29 100 80 90 2 0 25 0.00 0.0 0 9.4 18 160 M M 1 27 160
30 101 80 91 3 0 26 0.00 0.0 0 9.1 15 150 M M 1 22 150
31 104 82 93 5 0 28 0.00 0.0 0 9.2 16 150 M M 0 24 110
================================================================================
SM 3035 2414 0 717 2.27 0.0 285.5 M 75
================================================================================
AV 97.9 77.9 9.2 FASTST M M 2 MAX(MPH)
MISC ----> 37 280 50 270
================================================================================
NOTES:
# LAST OF SEVERAL OCCURRENCES
COLUMN 17 PEAK WIND IN M.P.H.
PRELIMINARY LOCAL CLIMATOLOGICAL DATA (WS FORM: F-6) , PAGE 2
STATION: DEL RIO
MONTH: JULY
YEAR: 2021
LATITUDE: 29 22 N
LONGITUDE: 100 55 W
[TEMPERATURE DATA] [PRECIPITATION DATA] SYMBOLS USED IN COLUMN 16
AVERAGE MONTHLY: 87.9 TOTAL FOR MONTH: 2.27 1 = FOG OR MIST
DPTR FM NORMAL: 0.7 DPTR FM NORMAL: 0.77 2 = FOG REDUCING VISIBILITY
HIGHEST: 104 ON 31 GRTST 24HR 1.00 ON 9-10 TO 1/4 MILE OR LESS
LOWEST: 74 ON 22,21 3 = THUNDER
SNOW, ICE PELLETS, HAIL 4 = ICE PELLETS
TOTAL MONTH: 0.0 INCH 5 = HAIL
GRTST 24HR 0.0 6 = FREEZING RAIN OR DRIZZLE
GRTST DEPTH: 0 7 = DUSTSTORM OR SANDSTORM:
VSBY 1/2 MILE OR LESS
8 = SMOKE OR HAZE
[NO. OF DAYS WITH] [WEATHER - DAYS WITH] 9 = BLOWING SNOW
X = TORNADO
MAX 32 OR BELOW: 0 0.01 INCH OR MORE: 6
MAX 90 OR ABOVE: 31 0.10 INCH OR MORE: 4
MIN 32 OR BELOW: 0 0.50 INCH OR MORE: 2
MIN 0 OR BELOW: 0 1.00 INCH OR MORE: 0
[HDD (BASE 65) ]
TOTAL THIS MO. 0 CLEAR (SCALE 0-3) 20
DPTR FM NORMAL 0 PTCLDY (SCALE 4-7) 11
TOTAL FM JUL 1 0 CLOUDY (SCALE 8-10) 0
DPTR FM NORMAL 0
[CDD (BASE 65) ]
TOTAL THIS MO. 717
DPTR FM NORMAL 29 [PRESSURE DATA]
TOTAL FM JAN 1 2362 HIGHEST SLP 30.14 ON 14
DPTR FM NORMAL 224 LOWEST SLP 29.75 ON 4
[REMARKS]
#FINAL-07-21#