000
CXUS54 KFWD 010830
CF6DTO
PRELIMINARY LOCAL CLIMATOLOGICAL DATA (WS FORM: F-6)
STATION: DENTON
MONTH: NOVEMBER
YEAR: 2022
LATITUDE: 33 12 N
LONGITUDE: 97 12 W
TEMPERATURE IN F: :PCPN: SNOW: WIND :SUNSHINE: SKY :PK WND
================================================================================
1 2 3 4 5 6A 6B 7 8 9 10 11 12 13 14 15 16 17 18
12Z AVG MX 2MIN
DY MAX MIN AVG DEP HDD CDD WTR SNW DPTH SPD SPD DIR MIN PSBL S-S WX SPD DR
================================================================================
1 78 47 63 4 2 0 0.00 M M 4.8 15 170 M M 0 20 160
2 74 56 65 6 0 0 0.00 M M 9.2 20 190 M M 4 1 28 170
3 80 61 71 13 0 6 0.00 M M 13.3 25 180 M M 7 1 35 160
4 76 45 61 3 4 0 1.13 M M 15.0 30 300 M M 7 123 43 300
5 67 38 53 -5 12 0 0.00 M M 7.4 17 200 M M 0 22 160
6 80 53 67 9 0 2 0.00 M M 8.8 20 190 M M 0 26 180
7 79 55 67 10 0 2 0.02 M M 3.7 15 130 M M 8 12 19 130
8 79 68 74 17 0 9 0.00 M M 7.5 14 140 M M 7 1 18 110
9 82 67 75 19 0 10 0.00 M M 11.0 23 160 M M 3 18 30 160
10 73 65 69 13 0 4 0.00 M M 9.8 18 190 M M 5 25 190
11 69 36 53 -3 12 0 1.39 M M 16.1 28 350 M M 9 1 41 350
12 53 30 42 -13 23 0 0.00 M M 6.8 16 20 M M 0 22 10
13 53 25 39 -16 26 0 0.00 M M 5.4 13 140 M M 0 19 130
14 44 39 42 -13 23 0 0.38 M M 8.5 16 70 M M 9 1 24 70
15 48 35 42 -12 23 0 0.01 M M 7.3 16 330 M M 6 1 23 310
16 57 29 43 -11 22 0 0.00 M M 3.5 15 310 M M 0 19 350
17 60 26 43 -11 22 0 0.00 M M 4.5 13 230 M M 0 17 200
18 46 31 39 -14 26 0 T M M 10.1 20 20 M M 5 4 27 20
19 46 27 37 -16 28 0 0.00 M M 5.2 15 10 M M 6 20 360
20 51 23 37 -16 28 0 T M M 4.0 9 210 M M 1 14 220
21 54 38 46 -6 19 0 T M M 6.1 13 170 M M 8 17 170
22 60 34 47 -5 18 0 0.00 M M 2.9 13 190 M M 5 1 17 200
23 56 43 50 -2 15 0 0.36 M M 5.6 14 160 M M 10 13 18 170
24 56 52 54 3 11 0 0.62 M M 7.7 23 10 M M 10 13 29 10
25 59 49 54 3 11 0 0.02 M M 11.0 20 20 M M 10 1 27 10
26 53 46 50 -1 15 0 1.07 M M 9.1 18 250 M M 10 1 26 250
27 63 40 52 2 13 0 0.00 M M 7.6 15 300 M M 1 20 320
28 68 32 50 0 15 0 0.00 M M 8.4 21 160 M M 0 28 180
29 80 39 60 10 5 0 0.00 M M 14.6 29 350 M M 1 41 340
30 50 30 40 -9 25 0 0.00 M M 8.5 22 350 M M 0 29 360
================================================================================
SM 1894 1259 398 33 5.00 M 243.4 M 132
================================================================================
AV 63.1 42.0 8.1 FASTST M M 4 MAX(MPH)
MISC ----> 30 300 43 300
================================================================================
NOTES:
# LAST OF SEVERAL OCCURRENCES
COLUMN 17 PEAK WIND IN M.P.H.
PRELIMINARY LOCAL CLIMATOLOGICAL DATA (WS FORM: F-6) , PAGE 2
STATION: DENTON
MONTH: NOVEMBER
YEAR: 2022
LATITUDE: 33 12 N
LONGITUDE: 97 12 W
[TEMPERATURE DATA] [PRECIPITATION DATA] SYMBOLS USED IN COLUMN 16
AVERAGE MONTHLY: 52.6 TOTAL FOR MONTH: 5.00 1 = FOG OR MIST
DPTR FM NORMAL: -1.7 DPTR FM NORMAL: 2.29 2 = FOG REDUCING VISIBILITY
HIGHEST: 82 ON 9 GRTST 24HR 1.39 ON 11-11 TO 1/4 MILE OR LESS
LOWEST: 23 ON 20 3 = THUNDER
SNOW, ICE PELLETS, HAIL 4 = ICE PELLETS
TOTAL MONTH: M 5 = HAIL
GRTST 24HR M ON M 6 = FREEZING RAIN OR DRIZZLE
GRTST DEPTH: M ON M 7 = DUSTSTORM OR SANDSTORM:
VSBY 1/2 MILE OR LESS
8 = SMOKE OR HAZE
[NO. OF DAYS WITH] [WEATHER - DAYS WITH] 9 = BLOWING SNOW
X = TORNADO
MAX 32 OR BELOW: 0 0.01 INCH OR MORE: 9
MAX 90 OR ABOVE: 0 0.10 INCH OR MORE: 6
MIN 32 OR BELOW: 9 0.50 INCH OR MORE: 4
MIN 0 OR BELOW: 0 1.00 INCH OR MORE: 3
[HDD (BASE 65) ]
TOTAL THIS MO. 398 CLEAR (SCALE 0-3) 12
DPTR FM NORMAL 58 PTCLDY (SCALE 4-7) 10
TOTAL FM JUL 1 476 CLOUDY (SCALE 8-10) 8
DPTR FM NORMAL 24
[CDD (BASE 65) ]
TOTAL THIS MO. 33
DPTR FM NORMAL 16 [PRESSURE DATA]
TOTAL FM JAN 1 3087 HIGHEST SLP 30.54 ON 16
DPTR FM NORMAL 616 LOWEST SLP 29.58 ON 4
[REMARKS]
#FINAL-11-22#