000
CXUS55 KTWC 010855
CF6DUG
PRELIMINARY LOCAL CLIMATOLOGICAL DATA (WS FORM: F-6)
STATION: DOUGLAS AZ
MONTH: FEBRUARY
YEAR: 2023
LATITUDE: 31 28 N
LONGITUDE: 109 36 W
TEMPERATURE IN F: :PCPN: SNOW: WIND :SUNSHINE: SKY :PK WND
================================================================================
1 2 3 4 5 6A 6B 7 8 9 10 11 12 13 14 15 16 17 18
12Z AVG MX 2MIN
DY MAX MIN AVG DEP HDD CDD WTR SNW DPTH SPD SPD DIR MIN PSBL S-S WX SPD DR
================================================================================
1 61 24 43 -4 22 0 T M M 6.8 17 260 M M 4 24 250
2 61 23 42 -5 23 0 0.00 M M 5.2 12 40 M M 0 14 290
3 68 21 45 -2 20 0 0.00 M M 7.1 18 120 M M 0 32 130
4 72 23 48 1 17 0 0.00 M M 4.8 13 20 M M 0 14 10
5 79 23 51 4 14 0 0.00 M M 7.2 23 230 M M 0 32 220
6 66 32 49 2 16 0 0.00 M M 11.6 28 260 M M 0 36 270
7 54 21 38 -9 27 0 0.00 M M 8.0 18 350 M M 0 31 330
8 60 18 39 -9 26 0 0.00 M M 6.7 14 350 M M 0 19 330
9 64 22 43 -5 22 0 0.00 M M 9.1 25 90 M M 0 36 100
10 58 32 45 -3 20 0 0.00 M M 14.4 26 80 M M 0 37 80
11 65 22 44 -4 21 0 0.00 M M 7.7 24 150 M M 2 38 160
12 74 27 51 3 14 0 0.00 M M 11.8 30 180 M M 1 43 180
13 55 33 44 -4 21 0 T M M 14.4 40 230 M M 4 55 230
14 55 27 41 -7 24 0 0.00 M M 14.3 30 220 M M 4 48 240
15 46 22 34 -15 31 0 0.04 M M 13.3 29 250 M M 8 1 39 260
16 50 12 31 -18 34 0 0.00 M M 7.6 14 80 M M 0 8 21 80
17 56 36 46 -3 19 0 0.00 M M 15.9 26 90 M M 0 37 80
18 68 33 51 2 14 0 0.00 M M 7.8 18 160 M M M 26 170
19 56 45 51 2 14 0 0.03 M M 9.4 26 170 M M M 1 34 170
20 60 44 52 3 13 0 0.09 M M M 22 16 M M M 30 16
21 59 42 51 1 14 0 0.14 M M 11.6 18 230 M M 10 1 32 260
22 57 38 48 -2 17 0 0.00 M M 20.4 45 230 M M 9 63 230
23 61 41 51 1 14 0 0.00 M M 10.5 24 210 M M 5 33 200
24 70 35 53 3 12 0 0.00 M M 7.7 22 210 M M 0 32 190
25 73 39 56 6 9 0 0.00 M M 11.5 30 190 M M 0 45 180
26 54 25 40 -11 25 0 0.01 M M 16.9 41 250 M M 2 1 55 260
27 68 19 44 -7 21 0 0.00 M M 5.7 23 270 M M M 30 260
28 70 22 46 -5 19 0 0.00 M M 7.5 28 220 M M M 35 260
================================================================================
SM 1740 801 543 0 0.31 M 274.9 M 49
================================================================================
AV 62.1 28.6 10.2 FASTST M M 2 MAX(MPH)
MISC ----> 45 230 63 230
================================================================================
NOTES:
# LAST OF SEVERAL OCCURRENCES
COLUMN 17 PEAK WIND IN M.P.H.
PRELIMINARY LOCAL CLIMATOLOGICAL DATA (WS FORM: F-6) , PAGE 2
STATION: DOUGLAS AZ
MONTH: FEBRUARY
YEAR: 2023
LATITUDE: 31 28 N
LONGITUDE: 109 36 W
[TEMPERATURE DATA] [PRECIPITATION DATA] SYMBOLS USED IN COLUMN 16
AVERAGE MONTHLY: 45.4 TOTAL FOR MONTH: 0.31 1 = FOG OR MIST
DPTR FM NORMAL: -3.2 DPTR FM NORMAL: -0.25 2 = FOG REDUCING VISIBILITY
HIGHEST: 79 ON 5 GRTST 24HR 0.14 ON 21-21 TO 1/4 MILE OR LESS
LOWEST: 12 ON 16 3 = THUNDER
SNOW, ICE PELLETS, HAIL 4 = ICE PELLETS
TOTAL MONTH: M 5 = HAIL
GRTST 24HR M ON M 6 = FREEZING RAIN OR DRIZZLE
GRTST DEPTH: M ON M 7 = DUSTSTORM OR SANDSTORM:
VSBY 1/2 MILE OR LESS
8 = SMOKE OR HAZE
[NO. OF DAYS WITH] [WEATHER - DAYS WITH] 9 = BLOWING SNOW
X = TORNADO
MAX 32 OR BELOW: 0 0.01 INCH OR MORE: 5
MAX 90 OR ABOVE: 0 0.10 INCH OR MORE: 1
MIN 32 OR BELOW: 18 0.50 INCH OR MORE: 0
MIN 0 OR BELOW: 0 1.00 INCH OR MORE: 0
[HDD (BASE 65) ]
TOTAL THIS MO. 543 CLEAR (SCALE 0-3) 16
DPTR FM NORMAL 84 PTCLDY (SCALE 4-7) 5
TOTAL FM JUL 1 2081 CLOUDY (SCALE 8-10) 7
DPTR FM NORMAL -77
[CDD (BASE 65) ]
TOTAL THIS MO. 0
DPTR FM NORMAL 0 [PRESSURE DATA]
TOTAL FM JAN 1 0 HIGHEST SLP M ON M
DPTR FM NORMAL 0 LOWEST SLP 29.60 ON 22
[REMARKS]
#FINAL-02-23#