000
CXUS51 KPBZ 010730
CF6DUJ
PRELIMINARY LOCAL CLIMATOLOGICAL DATA (WS FORM: F-6)
STATION: DUBOIS PA
MONTH: JUNE
YEAR: 2021
LATITUDE: 41 10 N
LONGITUDE: 78 54 W
TEMPERATURE IN F: :PCPN: SNOW: WIND :SUNSHINE: SKY :PK WND
================================================================================
1 2 3 4 5 6A 6B 7 8 9 10 11 12 13 14 15 16 17 18
12Z AVG MX 2MIN
DY MAX MIN AVG DEP HDD CDD WTR SNW DPTH SPD SPD DIR MIN PSBL S-S WX SPD DR
================================================================================
1 72 49 61 0 4 0 0.00 M M 2.8 10 260 M M 1 12 260
2 68 53 61 -1 4 0 0.25 M M 4.3 12 130 M M 7 1 15 150
3 68 61 65 3 0 0 0.95 M M 7.1 15 230 M M 10 138 22 220
4 76 61 69 7 0 4 0.04 M M 7.1 15 260 M M 6 1 20 250
5 84 63 74 12 0 9 0.00 M M 9.3 20 260 M M 1 26 270
6 84 61 73 10 0 8 0.00 M M 4.0 15 220 M M 1 18 18 220
7 86 64 75 12 0 10 0.00 M M 2.5 9 220 M M 3 3 13 230
8 82 68 75 12 0 10 0.12 M M 3.4 14 240 M M 6 138 17 250
9 82 65 74 10 0 9 2.09 M M 3.2 20 340 M M 6 1238 29 330
10 84 66 75 11 0 10 0.00 M M 5.2 14 140 M M 6 18 21 130
11 74 61 68 4 0 3 0.00 M M 7.2 13 120 M M 9 8 19 100
12 81 58 70 6 0 5 0.00 M M 2.9 9 280 M M 7 12 12 280
13 84 61 73 8 0 8 0.02 M M 4.5 13 290 M M 3 1 16 300
14 76 55 66 1 0 1 0.05 M M 5.9 22 330 M M 4 138 36 320
15 72 52 62 -3 3 0 0.00 M M 8.1 17 300 M M 5 12 24 300
16 71 44 58 -7 7 0 0.00 M M 7.0 18 280 M M 0 24 280
17 74 42 58 -8 7 0 0.00 M M 4.4 15 330 M M 0 20 270
18 79 50 65 -1 0 0 0.02 M M 8.0 20 240 M M 2 3 29 230
19 74 63 69 3 0 4 0.21 M M 7.2 17 230 M M 8 128 24 220
20 84 64 74 8 0 9 0.08 M M 6.0 16 250 M M 6 138 21 240
21 82 62 72 5 0 7 0.85 M M 9.5 22 230 M M 5 138 34 230
22 63 43 53 -14 12 0 0.01 M M 7.9 18 320 M M 7 29 310
23 73 41 57 -10 8 0 0.00 M M 4.9 13 250 M M 1 20 230
24 77 52 65 -2 0 0 0.00 M M 7.6 17 140 M M 0 24 120
25 80 59 70 3 0 5 0.00 M M 7.1 13 130 M M 1 21 130
26 84 65 75 7 0 10 0.00 M M 7.9 13 180 M M 3 22 230
27 86 68 77 9 0 12 0.00 M M 9.2 21 230 M M 2 30 220
28 89 66 78 10 0 13 T M M 5.4 15 250 M M 2 19 240
29 91 68 80 12 0 15 T M M 4.3 24 320 M M 2 138 38 340
30 87 65 76 8 0 11 0.77 M M 4.9 21 310 M M 5 1238 26 180
================================================================================
SM 2367 1750 45 163 5.46 M 178.8 M 119
================================================================================
AV 78.9 58.3 6.0 FASTST M M 4 MAX(MPH)
MISC ----> 24 320 38 340
================================================================================
NOTES:
# LAST OF SEVERAL OCCURRENCES
COLUMN 17 PEAK WIND IN M.P.H.
PRELIMINARY LOCAL CLIMATOLOGICAL DATA (WS FORM: F-6) , PAGE 2
STATION: DUBOIS PA
MONTH: JUNE
YEAR: 2021
LATITUDE: 41 10 N
LONGITUDE: 78 54 W
[TEMPERATURE DATA] [PRECIPITATION DATA] SYMBOLS USED IN COLUMN 16
AVERAGE MONTHLY: 68.6 TOTAL FOR MONTH: 5.46 1 = FOG OR MIST
DPTR FM NORMAL: 3.5 DPTR FM NORMAL: 0.80 2 = FOG REDUCING VISIBILITY
HIGHEST: 91 ON 29 GRTST 24HR 2.09 ON 9- 9 TO 1/4 MILE OR LESS
LOWEST: 41 ON 23 3 = THUNDER
SNOW, ICE PELLETS, HAIL 4 = ICE PELLETS
TOTAL MONTH: M 5 = HAIL
GRTST 24HR M ON M 6 = FREEZING RAIN OR DRIZZLE
GRTST DEPTH: M ON M 7 = DUSTSTORM OR SANDSTORM:
VSBY 1/2 MILE OR LESS
8 = SMOKE OR HAZE
[NO. OF DAYS WITH] [WEATHER - DAYS WITH] 9 = BLOWING SNOW
X = TORNADO
MAX 32 OR BELOW: 0 0.01 INCH OR MORE: 13
MAX 90 OR ABOVE: 1 0.10 INCH OR MORE: 7
MIN 32 OR BELOW: 0 0.50 INCH OR MORE: 4
MIN 0 OR BELOW: 0 1.00 INCH OR MORE: 1
[HDD (BASE 65) ]
TOTAL THIS MO. 45 CLEAR (SCALE 0-3) 14
DPTR FM NORMAL -29 PTCLDY (SCALE 4-7) 14
TOTAL FM JUL 1 6045 CLOUDY (SCALE 8-10) 2
DPTR FM NORMAL -629
[CDD (BASE 65) ]
TOTAL THIS MO. 163
DPTR FM NORMAL 86 [PRESSURE DATA]
TOTAL FM JAN 1 212 HIGHEST SLP 30.31 ON 24
DPTR FM NORMAL 103 LOWEST SLP 29.56 ON 21
[REMARKS]
#FINAL-06-21#