000
CXUS53 KGID 011245
CF6EAR
PRELIMINARY LOCAL CLIMATOLOGICAL DATA (WS FORM: F-6)
STATION: KEARNEY
MONTH: JUNE
YEAR: 2020
LATITUDE: 40 43 N
LONGITUDE: 99 0 W
TEMPERATURE IN F: :PCPN: SNOW: WIND :SUNSHINE: SKY :PK WND
================================================================================
1 2 3 4 5 6A 6B 7 8 9 10 11 12 13 14 15 16 17 18
12Z AVG MX 2MIN
DY MAX MIN AVG DEP HDD CDD WTR SNW DPTH SPD SPD DIR MIN PSBL S-S WX SPD DR
================================================================================
1 94 68 81 16 0 16 0.00 M M 19.0 24 200 M M 0 32 190
2 93 66 80 14 0 15 T M M 14.0 18 10 M M 0 25 10
3 91 64 78 12 0 13 0.16 M M 8.9 20 10 M M 1 3 23 10
4 95 60 78 12 0 13 T M M 8.6 16 180 M M 0 3 21 180
5 91 62 77 11 0 12 T M M 8.4 17 130 M M 0 23 130
6 96 71 84 17 0 19 0.00 M M 15.7 29 160 M M 0 3 39 170
7 93 74 84 17 0 19 0.00 M M 27.3 37 170 M M 0 50 180
8 92 72 82 14 0 17 0.00 M M 21.9 28 170 M M 3 41 150
9 76 53 65 -3 0 0 0.44 M M 23.8 33 360 M M 8 13 60 360
10 76 51 64 -4 1 0 T M M 15.7 25 330 M M 1 36 330
11 87 54 71 2 0 6 0.00 M M 8.7 15 260 M M 0 8 18 290
12 90 57 74 5 0 9 0.00 M M 7.9 14 140 M M 0 18 100
13 92 56 74 5 0 9 0.00 M M 13.2 23 130 M M 0 32 140
14 94 66 80 10 0 15 0.00 M M 20.0 35 200 M M 0 41 200
15 92 72 82 12 0 17 T M M 23.7 32 180 M M 0 47 190
16 92 69 81 11 0 16 0.00 M M 23.1 33 170 M M 0 44 170
17 94 70 82 12 0 17 0.00 M M 24.2 36 180 M M 0 47 170
18 78 59 69 -2 0 4 0.00 M M 17.3 25 360 M M 3 3 33 160
19 71 57 64 -7 1 0 0.11 M M 8.9 15 70 M M 7 M M
20 82 59 71 0 0 6 0.12 M M 5.8 13 60 M M 5 13 M M
21 83 63 73 1 0 8 0.23 M M 12.8 22 180 M M 2 3 30 160
22 84 60 72 0 0 7 0.17 M M 8.9 23 30 M M 3 3 29 30
23 81 56 69 -3 0 4 0.00 M M 8.5 15 340 M M 2 M M
24 85 58 72 0 0 7 0.00 M M 7.9 18 110 M M 2 20 110
25 93 62 78 5 0 13 0.00 M M 13.5 20 180 M M 0 30 180
26 89 64 77 4 0 12 0.00 M M 6.5 15 10 M M 0 28 10
27 89 66 78 5 0 13 0.00 M M 9.9 20 160 M M 2 3 23 160
28 89 64 77 4 0 12 0.44 M M 13.3 20 160 M M 1 13 24 190
29 91 74 83 10 0 18 0.00 M M 17.0 24 150 M M 4 32 160
30 92 71 82 8 0 17 0.00 M M 14.2 22 320 M M 4 32 320
================================================================================
SM 2645 1898 2 334 1.67 M 428.6 M 48
================================================================================
AV 88.2 63.3 14.3 FASTST M M 2 MAX(MPH)
MISC ----> # 37 170 # M M
================================================================================
NOTES:
# LAST OF SEVERAL OCCURRENCES
COLUMN 17 PEAK WIND IN M.P.H.
PRELIMINARY LOCAL CLIMATOLOGICAL DATA (WS FORM: F-6) , PAGE 2
STATION: KEARNEY
MONTH: JUNE
YEAR: 2020
LATITUDE: 40 43 N
LONGITUDE: 99 0 W
[TEMPERATURE DATA] [PRECIPITATION DATA] SYMBOLS USED IN COLUMN 16
AVERAGE MONTHLY: 75.7 TOTAL FOR MONTH: 1.67 1 = FOG OR MIST
DPTR FM NORMAL: 5.9 DPTR FM NORMAL: -2.26 2 = FOG REDUCING VISIBILITY
HIGHEST: 96 ON 6 GRTST 24HR 0.44 ON 28-28 TO 1/4 MILE OR LESS
LOWEST: 51 ON 10 3 = THUNDER
SNOW, ICE PELLETS, HAIL 4 = ICE PELLETS
TOTAL MONTH: M 5 = HAIL
GRTST 24HR M ON M 6 = FREEZING RAIN OR DRIZZLE
GRTST DEPTH: M ON M 7 = DUSTSTORM OR SANDSTORM:
VSBY 1/2 MILE OR LESS
8 = SMOKE OR HAZE
[NO. OF DAYS WITH] [WEATHER - DAYS WITH] 9 = BLOWING SNOW
X = TORNADO
MAX 32 OR BELOW: 0 0.01 INCH OR MORE: 7
MAX 90 OR ABOVE: 17 0.10 INCH OR MORE: 7
MIN 32 OR BELOW: 0 0.50 INCH OR MORE: 0
MIN 0 OR BELOW: 0 1.00 INCH OR MORE: 0
[HDD (BASE 65) ]
TOTAL THIS MO. 2 CLEAR (SCALE 0-3) 25
DPTR FM NORMAL -33 PTCLDY (SCALE 4-7) 5
TOTAL FM JUL 1 6024 CLOUDY (SCALE 8-10) 0
DPTR FM NORMAL -488
[CDD (BASE 65) ]
TOTAL THIS MO. 334
DPTR FM NORMAL 155 [PRESSURE DATA]
TOTAL FM JAN 1 352 HIGHEST SLP 30.24 ON 12
DPTR FM NORMAL 126 LOWEST SLP 29.44 ON 9
[REMARKS]
#FINAL-06-20#