000
CXUS53 KMPX 041801
CF6EAU
PRELIMINARY LOCAL CLIMATOLOGICAL DATA (WS FORM: F-6)
STATION: EAU CLAIRE WI
MONTH: APRIL
YEAR: 2023
LATITUDE: 44 52 N
LONGITUDE: 91 29 W
TEMPERATURE IN F: :PCPN: SNOW: WIND :SUNSHINE: SKY :PK WND
================================================================================
1 2 3 4 5 6A 6B 7 8 9 10 11 12 13 14 15 16 17 18
12Z AVG MX 2MIN
DY MAX MIN AVG DEP HDD CDD WTR SNW DPTH SPD SPD DIR MIN PSBL S-S WX SPD DR
================================================================================
1 40 21 31 -7 34 0 0.17 1.3 3 9.1 22 10 M M 3 1 33 10
2 57 18 38 -1 27 0 T T 2 10.6 24 150 M M 2 34 170
3 48 29 39 0 26 0 0.00 0.0 0 5.4 14 280 M M 2 20 300
4 41 32 37 -3 28 0 0.08 T 0 14.6 25 60 M M 8 13 36 70
5 39 27 33 -7 32 0 T T 0 16.6 31 250 M M 10 12 44 260
6 40 21 31 -10 34 0 0.00 0.0 0 12.6 25 260 M M 1 37 270
7 51 17 34 -7 31 0 0.04 0.0 0 9.0 23 130 M M 4 33 130
8 63 35 49 7 16 0 T 0.0 0 8.5 16 110 M M 4 22 90
9 70 40 55 13 10 0 0.00 0.0 0 9.3 23 200 M M 2 31 200
10 73 45 59 17 6 0 T 0.0 0 7.6 16 230 M M 2 22 210
11 80 41 61 18 4 0 0.00 0.0 0 9.5 21 210 M M 0 29 220
12 89 63 76 33 0 11 0.00 0.0 0 13.7 24 220 M M 0 36 240
13 87 58 73 29 0 8 0.00 0.0 0 10.9 23 190 M M 0 35 210
14 84 49 67 23 0 2 0.00 0.0 0 10.6 24 190 M M 0 37 200
15 66 42 54 9 11 0 0.05 0.0 0 7.9 17 260 M M 6 1 25 260
16 42 29 36 -9 29 0 0.56 0.8 0 13.9 22 330 M M 10 12 32 320
17 39 28 34 -12 31 0 0.11 1.2 2 13.0 24 320 M M 10 1 33 290
18 55 27 41 -5 24 0 0.00 0.0 1 6.2 14 350 M M 0 18 340
19 44 36 40 -6 25 0 0.39 0.0 0 14.1 24 100 M M 8 13 35 100
20 45 37 41 -6 24 0 1.09 0.0 0 9.8 24 240 M M 10 13 35 250
21 43 31 37 -10 28 0 0.06 T 0 10.4 23 250 M M 10 1 31 260
22 41 31 36 -12 29 0 0.02 T 0 9.6 20 300 M M 10 1 28 300
23 45 29 37 -11 28 0 0.00 0.0 0 6.9 15 290 M M 7 24 300
24 50 27 39 -10 26 0 0.00 0.0 0 4.3 15 50 M M 7 21 330
25 51 27 39 -10 26 0 0.00 0.0 0 6.7 14 60 M M 3 19 40
26 56 22 39 -11 26 0 0.00 0.0 0 5.7 16 180 M M 3 23 170
27 64 48 56 6 9 0 T 0.0 0 10.8 22 220 M M 9 29 210
28 69 42 56 6 9 0 0.19 0.0 0 6.7 22 320 M M 7 1 28 310
29 48 38 43 -8 22 0 0.06 0.0 0 10.5 22 350 M M 10 36 340
30 46 34 40 -11 25 0 0.10 T 0 16.8 26 340 M M 10 1 43 10
================================================================================
SM 1666 1024 620 21 2.92 3.3 301.3 M 158
================================================================================
AV 55.5 34.1 10.0 FASTST M M 5 MAX(MPH)
MISC ----> 31 250 44 260
================================================================================
NOTES:
# LAST OF SEVERAL OCCURRENCES
COLUMN 17 PEAK WIND IN M.P.H.
PRELIMINARY LOCAL CLIMATOLOGICAL DATA (WS FORM: F-6) , PAGE 2
STATION: EAU CLAIRE WI
MONTH: APRIL
YEAR: 2023
LATITUDE: 44 52 N
LONGITUDE: 91 29 W
[TEMPERATURE DATA] [PRECIPITATION DATA] SYMBOLS USED IN COLUMN 16
AVERAGE MONTHLY: 44.8 TOTAL FOR MONTH: 2.92 1 = FOG OR MIST
DPTR FM NORMAL: 0.0 DPTR FM NORMAL: -0.16 2 = FOG REDUCING VISIBILITY
HIGHEST: 89 ON 12 GRTST 24HR 1.09 ON 20-20 TO 1/4 MILE OR LESS
LOWEST: 17 ON 7 3 = THUNDER
SNOW, ICE PELLETS, HAIL 4 = ICE PELLETS
TOTAL MONTH: 3.3 INCHES 5 = HAIL
GRTST 24HR 1.3 ON 1- 1 6 = FREEZING RAIN OR DRIZZLE
GRTST DEPTH: 3 ON 1 7 = DUSTSTORM OR SANDSTORM:
VSBY 1/2 MILE OR LESS
8 = SMOKE OR HAZE
[NO. OF DAYS WITH] [WEATHER - DAYS WITH] 9 = BLOWING SNOW
X = TORNADO
MAX 32 OR BELOW: 0 0.01 INCH OR MORE: 13
MAX 90 OR ABOVE: 0 0.10 INCH OR MORE: 7
MIN 32 OR BELOW: 16 0.50 INCH OR MORE: 2
MIN 0 OR BELOW: 0 1.00 INCH OR MORE: 1
[HDD (BASE 65) ]
TOTAL THIS MO. 620 CLEAR (SCALE 0-3) 12
DPTR FM NORMAL 13 PTCLDY (SCALE 4-7) 8
TOTAL FM JUL 1 7368 CLOUDY (SCALE 8-10) 10
DPTR FM NORMAL -234
[CDD (BASE 65) ]
TOTAL THIS MO. 21
DPTR FM NORMAL 19 [PRESSURE DATA]
TOTAL FM JAN 1 21 HIGHEST SLP 30.56 ON 7
DPTR FM NORMAL 19 LOWEST SLP 29.33 ON 1
[REMARKS]
#FINAL-04-23#
THE PRECIPITATION VALUE ON APRIL 1ST...2ND...17TH...21ST...
AND 22ND IS FROM THE 8 INCH DIAMETER RAIN GAUGE AT
THE SNOW OBSERVING SITE.