000
CXUS53 KEAX 010836
CF6EAX
PRELIMINARY LOCAL CLIMATOLOGICAL DATA (WS FORM: F-6)
STATION: PLEASANT HILL NWS MO
MONTH: NOVEMBER
YEAR: 2022
LATITUDE: 38 48 N
LONGITUDE: 94 16 W
TEMPERATURE IN F: :PCPN: SNOW: WIND :SUNSHINE: SKY :PK WND
================================================================================
1 2 3 4 5 6A 6B 7 8 9 10 11 12 13 14 15 16 17 18
12Z AVG MX 2MIN
DY MAX MIN AVG DEP HDD CDD WTR SNW DPTH SPD SPD DIR MIN PSBL S-S WX SPD DR
================================================================================
1 77 41 59 9 6 0 0.00 0.0 0 M M M M M M M M
2 74 48 61 11 4 0 0.00 0.0 0 M M M M M M M M
3 75 57 66 16 0 1 0.00 0.0 0 M M M M M M M M
4 68 41 55 6 10 0 2.37 0.0 0 M M M M M M 3 M M
5 56 34 45 -4 20 0 0.18 T 0 M M M M M M M M
6 63 42 53 5 12 0 0.00 0.0 0 M M M M M M M M
7 58 43 51 3 14 0 0.00 0.0 0 M M M M M M M M
8 63 46 55 7 10 0 T 0.0 0 M M M M M M M M
9 72 55 64 17 1 0 0.00 0.0 0 M M M M M M M M
10 71 38 55 8 10 0 0.89 0.0 0 M M M M M M 3 M M
11 38 25 32 -14 33 0 0.08 0.0 0 M M M M M M M M
12 31 19 25 -21 40 0 0.00 0.0 0 M M M M M M M M
13 40 17 29 -16 36 0 0.00 0.0 0 M M M M M M M M
14 40 28 34 -11 31 0 0.12 1.3 0 M M M M M M 1 M M
15 37 25 31 -13 34 0 T 0.1 1 M M M M M M M M
16 34 22 28 -16 37 0 T T 0 M M M M M M M M
17 45 20 33 -11 32 0 0.00 0.0 0 M M M M M M M M
18 28 17 23 -20 42 0 0.00 0.0 0 M M M M M M M M
19 35 17 26 -17 39 0 0.00 0.0 0 M M M M M M M M
20 45 18 32 -10 33 0 0.00 0.0 0 M M M M M M M M
21 56 31 44 2 21 0 0.00 0.0 0 M M M M M M M M
22 61 31 46 4 19 0 0.00 0.0 0 M M M M M M M M
23 57 35 46 5 19 0 T 0.0 0 M M M M M M M M
24 59 37 48 7 17 0 0.01 0.0 0 M M M M M M M M
25 54 32 43 3 22 0 0.00 0.0 0 M M M M M M M M
26 52 31 42 2 23 0 1.50 0.0 0 M M M M M M 1 M M
27 44 32 38 -2 27 0 0.75 0.0 0 M M M M M M M M
28 54 28 41 2 24 0 0.00 0.0 0 M M M M M M M M
29 60 25 43 4 22 0 0.00 0.0 0 M M M M M M M M
30 36 21 29 -10 36 0 0.00 0.0 0 M M M M M M M M
================================================================================
SM 1583 956 674 1 5.90 1.4 M M M
================================================================================
AV 52.8 31.9 M FASTST M M M MAX(MPH)
MISC ----> M M M M
================================================================================
NOTES:
# LAST OF SEVERAL OCCURRENCES
COLUMN 17 PEAK WIND IN M.P.H.
PRELIMINARY LOCAL CLIMATOLOGICAL DATA (WS FORM: F-6) , PAGE 2
STATION: PLEASANT HILL NWS MO
MONTH: NOVEMBER
YEAR: 2022
LATITUDE: 38 48 N
LONGITUDE: 94 16 W
[TEMPERATURE DATA] [PRECIPITATION DATA] SYMBOLS USED IN COLUMN 16
AVERAGE MONTHLY: 42.3 TOTAL FOR MONTH: 5.90 1 = FOG OR MIST
DPTR FM NORMAL: -2.1 DPTR FM NORMAL: 3.50 2 = FOG REDUCING VISIBILITY
HIGHEST: 77 ON 1 GRTST 24HR 2.37 ON 4- 4 TO 1/4 MILE OR LESS
LOWEST: 17 ON 19,18 3 = THUNDER
SNOW, ICE PELLETS, HAIL 4 = ICE PELLETS
TOTAL MONTH: 1.4 INCHES 5 = HAIL
GRTST 24HR 1.3 ON 14-14 6 = FREEZING RAIN OR DRIZZLE
GRTST DEPTH: 1 ON 15 7 = DUSTSTORM OR SANDSTORM:
VSBY 1/2 MILE OR LESS
8 = SMOKE OR HAZE
[NO. OF DAYS WITH] [WEATHER - DAYS WITH] 9 = BLOWING SNOW
X = TORNADO
MAX 32 OR BELOW: 2 0.01 INCH OR MORE: 8
MAX 90 OR ABOVE: 0 0.10 INCH OR MORE: 6
MIN 32 OR BELOW: 18 0.50 INCH OR MORE: 4
MIN 0 OR BELOW: 0 1.00 INCH OR MORE: 2
[HDD (BASE 65) ]
TOTAL THIS MO. 674 CLEAR (SCALE 0-3) 0
DPTR FM NORMAL 55 PTCLDY (SCALE 4-7) 0
TOTAL FM JUL 1 942 CLOUDY (SCALE 8-10) 30
DPTR FM NORMAL -4
[CDD (BASE 65) ]
TOTAL THIS MO. 1
DPTR FM NORMAL 0 [PRESSURE DATA]
TOTAL FM JAN 1 1582 HIGHEST SLP M ON M
DPTR FM NORMAL 195 LOWEST SLP M ON M
[REMARKS]
#FINAL-11-22#