000
CXUS53 KEAX 280736
CF6EAX
PRELIMINARY LOCAL CLIMATOLOGICAL DATA (WS FORM: F-6)
STATION: PLEASANT HILL NWS MO
MONTH: MARCH
YEAR: 2024
LATITUDE: 38 48 N
LONGITUDE: 94 16 W
TEMPERATURE IN F: :PCPN: SNOW: WIND :SUNSHINE: SKY :PK WND
================================================================================
1 2 3 4 5 6A 6B 7 8 9 10 11 12 13 14 15 16 17 18
12Z AVG MX 2MIN
DY MAX MIN AVG DEP HDD CDD WTR SNW DPTH SPD SPD DIR MIN PSBL S-S WX SPD DR
================================================================================
1 55 36 46 7 19 0 0.01 0.0 0 M M M M M M M M
2 73 34 54 14 11 0 0.00 0.0 0 M M M M M M M M
3 79 55 67 27 0 2 0.00 0.0 0 M M M M M M M M
4 76 44 60 20 5 0 0.02 0.0 0 M M M M M M M M
5 51 40 46 5 19 0 0.00 0.0 0 M M M M M M M M
6 63 32 48 7 17 0 0.00 0.0 0 M M M M M M M M
7 52 44 48 6 17 0 1.35 0.0 0 M M M M M M M M
8 50 36 43 1 22 0 T 0.0 0 M M M M M M M M
9 53 30 42 0 23 0 0.00 0.0 0 M M M M M M M M
10 61 28 45 2 20 0 0.00 0.0 0 M M M M M M M M
11 68 39 54 11 11 0 0.00 0.0 0 M M M M M M M M
12 73 46 60 16 5 0 0.12 T 0 M M M M M M M M
13 75 45 60 16 5 0 0.01 0.0 0 M M M M M M M M
14 73 51 62 18 3 0 0.19 0.0 0 M M M M M M M M
15 62 45 54 9 11 0 T 0.0 0 M M M M M M M M
16 65 43 54 9 11 0 0.00 0.0 0 M M M M M M M M
17 48 30 39 -6 26 0 0.00 0.0 0 M M M M M M M M
18 41 23 32 -14 33 0 0.00 0.0 0 M M M M M M M M
19 70 30 50 4 15 0 0.00 0.0 0 M M M M M M M M
20 55 40 48 2 17 0 0.00 0.0 0 M M M M M M M M
21 61 34 48 1 17 0 0.00 0.0 0 M M M M M M M M
22 60 34 47 0 18 0 0.00 0.0 0 M M M M M M M M
23 49 30 40 -7 25 0 0.00 0.0 0 M M M M M M M M
24 58 42 50 2 15 0 0.05 0.0 0 M M M M M M M M
25 63 40 52 4 13 0 0.02 0.0 0 M M M M M M 3 M M
26 40 28 34 -14 31 0 0.01 T 0 M M M M M M 1 M M
27 52 23 38 -11 27 0 0.00 0.0 0 M M M M M M M M
================================================================================
SM 1626 1002 436 2 1.78 T M M M
================================================================================
AV 60.2 37.1 M FASTST M M M MAX(MPH)
MISC ----> M M M M
================================================================================
NOTES:
# LAST OF SEVERAL OCCURRENCES
COLUMN 17 PEAK WIND IN M.P.H.
PRELIMINARY LOCAL CLIMATOLOGICAL DATA (WS FORM: F-6) , PAGE 2
STATION: PLEASANT HILL NWS MO
MONTH: MARCH
YEAR: 2024
LATITUDE: 38 48 N
LONGITUDE: 94 16 W
[TEMPERATURE DATA] [PRECIPITATION DATA] SYMBOLS USED IN COLUMN 16
AVERAGE MONTHLY: 48.7 TOTAL FOR MONTH: 1.78 1 = FOG OR MIST
DPTR FM NORMAL: 4.5 DPTR FM NORMAL: -0.75 2 = FOG REDUCING VISIBILITY
HIGHEST: 79 ON 3 GRTST 24HR 1.35 ON 7- 7 TO 1/4 MILE OR LESS
LOWEST: 23 ON 27,18 3 = THUNDER
SNOW, ICE PELLETS, HAIL 4 = ICE PELLETS
TOTAL MONTH: T 5 = HAIL
GRTST 24HR T ON 12-12 6 = FREEZING RAIN OR DRIZZLE
GRTST DEPTH: 0 7 = DUSTSTORM OR SANDSTORM:
VSBY 1/2 MILE OR LESS
8 = SMOKE OR HAZE
[NO. OF DAYS WITH] [WEATHER - DAYS WITH] 9 = BLOWING SNOW
X = TORNADO
MAX 32 OR BELOW: 0 0.01 INCH OR MORE: 9
MAX 90 OR ABOVE: 0 0.10 INCH OR MORE: 3
MIN 32 OR BELOW: 9 0.50 INCH OR MORE: 1
MIN 0 OR BELOW: 0 1.00 INCH OR MORE: 1
[HDD (BASE 65) ]
TOTAL THIS MO. 436 CLEAR (SCALE 0-3) 0
DPTR FM NORMAL -130 PTCLDY (SCALE 4-7) 0
TOTAL FM JUL 1 3723 CLOUDY (SCALE 8-10) 27
DPTR FM NORMAL -699
[CDD (BASE 65) ]
TOTAL THIS MO. 2
DPTR FM NORMAL 2 [PRESSURE DATA]
TOTAL FM JAN 1 2 HIGHEST SLP M ON M
DPTR FM NORMAL 2 LOWEST SLP M ON M
[REMARKS]