000
CXUS51 KAKQ 010810
CF6ECG
PRELIMINARY LOCAL CLIMATOLOGICAL DATA (WS FORM: F-6)
STATION: ELIZABETH CITY NC
MONTH: NOVEMBER
YEAR: 2022
LATITUDE: 36 16 N
LONGITUDE: 76 11 W
TEMPERATURE IN F: :PCPN: SNOW: WIND :SUNSHINE: SKY :PK WND
================================================================================
1 2 3 4 5 6A 6B 7 8 9 10 11 12 13 14 15 16 17 18
12Z AVG MX 2MIN
DY MAX MIN AVG DEP HDD CDD WTR SNW DPTH SPD SPD DIR MIN PSBL S-S WX SPD DR
================================================================================
1 75 56 66 9 0 1 0.69 0.0 0 5.5 15 290 M M 6 123 18 310
2 71 54 63 6 2 0 0.00 0.0 0 8.7 16 40 M M 0 1 21 10
3 74 56 65 9 0 0 0.04 0.0 0 8.8 17 40 M M 4 1 21 40
4 80 57 69 13 0 4 0.00 0.0 0 5.5 13 110 M M 2 1 15 110
5 80 58 69 13 0 4 0.00 0.0 0 5.9 18 150 M M 3 1 24 150
6 83 61 72 17 0 7 0.00 0.0 0 6.7 13 110 M M 0 1 18 170
7 81 57 69 14 0 4 T 0.0 0 3.4 9 10 M M 6 12 11 10
8 64 56 60 5 5 0 0.00 0.0 0 20.8 32 30 M M 3 39 30
9 66 58 62 8 3 0 0.00 0.0 0 20.3 29 30 M M 9 37 40
10 74 59 67 13 0 2 T 0.0 0 10.5 16 30 M M 9 23 90
11 77 68 73 19 0 8 0.68 0.0 0 13.4 22 190 M M 7 1 33 190
12 77 65 71 17 0 6 0.11 0.0 0 11.2 28 190 M M 4 1 41 180
13 66 44 55 2 10 0 0.16 0.0 0 13.2 25 350 M M 5 1 30 350
14 53 40 47 -6 18 0 0.00 0.0 0 10.7 20 330 M M 0 22 330
15 66 41 54 1 11 0 0.30 0.0 0 9.3 17 60 M M 5 1 24 60
16 66 45 56 4 9 0 0.11 0.0 0 6.7 17 310 M M 6 1 20 300
17 51 32 42 -10 23 0 0.00 0.0 0 9.4 20 320 M M 0 25 300
18 51 28 40 -12 25 0 0.00 0.0 0 6.3 15 320 M M 0 19 280
19 57 34 46 -6 19 0 0.00 0.0 0 5.3 12 220 M M 0 16 240
20 49 30 40 -11 25 0 0.00 0.0 0 7.6 21 330 M M 0 25 320
21 53 28 41 -10 24 0 0.00 0.0 0 4.3 12 120 M M 1 14 130
22 61 39 50 -1 15 0 0.00 0.0 0 3.1 7 20 M M 5 9 60
23 63 40 52 1 13 0 0.00 0.0 0 5.8 16 30 M M 2 20 20
24 65 34 50 0 15 0 0.00 0.0 0 3.9 12 70 M M 1 14 90
25 62 48 55 5 10 0 0.70 0.0 0 5.2 15 170 M M 7 1 46 340
26 59 38 49 -1 16 0 0.00 0.0 0 6.6 14 280 M M 0 20 270
27 70 42 56 6 9 0 0.01 0.0 0 11.5 22 170 M M 5 30 160
28 68 48 58 8 7 0 0.00 0.0 0 10.2 21 270 M M 3 26 270
29 60 39 50 1 15 0 0.00 0.0 0 5.4 12 110 M M 0 14 10
30 64 48 56 7 9 0 0.75 0.0 0 8.7 23 290 M M 6 1 29 290
================================================================================
SM 1986 1403 283 36 3.55 0.0 253.9 M 99
================================================================================
AV 66.2 46.8 8.5 FASTST M M 3 MAX(MPH)
MISC ----> 32 30 46 340
================================================================================
NOTES:
# LAST OF SEVERAL OCCURRENCES
COLUMN 17 PEAK WIND IN M.P.H.
PRELIMINARY LOCAL CLIMATOLOGICAL DATA (WS FORM: F-6) , PAGE 2
STATION: ELIZABETH CITY NC
MONTH: NOVEMBER
YEAR: 2022
LATITUDE: 36 16 N
LONGITUDE: 76 11 W
[TEMPERATURE DATA] [PRECIPITATION DATA] SYMBOLS USED IN COLUMN 16
AVERAGE MONTHLY: 56.5 TOTAL FOR MONTH: 3.55 1 = FOG OR MIST
DPTR FM NORMAL: 3.8 DPTR FM NORMAL: 0.58 2 = FOG REDUCING VISIBILITY
HIGHEST: 83 ON 6 GRTST 24HR 0.79 ON 11-12 TO 1/4 MILE OR LESS
LOWEST: 28 ON 21,18 3 = THUNDER
SNOW, ICE PELLETS, HAIL 4 = ICE PELLETS
TOTAL MONTH: 0.0 INCH 5 = HAIL
GRTST 24HR 0.0 6 = FREEZING RAIN OR DRIZZLE
GRTST DEPTH: 0 7 = DUSTSTORM OR SANDSTORM:
VSBY 1/2 MILE OR LESS
8 = SMOKE OR HAZE
[NO. OF DAYS WITH] [WEATHER - DAYS WITH] 9 = BLOWING SNOW
X = TORNADO
MAX 32 OR BELOW: 0 0.01 INCH OR MORE: 10
MAX 90 OR ABOVE: 0 0.10 INCH OR MORE: 8
MIN 32 OR BELOW: 4 0.50 INCH OR MORE: 4
MIN 0 OR BELOW: 0 1.00 INCH OR MORE: 0
[HDD (BASE 65) ]
TOTAL THIS MO. 283 CLEAR (SCALE 0-3) 16
DPTR FM NORMAL -92 PTCLDY (SCALE 4-7) 12
TOTAL FM JUL 1 464 CLOUDY (SCALE 8-10) 2
DPTR FM NORMAL -52
[CDD (BASE 65) ]
TOTAL THIS MO. 36
DPTR FM NORMAL 28 [PRESSURE DATA]
TOTAL FM JAN 1 1875 HIGHEST SLP 30.52 ON 21
DPTR FM NORMAL 121 LOWEST SLP 29.57 ON 27
[REMARKS]
#FINAL-11-22#