000
CXUS54 KBMX 011010
CF6EET
PRELIMINARY LOCAL CLIMATOLOGICAL DATA (WS FORM: F-6)
STATION: SHELBY COUNTY AIRPORT
MONTH: MAY
YEAR: 2022
LATITUDE: 33 10 N
LONGITUDE: 86 47 W
TEMPERATURE IN F: :PCPN: SNOW: WIND :SUNSHINE: SKY :PK WND
================================================================================
1 2 3 4 5 6A 6B 7 8 9 10 11 12 13 14 15 16 17 18
12Z AVG MX 2MIN
DY MAX MIN AVG DEP HDD CDD WTR SNW DPTH SPD SPD DIR MIN PSBL S-S WX SPD DR
================================================================================
1 84 66 75 7 0 10 0.22 0.0 0 3.1 21 170 M M 5 13 37 190
2 83 64 74 6 0 9 0.00 0.0 0 2.5 10 180 M M 4 18 14 180
3 86 70 78 10 0 13 0.00 0.0 M 4.8 18 190 M M 4 27 190
4 87 68 78 10 0 13 0.00 0.0 0 2.0 9 190 M M 2 1 12 190
5 89 69 79 10 0 14 0.00 0.0 0 4.7 16 200 M M 1 1 26 150
6 81 65 73 4 0 8 0.03 0.0 0 9.0 21 160 M M 5 35 210
7 78 59 69 0 0 4 0.00 0.0 0 7.6 16 300 M M 3 8 24 320
8 79 54 67 -3 0 2 0.00 0.0 0 2.6 9 310 M M 1 13 190
9 80 60 70 0 0 5 0.00 0.0 0 4.2 13 160 M M 0 20 80
10 85 59 72 2 0 7 0.00 0.0 0 2.0 10 150 M M 0 14 150
11 89 61 75 5 0 10 0.00 0.0 0 1.8 15 340 M M 1 26 320
12 88 68 78 7 0 13 0.00 0.0 0 2.6 10 140 M M 1 16 160
13 83 68 76 5 0 11 0.00 0.0 0 2.2 10 130 M M 4 15 130
14 87 64 76 5 0 11 T 0.0 0 1.6 9 150 M M 1 3 13 270
15 90 66 78 6 0 13 0.00 0.0 0 2.7 12 300 M M 2 3 18 360
16 89 65 77 5 0 12 0.00 0.0 0 4.1 14 300 M M 1 18 290
17 87 64 76 4 0 11 0.00 0.0 0 1.6 9 80 M M 0 15 80
18 91 60 76 4 0 11 0.00 0.0 M 2.5 12 180 M M 0 18 190
19 92 71 82 9 0 17 0.00 0.0 0 5.3 13 190 M M 1 18 19 200
20 91 74 83 10 0 18 0.00 0.0 0 8.2 21 170 M M 3 27 160
21 92 71 82 9 0 17 T 0.0 0 6.7 16 190 M M 5 13 25 180
22 88 69 79 6 0 14 0.19 0.0 0 3.0 18 150 M M 6 18 25 160
23 82 65 74 0 0 9 1.84 0.0 0 3.8 10 210 M M 8 1 15 210
24 85 68 77 3 0 12 0.33 0.0 0 2.6 32 150 M M 5 138 47 160
25 80 67 74 0 0 9 1.26 0.0 0 5.5 16 150 M M 8 13 23 160
26 73 64 69 -5 0 4 2.27 0.0 M 6.4 16 170 M M 7 12 22 150
27 79 63 71 -4 0 6 0.00 0.0 0 5.0 13 300 M M 4 23 280
28 81 59 70 -5 0 5 0.00 0.0 0 1.8 8 310 M M 2 12 290
29 87 62 75 0 0 10 0.00 0.0 0 2.9 13 160 M M 2 1 18 160
30 90 67 79 4 0 14 0.00 0.0 0 3.0 12 160 M M 2 16 170
31 89 68 79 3 0 14 0.00 0.0 0 2.2 9 180 M M 1 13 120
================================================================================
SM 2645 2018 0 326 6.14 0.0 118.0 M 89
================================================================================
AV 85.3 65.1 3.8 FASTST M M 3 MAX(MPH)
MISC ----> 32 150 47 160
================================================================================
NOTES:
# LAST OF SEVERAL OCCURRENCES
COLUMN 17 PEAK WIND IN M.P.H.
PRELIMINARY LOCAL CLIMATOLOGICAL DATA (WS FORM: F-6) , PAGE 2
STATION: SHELBY COUNTY AIRPORT
MONTH: MAY
YEAR: 2022
LATITUDE: 33 10 N
LONGITUDE: 86 47 W
[TEMPERATURE DATA] [PRECIPITATION DATA] SYMBOLS USED IN COLUMN 16
AVERAGE MONTHLY: 75.2 TOTAL FOR MONTH: 6.14 1 = FOG OR MIST
DPTR FM NORMAL: 3.4 DPTR FM NORMAL: 1.99 2 = FOG REDUCING VISIBILITY
HIGHEST: 92 ON 21,19 GRTST 24HR 3.49 ON 25-26 TO 1/4 MILE OR LESS
LOWEST: 54 ON 8 3 = THUNDER
SNOW, ICE PELLETS, HAIL 4 = ICE PELLETS
TOTAL MONTH: 0.0 INCH 5 = HAIL
GRTST 24HR 0.0 6 = FREEZING RAIN OR DRIZZLE
GRTST DEPTH: 0 7 = DUSTSTORM OR SANDSTORM:
VSBY 1/2 MILE OR LESS
8 = SMOKE OR HAZE
[NO. OF DAYS WITH] [WEATHER - DAYS WITH] 9 = BLOWING SNOW
X = TORNADO
MAX 32 OR BELOW: 0 0.01 INCH OR MORE: 7
MAX 90 OR ABOVE: 6 0.10 INCH OR MORE: 6
MIN 32 OR BELOW: 0 0.50 INCH OR MORE: 3
MIN 0 OR BELOW: 0 1.00 INCH OR MORE: 3
[HDD (BASE 65) ]
TOTAL THIS MO. 0 CLEAR (SCALE 0-3) 19
DPTR FM NORMAL -17 PTCLDY (SCALE 4-7) 12
TOTAL FM JUL 1 1943 CLOUDY (SCALE 8-10) 0
DPTR FM NORMAL -433
[CDD (BASE 65) ]
TOTAL THIS MO. 326
DPTR FM NORMAL 99 [PRESSURE DATA]
TOTAL FM JAN 1 441 HIGHEST SLP 30.26 ON 10
DPTR FM NORMAL 111 LOWEST SLP 29.70 ON 6
[REMARKS]
#FINAL-05-22#