000
CXUS54 KSHV 011300
CF6ELD
PRELIMINARY LOCAL CLIMATOLOGICAL DATA (WS FORM: F-6)
STATION: EL DORADO
MONTH: MARCH
YEAR: 2023
LATITUDE: 33 13 N
LONGITUDE: 92 49 W
TEMPERATURE IN F: :PCPN: SNOW: WIND :SUNSHINE: SKY :PK WND
================================================================================
1 2 3 4 5 6A 6B 7 8 9 10 11 12 13 14 15 16 17 18
12Z AVG MX 2MIN
DY MAX MIN AVG DEP HDD CDD WTR SNW DPTH SPD SPD DIR MIN PSBL S-S WX SPD DR
================================================================================
1 80 64 72 20 0 7 0.02 0.0 0 6.3 18 200 M M 6 13 25 150
2 75 62 69 17 0 4 0.32 0.0 0 6.6 18 250 M M 5 13 31 280
3 71 43 57 4 8 0 1.16 0.0 0 9.5 24 260 M M 8 13 40 240
4 70 38 54 1 11 0 0.00 0.0 0 1.7 9 310 M M 1 1 13 60
5 78 41 60 7 5 0 0.00 0.0 0 3.6 13 110 M M 0 17 120
6 79 44 62 8 3 0 0.00 0.0 0 4.7 18 190 M M 0 1 24 200
7 80 52 66 12 0 1 0.00 0.0 0 4.8 13 70 M M 5 12 18 60
8 61 51 56 2 9 0 0.33 0.0 0 6.5 16 340 M M 9 13 22 340
9 73 52 63 9 2 0 0.30 0.0 0 4.0 15 320 M M 8 13 20 320
10 66 47 57 2 8 0 0.04 0.0 0 6.5 14 10 M M 4 23 360
11 72 45 59 4 6 0 0.00 0.0 0 6.3 22 330 M M 8 1 32 320
12 66 44 55 0 10 0 0.95 0.0 0 8.1 22 330 M M 7 13 31 320
13 60 38 49 -7 16 0 0.00 0.0 0 5.1 15 340 M M 0 21 10
14 57 37 47 -9 18 0 0.00 0.0 0 5.4 13 40 M M 2 18 40
15 64 32 48 -8 17 0 0.00 0.0 0 6.2 13 140 M M 0 19 130
16 71 51 61 5 4 0 0.23 0.0 0 11.0 22 170 M M 9 13 32 190
17 63 38 51 -6 14 0 T 0.0 0 11.1 21 290 M M 4 1 31 290
18 57 33 45 -12 20 0 0.00 0.0 0 7.9 22 320 M M 0 31 310
19 49 26 38 -19 27 0 0.00 0.0 0 5.9 16 330 M M 0 23 350
20 58 25 42 -16 23 0 0.00 0.0 0 6.5 16 140 M M 2 22 170
21 68 47 58 0 7 0 T 0.0 0 9.5 21 160 M M 10 28 150
22 77 63 70 12 0 5 T 0.0 0 10.4 17 170 M M 7 28 160
23 84 66 75 17 0 10 T 0.0 0 9.9 22 180 M M 5 1 33 190
24 79 54 67 8 0 2 0.59 0.0 0 10.5 25 160 M M 7 123 37 150
25 80 50 65 6 0 0 0.00 0.0 0 4.6 17 240 M M 3 12 27 230
26 81 44 63 4 2 0 T 0.0 0 3.5 16 160 M M 2 3 24 150
27 74 50 62 3 3 0 0.00 0.0 0 7.4 18 330 M M 1 25 330
28 71 47 59 -1 6 0 0.00 0.0 0 7.0 17 330 M M 0 25 330
29 68 42 55 -5 10 0 0.00 0.0 0 4.7 15 110 M M 1 20 120
30 78 47 63 3 2 0 0.00 0.0 0 7.2 21 160 M M 6 29 150
31 84 64 74 14 0 9 0.30 0.0 0 12.5 32 210 M M 7 1 50 210
================================================================================
SM 2194 1437 231 38 4.24 0.0 214.9 M 127
================================================================================
AV 70.8 46.4 6.9 FASTST M M 4 MAX(MPH)
MISC ----> 32 210 50 210
================================================================================
NOTES:
# LAST OF SEVERAL OCCURRENCES
COLUMN 17 PEAK WIND IN M.P.H.
PRELIMINARY LOCAL CLIMATOLOGICAL DATA (WS FORM: F-6) , PAGE 2
STATION: EL DORADO
MONTH: MARCH
YEAR: 2023
LATITUDE: 33 13 N
LONGITUDE: 92 49 W
[TEMPERATURE DATA] [PRECIPITATION DATA] SYMBOLS USED IN COLUMN 16
AVERAGE MONTHLY: 58.6 TOTAL FOR MONTH: 4.24 1 = FOG OR MIST
DPTR FM NORMAL: 2.3 DPTR FM NORMAL: -0.86 2 = FOG REDUCING VISIBILITY
HIGHEST: 84 ON 31,23 GRTST 24HR 1.42 ON 2- 3 TO 1/4 MILE OR LESS
LOWEST: 25 ON 20 3 = THUNDER
SNOW, ICE PELLETS, HAIL 4 = ICE PELLETS
TOTAL MONTH: 0.0 INCH 5 = HAIL
GRTST 24HR 0.0 6 = FREEZING RAIN OR DRIZZLE
GRTST DEPTH: 0 7 = DUSTSTORM OR SANDSTORM:
VSBY 1/2 MILE OR LESS
8 = SMOKE OR HAZE
[NO. OF DAYS WITH] [WEATHER - DAYS WITH] 9 = BLOWING SNOW
X = TORNADO
MAX 32 OR BELOW: 0 0.01 INCH OR MORE: 10
MAX 90 OR ABOVE: 0 0.10 INCH OR MORE: 8
MIN 32 OR BELOW: 3 0.50 INCH OR MORE: 3
MIN 0 OR BELOW: 0 1.00 INCH OR MORE: 1
[HDD (BASE 65) ]
TOTAL THIS MO. 231 CLEAR (SCALE 0-3) 13
DPTR FM NORMAL -62 PTCLDY (SCALE 4-7) 14
TOTAL FM JUL 1 2086 CLOUDY (SCALE 8-10) 4
DPTR FM NORMAL -341
[CDD (BASE 65) ]
TOTAL THIS MO. 38
DPTR FM NORMAL 14 [PRESSURE DATA]
TOTAL FM JAN 1 65 HIGHEST SLP 30.56 ON 19
DPTR FM NORMAL 32 LOWEST SLP 29.25 ON 3
[REMARKS]
#FINAL-03-23#