000
CXUS54 KSHV 011400
CF6ELD
PRELIMINARY LOCAL CLIMATOLOGICAL DATA (WS FORM: F-6)
STATION: EL DORADO
MONTH: NOVEMBER
YEAR: 2021
LATITUDE: 33 13 N
LONGITUDE: 92 49 W
TEMPERATURE IN F: :PCPN: SNOW: WIND :SUNSHINE: SKY :PK WND
================================================================================
1 2 3 4 5 6A 6B 7 8 9 10 11 12 13 14 15 16 17 18
12Z AVG MX 2MIN
DY MAX MIN AVG DEP HDD CDD WTR SNW DPTH SPD SPD DIR MIN PSBL S-S WX SPD DR
================================================================================
1 70 44 57 -1 8 0 0.00 0.0 0 4.6 13 70 M M 0 1 17 60
2 56 45 51 -7 14 0 0.01 0.0 0 8.3 17 40 M M 8 21 40
3 47 42 45 -13 20 0 0.86 0.0 0 7.7 16 60 M M 10 1 21 50
4 58 36 47 -10 18 0 0.00 0.0 0 5.1 15 50 M M 2 22 20
5 60 32 46 -11 19 0 0.00 0.0 0 3.6 10 60 M M 0 15 20
6 64 33 49 -8 16 0 0.00 0.0 0 1.4 8 190 M M 0 1 13 320
7 68 35 52 -4 13 0 0.00 0.0 0 1.4 7 160 M M 1 12 10 170
8 73 36 55 -1 10 0 0.00 0.0 0 2.2 10 150 M M 0 13 140
9 71 40 56 0 9 0 0.00 0.0 0 3.0 12 160 M M 0 1 15 240
10 73 42 58 3 7 0 0.00 0.0 0 5.0 15 160 M M 5 1 20 150
11 71 42 57 2 8 0 0.35 0.0 0 5.5 21 220 M M 4 13 27 200
12 67 35 51 -4 14 0 0.00 0.0 0 5.2 20 300 M M 0 26 280
13 58 34 46 -8 19 0 0.00 0.0 0 4.4 14 340 M M 0 19 300
14 67 34 51 -3 14 0 0.00 0.0 0 3.1 15 290 M M 0 19 290
15 76 38 57 3 8 0 0.00 0.0 0 3.4 12 220 M M 1 14 190
16 75 59 67 13 0 2 0.00 0.0 0 8.3 17 160 M M 6 22 160
17 80 60 70 17 0 5 0.00 0.0 0 8.1 21 180 M M 6 29 190
18 65 34 50 -3 15 0 0.37 0.0 0 8.6 23 350 M M 4 13 34 350
19 58 28 43 -10 22 0 0.00 0.0 0 4.9 14 80 M M 0 17 70
20 68 31 50 -2 15 0 0.00 0.0 0 5.0 13 160 M M 0 16 160
21 69 50 60 8 5 0 0.43 0.0 0 5.9 20 320 M M 9 13 26 330
22 61 38 50 -2 15 0 0.00 0.0 0 4.6 15 30 M M 0 1 21 40
23 62 34 48 -4 17 0 0.00 0.0 0 5.7 12 140 M M 0 15 150
24 70 40 55 4 10 0 0.00 0.0 0 8.1 18 150 M M 3 22 160
25 63 40 52 1 13 0 0.87 0.0 0 8.0 21 310 M M 7 1 26 310
26 53 32 43 -8 22 0 0.00 0.0 0 2.3 7 70 M M 0 12 50
27 53 29 41 -9 24 0 0.02 0.0 0 6.7 13 190 M M 3 15 200
28 65 38 52 2 13 0 0.24 0.0 0 3.8 12 350 M M 4 1 15 350
29 64 34 49 -1 16 0 0.00 0.0 0 3.5 12 180 M M 0 1 15 150
30 72 37 55 5 10 0 0.00 0.0 0 4.5 13 160 M M 0 1 15 190
================================================================================
SM 1957 1152 394 7 3.15 0.0 151.9 M 73
================================================================================
AV 65.2 38.4 5.1 FASTST M M 2 MAX(MPH)
MISC ----> 23 350 34 350
================================================================================
NOTES:
# LAST OF SEVERAL OCCURRENCES
COLUMN 17 PEAK WIND IN M.P.H.
PRELIMINARY LOCAL CLIMATOLOGICAL DATA (WS FORM: F-6) , PAGE 2
STATION: EL DORADO
MONTH: NOVEMBER
YEAR: 2021
LATITUDE: 33 13 N
LONGITUDE: 92 49 W
[TEMPERATURE DATA] [PRECIPITATION DATA] SYMBOLS USED IN COLUMN 16
AVERAGE MONTHLY: 51.8 TOTAL FOR MONTH: 3.15 1 = FOG OR MIST
DPTR FM NORMAL: -2.0 DPTR FM NORMAL: -0.68 2 = FOG REDUCING VISIBILITY
HIGHEST: 80 ON 17 GRTST 24HR 0.87 ON 25-25 TO 1/4 MILE OR LESS
LOWEST: 28 ON 19 3 = THUNDER
SNOW, ICE PELLETS, HAIL 4 = ICE PELLETS
TOTAL MONTH: 0.0 INCH 5 = HAIL
GRTST 24HR 0.0 6 = FREEZING RAIN OR DRIZZLE
GRTST DEPTH: 0 7 = DUSTSTORM OR SANDSTORM:
VSBY 1/2 MILE OR LESS
8 = SMOKE OR HAZE
[NO. OF DAYS WITH] [WEATHER - DAYS WITH] 9 = BLOWING SNOW
X = TORNADO
MAX 32 OR BELOW: 0 0.01 INCH OR MORE: 8
MAX 90 OR ABOVE: 0 0.10 INCH OR MORE: 6
MIN 32 OR BELOW: 5 0.50 INCH OR MORE: 2
MIN 0 OR BELOW: 0 1.00 INCH OR MORE: 0
[HDD (BASE 65) ]
TOTAL THIS MO. 394 CLEAR (SCALE 0-3) 19
DPTR FM NORMAL 43 PTCLDY (SCALE 4-7) 9
TOTAL FM JUL 1 439 CLOUDY (SCALE 8-10) 2
DPTR FM NORMAL -31
[CDD (BASE 65) ]
TOTAL THIS MO. 7
DPTR FM NORMAL -8 [PRESSURE DATA]
TOTAL FM JAN 1 2180 HIGHEST SLP 30.52 ON 19
DPTR FM NORMAL -98 LOWEST SLP 29.79 ON 11
[REMARKS]
#FINAL-11-21#