000
CXUS54 KSHV 011500
CF6ELD
PRELIMINARY LOCAL CLIMATOLOGICAL DATA (WS FORM: F-6)
STATION: EL DORADO
MONTH: MARCH
YEAR: 2020
LATITUDE: 33 13 N
LONGITUDE: 92 49 W
TEMPERATURE IN F: :PCPN: SNOW: WIND :SUNSHINE: SKY :PK WND
================================================================================
1 2 3 4 5 6A 6B 7 8 9 10 11 12 13 14 15 16 17 18
12Z AVG MX 2MIN
DY MAX MIN AVG DEP HDD CDD WTR SNW DPTH SPD SPD DIR MIN PSBL S-S WX SPD DR
================================================================================
1 72 53 63 11 2 0 0.01 0.0 0 14.4 26 180 M M 5 37 170
2 75 60 68 16 0 3 0.01 0.0 0 8.0 18 190 M M 6 1 23 220
3 68 57 63 11 2 0 0.01 0.0 0 4.6 9 40 M M 7 1 13 330
4 57 52 55 3 10 0 1.07 0.0 0 8.1 17 100 M M 10 13 22 120
5 72 49 61 8 4 0 0.20 0.0 0 8.1 17 330 M M 3 1 22 330
6 68 36 52 -1 13 0 0.00 0.0 0 5.4 16 10 M M 0 20 340
7 64 33 49 -4 16 0 0.00 0.0 0 3.5 14 120 M M 0 18 100
8 70 36 53 -1 12 0 0.00 0.0 0 5.5 18 160 M M 0 22 150
9 65 54 60 6 5 0 0.27 0.0 0 9.6 17 160 M M 8 1 22 130
10 80 55 68 14 0 3 0.00 0.0 0 4.6 13 200 M M 5 18 220
11 81 54 68 14 0 3 0.00 0.0 0 7.3 16 210 M M 4 1 23 220
12 82 66 74 19 0 9 0.00 0.0 0 10.7 20 190 M M 6 27 210
13 70 50 60 5 5 0 0.10 0.0 0 9.5 21 50 M M 10 1 28 60
14 79 51 65 10 0 0 T 0.0 0 7.1 18 180 M M 8 13 27 170
15 56 47 52 -4 13 0 0.03 0.0 0 8.1 16 30 M M 10 1 21 20
16 57 47 52 -4 13 0 0.02 0.0 0 4.3 12 90 M M 9 12 14 90
17 73 49 61 5 4 0 0.00 0.0 0 6.4 15 50 M M 9 12 19 50
18 75 57 66 10 0 1 0.55 0.0 0 4.6 14 180 M M 6 1 20 290
19 83 68 76 19 0 11 0.03 0.0 0 9.2 24 180 M M 6 1 34 180
20 74 50 62 5 3 0 0.25 0.0 0 7.2 18 330 M M 9 1 23 320
21 60 48 54 -3 11 0 0.00 0.0 0 7.3 15 50 M M 7 18 30
22 55 48 52 -5 13 0 0.48 0.0 0 4.3 15 90 M M 9 13 19 100
23 58 53 56 -2 9 0 0.55 0.0 0 5.4 12 40 M M 10 123 14 30
24 82 58 70 12 0 5 0.00 0.0 0 6.9 21 200 M M 8 1 28 200
25 80 57 69 11 0 4 0.00 0.0 0 5.4 13 30 M M 5 18 20
26 90 58 74 16 0 9 0.00 0.0 0 8.1 21 190 M M 1 1 25 200
27 90 65 78 19 0 13 0.00 0.0 0 9.5 20 180 M M 2 1 25 190
28 83 53 68 9 0 3 0.08 0.0 0 9.3 25 190 M M 5 1 30 190
29 76 46 61 2 4 0 0.00 0.0 0 2.5 10 310 M M 0 14 320
30 65 53 59 0 6 0 2.13 0.0 0 6.9 17 50 M M 8 13 23 100
31 67 47 57 -3 8 0 0.17 0.0 0 6.2 17 340 M M 7 1 23 10
================================================================================
SM 2227 1610 153 64 5.96 0.0 218.0 M 183
================================================================================
AV 71.8 51.9 7.0 FASTST M M 6 MAX(MPH)
MISC ----> # 26 180 # 37 170
================================================================================
NOTES:
# LAST OF SEVERAL OCCURRENCES
COLUMN 17 PEAK WIND IN M.P.H.
PRELIMINARY LOCAL CLIMATOLOGICAL DATA (WS FORM: F-6) , PAGE 2
STATION: EL DORADO
MONTH: MARCH
YEAR: 2020
LATITUDE: 33 13 N
LONGITUDE: 92 49 W
[TEMPERATURE DATA] [PRECIPITATION DATA] SYMBOLS USED IN COLUMN 16
AVERAGE MONTHLY: 61.9 TOTAL FOR MONTH: 5.96 1 = FOG OR MIST
DPTR FM NORMAL: 6.1 DPTR FM NORMAL: 1.21 2 = FOG REDUCING VISIBILITY
HIGHEST: 90 ON 27,26 GRTST 24HR 2.13 ON 30-30 TO 1/4 MILE OR LESS
LOWEST: 33 ON 7 3 = THUNDER
SNOW, ICE PELLETS, HAIL 4 = ICE PELLETS
TOTAL MONTH: 0.0 INCH 5 = HAIL
GRTST 24HR 0.0 6 = FREEZING RAIN OR DRIZZLE
GRTST DEPTH: 0 7 = DUSTSTORM OR SANDSTORM:
VSBY 1/2 MILE OR LESS
8 = SMOKE OR HAZE
[NO. OF DAYS WITH] [WEATHER - DAYS WITH] 9 = BLOWING SNOW
X = TORNADO
MAX 32 OR BELOW: 0 0.01 INCH OR MORE: 17
MAX 90 OR ABOVE: 2 0.10 INCH OR MORE: 10
MIN 32 OR BELOW: 0 0.50 INCH OR MORE: 4
MIN 0 OR BELOW: 0 1.00 INCH OR MORE: 2
[HDD (BASE 65) ]
TOTAL THIS MO. 153 CLEAR (SCALE 0-3) 7
DPTR FM NORMAL -155 PTCLDY (SCALE 4-7) 15
TOTAL FM JUL 1 2188 CLOUDY (SCALE 8-10) 9
DPTR FM NORMAL -348
[CDD (BASE 65) ]
TOTAL THIS MO. 64
DPTR FM NORMAL 42 [PRESSURE DATA]
TOTAL FM JAN 1 72 HIGHEST SLP 30.54 ON 7
DPTR FM NORMAL 44 LOWEST SLP 29.72 ON 27
[REMARKS]
#FINAL-03-20#