000
CXUS54 KEPZ 091555 CCA
CF6ELP
PRELIMINARY LOCAL CLIMATOLOGICAL DATA (WS FORM: F-6) *CORRECTED*
STATION: EL PASO
MONTH: JANUARY
YEAR: 2023
LATITUDE: 31 47 N
LONGITUDE: 106 24 W
TEMPERATURE IN F: :PCPN: SNOW: WIND :SUNSHINE: SKY :PK WND
================================================================================
1 2 3 4 5 6A 6B 7 8 9 10 11 12 13 14 15 16 17 18
12Z AVG MX 2MIN
DY MAX MIN AVG DEP HDD CDD WTR SNW DPTH SPD SPD DIR MIN PSBL S-S WX SPD DR
================================================================================
1 67 44 56 11 9 0 0.00 0.0 0 7.1 22 220 M M 8 8 28 230
2 58 40 49 4 16 0 0.08 0.0 0 13.3 37 290 M M 6 1 53 280
3 56 41 49 4 16 0 0.00 0.0 0 13.3 33 270 M M 6 44 280
4 59 40 50 5 15 0 0.00 0.0 0 11.4 28 280 M M 3 35 290
5 65 36 51 6 14 0 0.00 0.0 0 4.3 12 10 M M 3 14 30
6 71 34 53 8 12 0 0.00 0.0 0 5.2 14 350 M M 3 18 260
7 62 40 51 6 14 0 0.00 0.0 0 8.3 20 10 M M 5 25 20
8 67 33 50 4 15 0 0.00 0.0 0 4.9 14 360 M M 2 19 350
9 70 36 53 7 12 0 0.00 0.0 0 6.0 15 240 M M 1 20 240
10 69 41 55 9 10 0 0.00 0.0 0 6.5 16 250 M M 6 M M
11 66 43 55 9 10 0 0.00 0.0 0 11.8 18 280 M M 6 31 270
12 60 32 46 0 19 0 0.00 0.0 0 8.6 16 10 M M 4 M M
13 64 26 45 -1 20 0 0.00 0.0 0 4.6 9 60 M M 3 M M
14 68 27 48 2 17 0 0.00 0.0 0 5.5 16 240 M M 4 M M
15 68 54 61 15 4 0 0.00 0.0 0 18.7 36 240 M M 9 55 240
16 53 47 50 4 15 0 0.04 0.0 0 9.6 20 250 M M 9 27 250
17 57 44 51 5 14 0 0.04 0.0 0 8.5 22 270 M M 9 33 280
18 51 33 42 -5 23 0 0.00 0.0 0 14.2 33 270 M M 2 46 260
19 51 28 40 -7 25 0 0.00 0.0 0 3.3 16 280 M M 7 21 290
20 64 24 44 -3 21 0 0.00 0.0 0 8.0 22 260 M M 1 32 250
21 52 28 40 -7 25 0 0.00 0.0 0 6.6 21 300 M M 0 27 290
22 56 25 41 -6 24 0 0.00 0.0 0 3.5 13 190 M M 1 17 200
23 63 36 50 3 15 0 0.07 0.0 0 7.5 25 280 M M 9 1 35 180
24 52 33 43 -5 22 0 0.00 0.0 0 11.8 26 280 M M 6 35 280
25 54 30 42 -6 23 0 0.00 0.0 0 6.5 16 320 M M 1 21 290
26 49 29 39 -9 26 0 0.00 0.0 0 7.9 14 90 M M 2 18 90
27 54 20 37 -11 28 0 0.00 0.0 0 4.5 14 260 M M 3 19 190
28 66 27 47 -1 18 0 0.00 0.0 0 6.7 25 270 M M 4 30 280
29 68 34 51 3 14 0 0.00 0.0 0 5.4 17 250 M M 3 22 260
30 71 38 55 7 10 0 0.00 0.0 0 7.4 20 240 M M 3 26 200
31 60 36 48 -1 17 0 0.00 0.0 0 7.3 15 260 M M 4 20 260
================================================================================
SM 1891 1079 523 0 0.23 0.0 248.2 M 133
================================================================================
AV 61.0 34.8 8.0 FASTST M M 4 MAX(MPH)
MISC ----> 37 290 55 240
================================================================================
NOTES:
# LAST OF SEVERAL OCCURRENCES
COLUMN 17 PEAK WIND IN M.P.H.
PRELIMINARY LOCAL CLIMATOLOGICAL DATA (WS FORM: F-6) , PAGE 2
STATION: EL PASO
MONTH: JANUARY
YEAR: 2023
LATITUDE: 31 47 N
LONGITUDE: 106 24 W
[TEMPERATURE DATA] [PRECIPITATION DATA] SYMBOLS USED IN COLUMN 16
AVERAGE MONTHLY: 47.9 TOTAL FOR MONTH: 0.23 1 = FOG OR MIST
DPTR FM NORMAL: 1.4 DPTR FM NORMAL: -0.16 2 = FOG REDUCING VISIBILITY
HIGHEST: 71 ON 30, 6 GRTST 24HR 0.08 ON 02-02 TO 1/4 MILE OR LESS
LOWEST: 20 ON 27 3 = THUNDER
SNOW, ICE PELLETS, HAIL 4 = ICE PELLETS
TOTAL MONTH: 0.0 INCH 5 = HAIL
GRTST 24HR 0.0 6 = FREEZING RAIN OR DRIZZLE
GRTST DEPTH: 0 7 = DUSTSTORM OR SANDSTORM:
VSBY 1/2 MILE OR LESS
8 = SMOKE OR HAZE
[NO. OF DAYS WITH] [WEATHER - DAYS WITH] 9 = BLOWING SNOW
X = TORNADO
MAX 32 OR BELOW: 0 0.01 INCH OR MORE: 4
MAX 90 OR ABOVE: 0 0.10 INCH OR MORE: 0
MIN 32 OR BELOW: 11 0.50 INCH OR MORE: 0
MIN 0 OR BELOW: 0 1.00 INCH OR MORE: 0
[HDD (BASE 65) ]
TOTAL THIS MO. 523 CLEAR (SCALE 0-3) 14
DPTR FM NORMAL -49 PTCLDY (SCALE 4-7) 13
TOTAL FM JUL 1 1451 CLOUDY (SCALE 8-10) 4
DPTR FM NORMAL -94
[CDD (BASE 65) ]
TOTAL THIS MO. 0
DPTR FM NORMAL 0 [PRESSURE DATA]
TOTAL FM JAN 1 0 HIGHEST SLP 30.34 ON 26
DPTR FM NORMAL 0 LOWEST SLP 29.56 ON 23
[REMARKS]
#FINAL-01-23#
TEMPERATURES FROM JAN 11-14 ARE FROM BIGGS AIRFIELD SINCE THE KELP ASOS WAS DOWN.