000
CXUS54 KEPZ 011030
CF6ELP
PRELIMINARY LOCAL CLIMATOLOGICAL DATA (WS FORM: F-6)
STATION: EL PASO
MONTH: JULY
YEAR: 2021
LATITUDE: 31 47 N
LONGITUDE: 106 24 W
TEMPERATURE IN F: :PCPN: SNOW: WIND :SUNSHINE: SKY :PK WND
================================================================================
1 2 3 4 5 6A 6B 7 8 9 10 11 12 13 14 15 16 17 18
12Z AVG MX 2MIN
DY MAX MIN AVG DEP HDD CDD WTR SNW DPTH SPD SPD DIR MIN PSBL S-S WX SPD DR
================================================================================
1 89 69 79 -6 0 14 0.87 0.0 0 5.4 29 110 M M 8 13 38 120
2 86 70 78 -7 0 13 0.04 0.0 0 3.4 18 100 M M 6 3 27 90
3 93 70 82 -3 0 17 0.82 0.0 0 4.0 31 190 M M 6 3 40 180
4 96 73 85 0 0 20 0.00 0.0 0 7.5 24 120 M M 5 3 33 150
5 97 70 84 -1 0 19 0.59 0.0 0 5.9 23 130 M M 5 13 31 140
6 89 70 80 -5 0 15 T 0.0 0 8.4 26 40 M M 6 37 50
7 90 72 81 -4 0 16 T 0.0 0 7.9 20 50 M M 6 25 50
8 93 72 83 -2 0 18 0.00 0.0 0 6.0 14 20 M M 2 19 360
9 98 74 86 1 0 21 0.00 0.0 0 4.9 13 120 M M 1 19 130
10 101 74 88 3 0 23 0.00 0.0 0 5.6 17 110 M M 2 24 120
11 97 67 82 -3 0 17 0.24 0.0 0 11.4 44 360 M M 6 37 57 80
12 92 69 81 -4 0 16 0.00 0.0 0 6.9 16 150 M M 4 22 140
13 92 71 82 -2 0 17 0.00 0.0 0 6.0 15 120 M M 2 23 140
14 95 73 84 0 0 19 0.00 0.0 0 5.5 13 210 M M 2 20 210
15 97 74 86 2 0 21 0.00 0.0 0 7.9 23 290 M M 4 29 290
16 96 74 85 1 0 20 0.00 0.0 0 8.0 25 260 M M 3 32 250
17 98 72 85 1 0 20 0.00 0.0 0 6.8 24 80 M M 4 8 33 90
18 93 67 80 -4 0 15 1.93 0.0 0 7.6 24 170 M M 7 123 37 160
19 87 71 79 -5 0 14 T 0.0 0 7.1 17 110 M M 7 22 100
20 92 71 82 -2 0 17 0.00 0.0 0 8.4 17 120 M M 3 23 120
21 92 71 82 -2 0 17 0.00 0.0 0 7.1 16 90 M M 2 22 110
22 92 70 81 -3 0 16 0.00 0.0 0 5.2 15 190 M M 5 22 190
23 94 68 81 -3 0 16 0.09 0.0 0 8.6 24 190 M M 7 3 35 210
24 90 67 79 -5 0 14 0.01 0.0 0 6.4 23 270 M M 6 3 30 260
25 90 69 80 -4 0 15 T 0.0 0 4.8 17 180 M M 6 24 190
26 94 72 83 -1 0 18 0.01 0.0 0 5.5 28 260 M M 7 3 34 250
27 97 71 84 0 0 19 0.20 0.0 0 5.4 22 360 M M 5 3 32 350
28 97 75 86 2 0 21 T 0.0 0 6.8 26 70 M M 7 3 39 70
29 92 71 82 -2 0 17 0.00 0.0 0 9.7 33 150 M M 4 46 160
30 92 69 81 -3 0 16 0.00 0.0 0 7.2 18 210 M M 4 26 130
31 91 74 83 -1 0 18 T 0.0 0 4.8 17 190 M M 6 24 180
================================================================================
SM 2892 2200 0 539 4.80 0.0 206.1 M 148
================================================================================
AV 93.3 71.0 6.6 FASTST M M 5 MAX(MPH)
MISC ----> 44 360 57 80
================================================================================
NOTES:
# LAST OF SEVERAL OCCURRENCES
COLUMN 17 PEAK WIND IN M.P.H.
PRELIMINARY LOCAL CLIMATOLOGICAL DATA (WS FORM: F-6) , PAGE 2
STATION: EL PASO
MONTH: JULY
YEAR: 2021
LATITUDE: 31 47 N
LONGITUDE: 106 24 W
[TEMPERATURE DATA] [PRECIPITATION DATA] SYMBOLS USED IN COLUMN 16
AVERAGE MONTHLY: 82.1 TOTAL FOR MONTH: 4.80 1 = FOG OR MIST
DPTR FM NORMAL: -2.3 DPTR FM NORMAL: 3.22 2 = FOG REDUCING VISIBILITY
HIGHEST: 101 ON 10 GRTST 24HR 1.93 ON 18-18 TO 1/4 MILE OR LESS
LOWEST: 67 ON 24,18 3 = THUNDER
SNOW, ICE PELLETS, HAIL 4 = ICE PELLETS
TOTAL MONTH: 0.0 INCH 5 = HAIL
GRTST 24HR 0.0 6 = FREEZING RAIN OR DRIZZLE
GRTST DEPTH: 0 7 = DUSTSTORM OR SANDSTORM:
VSBY 1/2 MILE OR LESS
8 = SMOKE OR HAZE
[NO. OF DAYS WITH] [WEATHER - DAYS WITH] 9 = BLOWING SNOW
X = TORNADO
MAX 32 OR BELOW: 0 0.01 INCH OR MORE: 10
MAX 90 OR ABOVE: 27 0.10 INCH OR MORE: 6
MIN 32 OR BELOW: 0 0.50 INCH OR MORE: 4
MIN 0 OR BELOW: 0 1.00 INCH OR MORE: 1
[HDD (BASE 65) ]
TOTAL THIS MO. 0 CLEAR (SCALE 0-3) 8
DPTR FM NORMAL 0 PTCLDY (SCALE 4-7) 23
TOTAL FM JUL 1 0 CLOUDY (SCALE 8-10) 0
DPTR FM NORMAL 0
[CDD (BASE 65) ]
TOTAL THIS MO. 539
DPTR FM NORMAL -62 [PRESSURE DATA]
TOTAL FM JAN 1 1628 HIGHEST SLP 30.08 ON 18
DPTR FM NORMAL 0 LOWEST SLP 29.68 ON 5
[REMARKS]
#FINAL-07-21#