000
CXUS54 KEPZ 011130
CF6ELP
PRELIMINARY LOCAL CLIMATOLOGICAL DATA (WS FORM: F-6)
STATION: EL PASO
MONTH: NOVEMBER
YEAR: 2023
LATITUDE: 31 47 N
LONGITUDE: 106 24 W
TEMPERATURE IN F: :PCPN: SNOW: WIND :SUNSHINE: SKY :PK WND
================================================================================
1 2 3 4 5 6A 6B 7 8 9 10 11 12 13 14 15 16 17 18
12Z AVG MX 2MIN
DY MAX MIN AVG DEP HDD CDD WTR SNW DPTH SPD SPD DIR MIN PSBL S-S WX SPD DR
================================================================================
1 67 35 51 -9 14 0 0.00 0.0 0 4.5 8 20 M M 0 13 60
2 73 42 58 -2 7 0 0.00 0.0 0 5.8 14 30 M M 0 17 20
3 78 40 59 -1 6 0 0.00 0.0 0 2.7 12 220 M M 0 16 210
4 82 41 62 3 3 0 0.00 0.0 0 3.2 8 40 M M 2 10 340
5 84 50 67 8 0 2 0.00 0.0 0 4.5 13 10 M M 5 15 20
6 87 52 70 12 0 5 0.00 0.0 0 5.4 21 250 M M 0 28 240
7 86 52 69 11 0 4 0.00 0.0 0 11.4 25 260 M M 0 39 260
8 85 64 75 17 0 10 0.00 0.0 0 11.1 30 250 M M 4 47 240
9 71 50 61 4 4 0 0.02 0.0 0 9.3 17 80 M M 9 23 80
10 52 46 49 -8 16 0 0.19 0.0 0 6.3 14 60 M M 10 3 18 70
11 64 47 56 0 9 0 0.00 0.0 0 5.4 14 30 M M 6 20 30
12 67 43 55 -1 10 0 0.00 0.0 0 6.2 15 350 M M 2 19 350
13 64 55 60 5 5 0 0.00 0.0 0 7.6 14 100 M M 8 18 110
14 67 50 59 4 6 0 0.00 0.0 0 2.8 8 20 M M 7 12 150
15 73 46 60 6 5 0 0.00 0.0 0 3.7 10 20 M M 4 14 360
16 72 52 62 8 3 0 0.00 0.0 0 7.3 21 260 M M 8 24 250
17 79 56 68 14 0 3 0.00 0.0 0 4.7 15 270 M M 7 19 270
18 83 63 73 20 0 8 T 0.0 0 6.9 18 270 M M 7 27 220
19 71 58 65 12 0 0 0.00 0.0 0 16.0 36 300 M M 2 50 300
20 64 51 58 5 7 0 0.00 0.0 0 13.3 40 280 M M 3 59 260
21 61 43 52 0 13 0 0.00 0.0 0 8.2 21 60 M M 2 29 70
22 62 33 48 -4 17 0 0.00 0.0 0 4.4 12 160 M M 0 15 170
23 64 32 48 -3 17 0 0.00 0.0 0 5.0 14 250 M M 4 19 260
24 68 39 54 3 11 0 0.00 0.0 0 6.0 20 110 M M 3 27 100
25 65 41 53 2 12 0 T 0.0 0 8.1 29 270 M M 6 38 300
26 59 43 51 1 14 0 0.00 0.0 0 9.5 18 360 M M 7 23 360
27 60 38 49 -1 16 0 0.00 0.0 0 7.6 14 10 M M 6 19 360
28 63 41 52 2 13 0 0.00 0.0 0 7.4 14 10 M M 6 18 10
29 67 43 55 6 10 0 0.00 0.0 0 5.2 13 360 M M 3 16 360
30 60 46 53 4 12 0 0.06 0.0 0 14.9 33 270 M M 5 3 47 270
================================================================================
SM 2098 1392 230 32 0.27 0.0 214.4 M 126
================================================================================
AV 69.9 46.4 7.1 FASTST M M 4 MAX(MPH)
MISC ----> 40 280 59 260
================================================================================
NOTES:
# LAST OF SEVERAL OCCURRENCES
COLUMN 17 PEAK WIND IN M.P.H.
PRELIMINARY LOCAL CLIMATOLOGICAL DATA (WS FORM: F-6) , PAGE 2
STATION: EL PASO
MONTH: NOVEMBER
YEAR: 2023
LATITUDE: 31 47 N
LONGITUDE: 106 24 W
[TEMPERATURE DATA] [PRECIPITATION DATA] SYMBOLS USED IN COLUMN 16
AVERAGE MONTHLY: 58.2 TOTAL FOR MONTH: 0.27 1 = FOG OR MIST
DPTR FM NORMAL: 3.7 DPTR FM NORMAL: -0.16 2 = FOG REDUCING VISIBILITY
HIGHEST: 87 ON 6 GRTST 24HR 0.21 ON 9-10 TO 1/4 MILE OR LESS
LOWEST: 32 ON 23 3 = THUNDER
SNOW, ICE PELLETS, HAIL 4 = ICE PELLETS
TOTAL MONTH: 0.0 INCH 5 = HAIL
GRTST 24HR 0.0 6 = FREEZING RAIN OR DRIZZLE
GRTST DEPTH: 0 7 = DUSTSTORM OR SANDSTORM:
VSBY 1/2 MILE OR LESS
8 = SMOKE OR HAZE
[NO. OF DAYS WITH] [WEATHER - DAYS WITH] 9 = BLOWING SNOW
X = TORNADO
MAX 32 OR BELOW: 0 0.01 INCH OR MORE: 3
MAX 90 OR ABOVE: 0 0.10 INCH OR MORE: 1
MIN 32 OR BELOW: 1 0.50 INCH OR MORE: 0
MIN 0 OR BELOW: 0 1.00 INCH OR MORE: 0
[HDD (BASE 65) ]
TOTAL THIS MO. 230 CLEAR (SCALE 0-3) 11
DPTR FM NORMAL -91 PTCLDY (SCALE 4-7) 16
TOTAL FM JUL 1 277 CLOUDY (SCALE 8-10) 3
DPTR FM NORMAL -108
[CDD (BASE 65) ]
TOTAL THIS MO. 32
DPTR FM NORMAL 26 [PRESSURE DATA]
TOTAL FM JAN 1 3537 HIGHEST SLP 30.42 ON 21
DPTR FM NORMAL 876 LOWEST SLP 29.60 ON 19
[REMARKS]
#FINAL-11-23#