000
CXUS55 KLKN 021230
CLSELY
CLIMATE REPORT
NATIONAL WEATHER SERVICE ELKO, NV
430 AM PST SAT MAR 02 2024
...................................
...THE ELY AIRPORT NV CLIMATE SUMMARY FOR THE SEASON, FROM
12/1/2023 TO 2/29/2024...
CLIMATE NORMAL PERIOD 1991 TO 2020
CLIMATE RECORD PERIOD 1893 TO 2024
WEATHER OBSERVED NORMAL DEPART LAST YEAR`S
VALUE DATE(S) VALUE FROM VALUE
NORMAL
..............................................................
TEMPERATURE (F)
RECORD
HIGH 68 01/25/1951
LOW -30 02/06/1989
HIGHEST 61 12/05 61 0 51
LOWEST -8 01/08 -16 8 -21
AVG. MAXIMUM 44.5 41.9 2.6 34.1
AVG. MINIMUM 17.7 13.4 4.3 8.4
MEAN 31.1 27.6 3.5 21.2
DAYS MAX >= 90 0 0.0 0.0 0
DAYS MAX <= 32 6 18.3 -12.3 37
DAYS MIN <= 32 88 87.8 0.2 90
DAYS MIN <= 0 3 14.1 -11.1 24
PRECIPITATION (INCHES)
RECORD
MAXIMUM 7.65 1895
MINIMUM 0.48 1977
TOTALS 2.60 2.26 0.34 6.96
DAILY AVG. 0.03 NAN NAN 0.07
DAYS >= .01 26 20.7 5.3 MM
DAYS >= .10 9 7.5 1.5 MM
DAYS >= .50 0 0.6 -0.6 MM
DAYS >= 1.00 0 0.0 0.0 MM
SNOWFALL (INCHES)
RECORDS
TOTAL 73.8 2023
TOTALS 26.9 29.2 -2.3 73.1
DAYS >= 1.0 11 8.1 2.9 MM
GREATEST
SNOW DEPTH 8 01/14 24
DEGREE DAYS
HEATING TOTAL 3062 3368 -306 3912
COOLING TOTAL 0 0 0 0
..............................................................
WIND (MPH)
AVERAGE WIND SPEED 8.8
HIGHEST WIND SPEED/DIRECTION 36/160 DATE 02/01
HIGHEST GUST SPEED/DIRECTION 50/160 DATE 02/01
AVERAGE RH (PERCENT) 64
WEATHER CONDITIONS. NUMBER OF DAYS WITH
THUNDERSTORM 0 MIXED PRECIP 0
HEAVY RAIN 0 RAIN 0
LIGHT RAIN 10 FREEZING RAIN 0
LT FREEZING RAIN 0 HAIL 0
HEAVY SNOW 3 SNOW 5
LIGHT SNOW 32 SLEET 0
FOG 31 FOG W/VIS <= 1/4 MILE 4
HAZE 4
- INDICATES NEGATIVE NUMBERS.
R INDICATES RECORD WAS SET OR TIED.
MM INDICATES DATA IS MISSING.
T INDICATES TRACE AMOUNT.
=====================================================================
...WARMER THAN NORMAL METEOROLOGICAL WINTER IN ELY...
...WETTER THAN NORMAL METEOROLOGICAL WINTER IN ELY...
...LESS SNOWIER THAN NORMAL METEOROLOGICAL WINTER IN ELY...
...6TH WARMEST DECEMBER ON RECORD FOR ELY...
...10TH (TIED) LEAST SNOWIEST DECEMBER ON RECORD FOR ELY...
$$