000
CXUS53 KTOP 230810
CF6EMP
PRELIMINARY LOCAL CLIMATOLOGICAL DATA (WS FORM: F-6)
STATION: EMPORIA KS
MONTH: APRIL
YEAR: 2024
LATITUDE: 38 19 N
LONGITUDE: 96 12 W
TEMPERATURE IN F: :PCPN: SNOW: WIND :SUNSHINE: SKY :PK WND
================================================================================
1 2 3 4 5 6A 6B 7 8 9 10 11 12 13 14 15 16 17 18
12Z AVG MX 2MIN
DY MAX MIN AVG DEP HDD CDD WTR SNW DPTH SPD SPD DIR MIN PSBL S-S WX SPD DR
================================================================================
1 79 49 64 13 1 0 T M M 13.4 26 190 M M 7 138 33 170
2 61 39 50 -2 15 0 0.05 M M 17.6 26 330 M M 6 1 38 330
3 59 39 49 -3 16 0 0.00 M M 16.8 30 320 M M 0 43 320
4 65 32 49 -3 16 0 0.00 M M 8.1 20 310 M M 2 8 28 330
5 70 31 51 -1 14 0 0.00 M M 10.1 20 110 M M 0 18 28 110
6 77 46 62 9 3 0 0.00 M M 20.8 39 160 M M 3 60 120
7 73 44 59 6 6 0 0.00 M M 14.6 33 260 M M 4 8 49 230
8 71 40 56 3 9 0 0.00 M M 5.3 13 320 M M 0 17 320
9 71 41 56 2 9 0 0.00 M M 7.0 14 20 M M 1 8 19 10
10 67 45 56 2 9 0 0.00 M M 6.5 15 50 M M 0 8 20 40
11 66 43 55 1 10 0 0.00 M M 17.0 31 320 M M 0 49 340
12 74 37 56 2 9 0 0.00 M M 6.8 15 160 M M 2 8 19 150
13 90 50 70 15 0 5 0.00 M M 19.1 32 200 M M 0 44 200
14 91 56 74 19 0 9 0.00 M M 9.2 23 180 M M 0 32 180
15 83 59 71 16 0 6 0.00 M M 16.4 30 170 M M 5 1 43 170
16 83 60 72 16 0 7 0.16 M M 23.8 41 220 M M 4 13 59 190
17 81 54 68 12 0 3 0.00 M M 10.8 23 170 M M 1 32 160
18 71 44 58 2 7 0 0.04 M M 15.5 30 20 M M 6 18 42 20
19 64 39 52 -4 13 0 0.00 M M 8.3 17 30 M M 5 24 40
20 56 43 50 -7 15 0 T M M 10.3 18 20 M M 8 25 30
21 63 37 50 -7 15 0 0.00 M M 7.3 16 340 M M 2 25 330
22 74 38 56 -1 9 0 0.00 M M 18.1 33 200 M M 0 46 190
================================================================================
SM 1589 966 176 30 0.25 M 282.8 M 56
================================================================================
AV 72.2 43.9 12.9 FASTST M M 3 MAX(MPH)
MISC ----> 41 220 60 120
================================================================================
NOTES:
# LAST OF SEVERAL OCCURRENCES
COLUMN 17 PEAK WIND IN M.P.H.
PRELIMINARY LOCAL CLIMATOLOGICAL DATA (WS FORM: F-6) , PAGE 2
STATION: EMPORIA KS
MONTH: APRIL
YEAR: 2024
LATITUDE: 38 19 N
LONGITUDE: 96 12 W
[TEMPERATURE DATA] [PRECIPITATION DATA] SYMBOLS USED IN COLUMN 16
AVERAGE MONTHLY: 58.1 TOTAL FOR MONTH: 0.25 1 = FOG OR MIST
DPTR FM NORMAL: 3.8 DPTR FM NORMAL: -2.26 2 = FOG REDUCING VISIBILITY
HIGHEST: 91 ON 14 GRTST 24HR 0.16 ON 16-16 TO 1/4 MILE OR LESS
LOWEST: 31 ON 5 3 = THUNDER
SNOW, ICE PELLETS, HAIL 4 = ICE PELLETS
TOTAL MONTH: M 5 = HAIL
GRTST 24HR M ON M 6 = FREEZING RAIN OR DRIZZLE
GRTST DEPTH: M ON M 7 = DUSTSTORM OR SANDSTORM:
VSBY 1/2 MILE OR LESS
8 = SMOKE OR HAZE
[NO. OF DAYS WITH] [WEATHER - DAYS WITH] 9 = BLOWING SNOW
X = TORNADO
MAX 32 OR BELOW: 0 0.01 INCH OR MORE: 3
MAX 90 OR ABOVE: 2 0.10 INCH OR MORE: 1
MIN 32 OR BELOW: 2 0.50 INCH OR MORE: 0
MIN 0 OR BELOW: 0 1.00 INCH OR MORE: 0
[HDD (BASE 65) ]
TOTAL THIS MO. 176 CLEAR (SCALE 0-3) 13
DPTR FM NORMAL -73 PTCLDY (SCALE 4-7) 8
TOTAL FM JUL 1 3879 CLOUDY (SCALE 8-10) 1
DPTR FM NORMAL -751
[CDD (BASE 65) ]
TOTAL THIS MO. 30
DPTR FM NORMAL 15 [PRESSURE DATA]
TOTAL FM JAN 1 37 HIGHEST SLP M ON M
DPTR FM NORMAL 18 LOWEST SLP 29.42 ON 16
[REMARKS]