000
CXUS53 KTOP 010800
CF6EMP
PRELIMINARY LOCAL CLIMATOLOGICAL DATA (WS FORM: F-6)
STATION: Emporia KS
MONTH: SEPTEMBER
YEAR: 2020
LATITUDE: 38 19 N
LONGITUDE: 96 12 W
TEMPERATURE IN F: :PCPN: SNOW: WIND :SUNSHINE: SKY :PK WND
================================================================================
1 2 3 4 5 6A 6B 7 8 9 10 11 12 13 14 15 16 17 18
12Z AVG MX 2MIN
DY MAX MIN AVG DEP HDD CDD WTR SNW DPTH SPD SPD DIR MIN PSBL S-S WX SPD DR
================================================================================
1 85 68 77 3 0 12 0.60 M M 6.1 15 200 M M 6 13 19 210
2 86 65 76 2 0 11 0.00 M M 4.0 12 50 M M 2 12 16 50
3 90 64 77 3 0 12 0.00 M M 8.8 17 30 M M 2 12 24 10
4 88 55 72 -1 0 7 0.00 M M 5.4 12 160 M M 2 15 120
5 93 69 81 8 0 16 0.00 M M 8.6 17 190 M M 1 1 23 170
6 95 71 83 10 0 18 0.00 M M 18.6 31 200 M M 0 43 200
7 96 70 83 11 0 18 0.00 M M 13.2 26 200 M M 0 37 200
8 76 49 63 -9 2 0 0.33 M M 15.3 25 30 M M 9 13 39 20
9 53 48 51 -21 14 0 0.32 M M 11.8 18 40 M M 10 1 25 30
10 61 50 56 -15 9 0 0.47 M M 7.7 15 10 M M 10 1 21 350
11 66 54 60 -11 5 0 0.01 M M 3.3 9 350 M M 10 1 14 350
12 83 53 68 -2 0 3 0.00 M M 6.2 18 220 M M 5 12 25 180
13 82 54 68 -2 0 3 0.00 M M 4.1 13 30 M M 0 1 17 20
14 78 52 65 -5 0 0 0.00 M M 5.0 15 90 M M 2 12 19 80
15 82 55 69 0 0 4 0.00 M M 3.3 9 120 M M 1 12 14 120
16 86 58 72 3 0 7 0.00 M M 3.9 10 30 M M 1 1 15 10
17 77 56 67 -1 0 2 0.00 M M 7.0 13 30 M M 0 18 40
18 76 49 63 -5 2 0 0.00 M M 4.9 13 70 M M 1 1 20 80
19 76 51 64 -4 1 0 0.00 M M 7.8 16 140 M M 0 21 150
20 77 51 64 -3 1 0 0.00 M M 8.8 18 170 M M 0 23 160
21 80 51 66 -1 0 1 0.00 M M 7.2 15 170 M M 0 21 180
22 74 53 64 -2 1 0 0.00 M M 5.9 14 160 M M 6 12 18 150
23 79 58 69 3 0 4 0.00 M M 5.8 14 150 M M 5 1 17 150
24 83 56 70 5 0 5 0.00 M M 10.0 20 190 M M 0 25 200
25 88 62 75 10 0 10 0.00 M M 15.1 23 180 M M 0 33 180
26 90 63 77 12 0 12 0.00 M M 15.5 26 190 M M 0 36 180
27 70 52 61 -3 4 0 0.01 M M 10.0 21 10 0 0 0 37 350
28 71 47 59 -5 6 0 0.00 M M 9.6 23 310 M M 2 33 320
29 77 41 59 -4 6 0 0.00 M M 8.1 21 290 M M 0 30 340
30 80 50 65 2 0 0 0.00 M M 10.4 22 340 M M 0 31 340
================================================================================
SM 2398 1675 51 145 1.74 M 251.4 0 75
================================================================================
AV 79.9 55.8 8.4 FASTST 0 0 3 MAX(MPH)
MISC ----> # 31 200 # 43 200
================================================================================
NOTES:
# LAST OF SEVERAL OCCURRENCES
COLUMN 17 PEAK WIND IN M.P.H.
PRELIMINARY LOCAL CLIMATOLOGICAL DATA (WS FORM: F-6) , PAGE 2
STATION: Emporia KS
MONTH: SEPTEMBER
YEAR: 2020
LATITUDE: 38 19 N
LONGITUDE: 96 12 W
[TEMPERATURE DATA] [PRECIPITATION DATA] SYMBOLS USED IN COLUMN 16
AVERAGE MONTHLY: 67.9 TOTAL FOR MONTH: 1.74 1 = FOG OR MIST
DPTR FM NORMAL: -0.9 DPTR FM NORMAL: -1.65 2 = FOG REDUCING VISIBILITY
HIGHEST: 96 ON 7 GRTST 24HR 0.60 ON 1- 1 TO 1/4 MILE OR LESS
LOWEST: 41 ON 29 3 = THUNDER
SNOW, ICE PELLETS, HAIL 4 = ICE PELLETS
TOTAL MONTH: M 5 = HAIL
GRTST 24HR M ON M 6 = FREEZING RAIN OR DRIZZLE
GRTST DEPTH: M ON M 7 = DUSTSTORM OR SANDSTORM:
VSBY 1/2 MILE OR LESS
8 = SMOKE OR HAZE
[NO. OF DAYS WITH] [WEATHER - DAYS WITH] 9 = BLOWING SNOW
X = TORNADO
MAX 32 OR BELOW: 0 0.01 INCH OR MORE: 6
MAX 90 OR ABOVE: 5 0.10 INCH OR MORE: 4
MIN 32 OR BELOW: 0 0.50 INCH OR MORE: 1
MIN 0 OR BELOW: 0 1.00 INCH OR MORE: 0
[HDD (BASE 65) ]
TOTAL THIS MO. 51 CLEAR (SCALE 0-3) 22
DPTR FM NORMAL 2 PTCLDY (SCALE 4-7) 4
TOTAL FM JUL 1 51 CLOUDY (SCALE 8-10) 4
DPTR FM NORMAL 1
[CDD (BASE 65) ]
TOTAL THIS MO. 145
DPTR FM NORMAL -20 [PRESSURE DATA]
TOTAL FM JAN 1 1480 HIGHEST SLP 0.00 ON 27
DPTR FM NORMAL 107 LOWEST SLP 0.00 ON 27
[REMARKS]
#FINAL-09-20#