000
CXUS53 KMKX 010910
CF6ENW
PRELIMINARY LOCAL CLIMATOLOGICAL DATA (WS FORM: F-6)
STATION: KENOSHA WI
MONTH: JANUARY
YEAR: 2023
LATITUDE: 42 35 N
LONGITUDE: 87 56 W
TEMPERATURE IN F: :PCPN: SNOW: WIND :SUNSHINE: SKY :PK WND
================================================================================
1 2 3 4 5 6A 6B 7 8 9 10 11 12 13 14 15 16 17 18
12Z AVG MX 2MIN
DY MAX MIN AVG DEP HDD CDD WTR SNW DPTH SPD SPD DIR MIN PSBL S-S WX SPD DR
================================================================================
1 42 35 39 13 26 0 0.17 M M 6.9 15 240 M M 7 18 18 250
2 42 30 36 10 29 0 0.00 M M 5.6 16 60 M M 5 18 20 60
3 43 39 41 16 24 0 0.26 M M 10.2 20 50 M M 10 12 26 50
4 42 34 38 13 27 0 T M M 7.9 16 240 M M 9 128 23 240
5 35 32 34 9 31 0 0.02 M M 7.8 12 270 M M 10 18 16 250
6 35 28 32 7 33 0 0.00 M M 6.8 13 260 M M 10 18 16 300
7 33 23 28 3 37 0 0.00 M M 4.1 10 330 M M 8 18 14 340
8 32 23 28 4 37 0 0.00 M M 8.1 16 260 M M 10 18 21 250
9 45 24 35 11 30 0 0.00 M M 9.1 17 250 M M 1 18 22 250
10 48 33 41 17 24 0 0.00 M M 5.5 12 110 M M 2 18 15 100
11 49 35 42 18 23 0 0.01 M M 5.1 10 110 M M 7 18 13 100
12 41 35 38 14 27 0 T M M 10.8 18 360 M M 10 18 28 20
13 35 27 31 7 34 0 T M M 11.2 21 20 M M 10 29 10
14 33 25 29 5 36 0 0.00 M M 6.5 13 220 M M 5 17 220
15 45 26 36 12 29 0 0.00 M M 12.6 24 150 M M 0 8 35 150
16 51 38 45 22 20 0 0.15 M M 10.4 17 150 M M 9 1 23 150
17 49 38 44 21 21 0 0.01 M M 15.7 24 250 M M 10 18 32 240
18 41 35 38 15 27 0 0.10 M M 11.7 30 80 M M 9 18 40 100
19 42 35 39 16 26 0 0.17 M M 9.7 23 110 M M 10 128 30 100
20 35 29 32 9 33 0 T M M 11.1 20 300 M M 10 27 270
21 32 29 31 8 34 0 0.00 M M 7.8 15 240 M M 10 18 19 250
22 31 21 26 3 39 0 0.07 M M 6.1 12 290 M M 10 18 15 300
23 31 19 25 2 40 0 0.00 M M 13.8 28 250 M M 7 1 39 250
24 35 27 31 8 34 0 0.00 M M 8.1 20 280 M M 9 24 270
25 35 31 33 10 32 0 0.20 M M 8.2 14 360 M M 10 18 20 360
26 34 15 25 2 40 0 0.06 M M 9.7 18 260 M M 10 18 24 260
27 36 11 24 1 41 0 0.02 M M 15.1 30 260 M M 5 128 44 250
28 28 15 22 -1 43 0 T M M 6.9 16 260 M M 7 12 21 280
29 24 16 20 -3 45 0 T M M 10.4 17 350 M M 10 1 24 340
30 16 -5 6 -17 59 0 0.00 M M 9.7 17 300 M M 6 8 23 290
31 10 -10 0 -24 65 0 0.00 0.0 M 8.7 16 260 M M 0 21 260
================================================================================
SM 1130 793 1046 0 1.24 0.0 281.3 M 236
================================================================================
AV 36.5 25.6 9.1 FASTST M M 8 MAX(MPH)
MISC ----> # 30 80 44 250
================================================================================
NOTES:
# LAST OF SEVERAL OCCURRENCES
COLUMN 17 PEAK WIND IN M.P.H.
PRELIMINARY LOCAL CLIMATOLOGICAL DATA (WS FORM: F-6) , PAGE 2
STATION: KENOSHA WI
MONTH: JANUARY
YEAR: 2023
LATITUDE: 42 35 N
LONGITUDE: 87 56 W
[TEMPERATURE DATA] [PRECIPITATION DATA] SYMBOLS USED IN COLUMN 16
AVERAGE MONTHLY: 31.0 TOTAL FOR MONTH: 1.24 1 = FOG OR MIST
DPTR FM NORMAL: 7.2 DPTR FM NORMAL: 0.05 2 = FOG REDUCING VISIBILITY
HIGHEST: 51 ON 16 GRTST 24HR 0.50 ON 2- 3 TO 1/4 MILE OR LESS
LOWEST: -10 ON 31 3 = THUNDER
SNOW, ICE PELLETS, HAIL 4 = ICE PELLETS
TOTAL MONTH: 0.0 INCH 5 = HAIL
GRTST 24HR 0.0 6 = FREEZING RAIN OR DRIZZLE
GRTST DEPTH: M ON M 7 = DUSTSTORM OR SANDSTORM:
VSBY 1/2 MILE OR LESS
8 = SMOKE OR HAZE
[NO. OF DAYS WITH] [WEATHER - DAYS WITH] 9 = BLOWING SNOW
X = TORNADO
MAX 32 OR BELOW: 8 0.01 INCH OR MORE: 12
MAX 90 OR ABOVE: 0 0.10 INCH OR MORE: 6
MIN 32 OR BELOW: 21 0.50 INCH OR MORE: 0
MIN 0 OR BELOW: 2 1.00 INCH OR MORE: 0
[HDD (BASE 65) ]
TOTAL THIS MO. 1046 CLEAR (SCALE 0-3) 4
DPTR FM NORMAL -230 PTCLDY (SCALE 4-7) 9
TOTAL FM JUL 1 3362 CLOUDY (SCALE 8-10) 18
DPTR FM NORMAL -290
[CDD (BASE 65) ]
TOTAL THIS MO. 0
DPTR FM NORMAL 0 [PRESSURE DATA]
TOTAL FM JAN 1 0 HIGHEST SLP 30.49 ON 31
DPTR FM NORMAL 0 LOWEST SLP 29.42 ON 17
[REMARKS]
#FINAL-01-23#